74.7.227.0 - - [19/Jan/2026:00:55:09 +0100] "GET /?path=//kunden/kunden/kunden/kunden/kunden/kunden/kunden/proc/thread-self/root/kunden/kunden/kunden/proc/thread-self/root/kunden/kunden/proc/thread-self/root/etc/bash_completion.d HTTP/1.1" 200 17279 luxembourgauction.com "http://luxembourgauction.com/?path=//kunden/kunden/kunden/kunden/kunden/kunden/kunden/proc/thread-self/root/kunden/kunden/kunden/proc/thread-self/root/kunden/kunden/proc/thread-self/root/etc" "Mozilla/5.0 AppleWebKit/537.36 (KHTML, like Gecko; compatible; GPTBot/1.3; +https://openai.com/gptbot)" "-"
3.212.205.0 - - [19/Jan/2026:00:55:09 +0100] "GET /product/palette-on-perfection-primer-art-auction-event/?fileloc=//bin/run-parts&path=//bin HTTP/1.1" 200 44885 luxembourgauction.com "-" "Mozilla/5.0 AppleWebKit/537.36 (KHTML, like Gecko; compatible; Amazonbot/0.1; +https://developer.amazon.com/support/amazonbot) Chrome/119.0.6045.214 Safari/537.36" "-"
216.73.216.0 - - [19/Jan/2026:00:55:11 +0100] "GET /detail/metalline/1762609096?fileloc=%2Fhomepages%2F38%2Fd934194269%2Fhtdocs%2Fclickandbuilds%2Fluxembourgauction%2Fwp-includes%2Fscript-modules.php&path=%2Fhomepages%2F38%2Fd934194269%2Fhtdocs%2Fclickandbuilds%2Fluxembourgauction%2Fwp-includes HTTP/1.1" 200 20762 luxembourgauction.com "-" "Mozilla/5.0 AppleWebKit/537.36 (KHTML, like Gecko; compatible; ClaudeBot/1.0; +claudebot@anthropic.com)" "-"
2a03:2880:f800:: - - [19/Jan/2026:00:55:11 +0100] "GET /detail/persuade/1879000235?fileloc=/homepages/38/d934194269/htdocs/clickandbuilds/luxembourgauction/txets.php&path=/homepages/38/d934194269/htdocs/clickandbuilds/luxembourgauction HTTP/1.1" 200 18203 luxembourgauction.com "-" "meta-externalagent/1.1 (+https://developers.facebook.com/docs/sharing/webmasters/crawler)" "-"
2a03:2880:f800:: - - [19/Jan/2026:00:55:11 +0100] "GET /detail/overhastily/2723645616?fileloc=/homepages/38/d934194269/htdocs/clickandbuilds/luxembourgauction/wp-load.php&path=/homepages/38/d934194269/htdocs/clickandbuilds/luxembourgauction HTTP/1.1" 200 17313 luxembourgauction.com "-" "meta-externalagent/1.1 (+https://developers.facebook.com/docs/sharing/webmasters/crawler)" "-"
3.210.114.0 - - [19/Jan/2026:00:55:11 +0100] "GET /n?fileloc=//bin/find&path=//bin HTTP/1.1" 200 496804 luxembourgauction.com "-" "Mozilla/5.0 AppleWebKit/537.36 (KHTML, like Gecko; compatible; Amazonbot/0.1; +https://developer.amazon.com/support/amazonbot) Chrome/119.0.6045.214 Safari/537.36" "-"
74.7.227.0 - - [19/Jan/2026:00:55:12 +0100] "GET /?path=//kunden/kunden/kunden/kunden/kunden/kunden/kunden/proc/thread-self/root/kunden/kunden/kunden/proc/thread-self/root/kunden/kunden/proc/thread-self/root/etc/ghostscript/fontmap.d HTTP/1.1" 200 17507 luxembourgauction.com "http://luxembourgauction.com/?path=//kunden/kunden/kunden/kunden/kunden/kunden/kunden/proc/thread-self/root/kunden/kunden/kunden/proc/thread-self/root/kunden/kunden/proc/thread-self/root/etc/ghostscript" "Mozilla/5.0 AppleWebKit/537.36 (KHTML, like Gecko; compatible; GPTBot/1.3; +https://openai.com/gptbot)" "-"
34.195.60.0 - - [19/Jan/2026:00:55:13 +0100] "GET /n?fileloc=//bin/false&path=//bin HTTP/1.1" 200 65181 luxembourgauction.com "-" "Mozilla/5.0 AppleWebKit/537.36 (KHTML, like Gecko; compatible; Amazonbot/0.1; +https://developer.amazon.com/support/amazonbot) Chrome/119.0.6045.214 Safari/537.36" "-"
216.73.216.0 - - [19/Jan/2026:00:55:14 +0100] "GET /detail/fumeless/1427302013?path=%2Fhomepages%2F38%2Fd934194269%2Fhtdocs%2Fclickandbuilds%2Fluxembourgauction%2F.tmb HTTP/1.1" 200 16579 luxembourgauction.com "-" "Mozilla/5.0 AppleWebKit/537.36 (KHTML, like Gecko; compatible; ClaudeBot/1.0; +claudebot@anthropic.com)" "-"
2a03:2880:f800:: - - [19/Jan/2026:00:55:14 +0100] "GET /detail/consanguined/3570476208?fileloc=/homepages/38/d934194269/htdocs/clickandbuilds/luxembourgauction/wp-load.php&path=/homepages/38/d934194269/htdocs/clickandbuilds/luxembourgauction HTTP/1.1" 200 17313 luxembourgauction.com "-" "meta-externalagent/1.1 (+https://developers.facebook.com/docs/sharing/webmasters/crawler)" "-"
74.7.227.0 - - [19/Jan/2026:00:55:15 +0100] "GET /?path=//kunden/kunden/kunden/kunden/kunden/kunden/kunden/proc/thread-self/root/kunden/kunden/kunden/proc/thread-self/root/kunden/kunden/proc/thread-self/root/etc/ghostscript/cidfmap.d HTTP/1.1" 200 26163 luxembourgauction.com "http://luxembourgauction.com/?path=//kunden/kunden/kunden/kunden/kunden/kunden/kunden/proc/thread-self/root/kunden/kunden/kunden/proc/thread-self/root/kunden/kunden/proc/thread-self/root/etc/ghostscript" "Mozilla/5.0 AppleWebKit/537.36 (KHTML, like Gecko; compatible; GPTBot/1.3; +https://openai.com/gptbot)" "-"
216.73.216.0 - - [19/Jan/2026:00:55:17 +0100] "GET /detail/echites/21038690?fileloc=%2Fhomepages%2F38%2Fd934194269%2Fhtdocs%2Fclickandbuilds%2Fluxembourgauction%2Fwp-includes%2Fpluggable.php&path=%2Fhomepages%2F38%2Fd934194269%2Fhtdocs%2Fclickandbuilds%2Fluxembourgauction%2Fwp-includes HTTP/1.1" 200 146606 luxembourgauction.com "-" "Mozilla/5.0 AppleWebKit/537.36 (KHTML, like Gecko; compatible; ClaudeBot/1.0; +claudebot@anthropic.com)" "-"
2a03:2880:f800:: - - [19/Jan/2026:00:55:18 +0100] "GET /detail/siphonage/4230309860?fileloc=/homepages/38/d934194269/htdocs/clickandbuilds/luxembourgauction/wp-blog-header.php&path=/homepages/38/d934194269/htdocs/clickandbuilds/luxembourgauction HTTP/1.1" 200 13183 luxembourgauction.com "-" "meta-externalagent/1.1 (+https://developers.facebook.com/docs/sharing/webmasters/crawler)" "-"
74.7.227.0 - - [19/Jan/2026:00:55:18 +0100] "GET /?path=//kunden/kunden/kunden/kunden/kunden/kunden/kunden/proc/thread-self/root/kunden/kunden/kunden/proc/thread-self/root/kunden/kunden/proc/thread-self/root/etc/update-motd.d HTTP/1.1" 200 17247 luxembourgauction.com "http://luxembourgauction.com/?path=//kunden/kunden/kunden/kunden/kunden/kunden/kunden/proc/thread-self/root/kunden/kunden/kunden/proc/thread-self/root/kunden/kunden/proc/thread-self/root/etc" "Mozilla/5.0 AppleWebKit/537.36 (KHTML, like Gecko; compatible; GPTBot/1.3; +https://openai.com/gptbot)" "-"
216.73.216.0 - - [19/Jan/2026:00:55:20 +0100] "GET /detail/pervious/2568506552?fileloc=%2Fhomepages%2F38%2Fd934194269%2Fhtdocs%2Fclickandbuilds%2Fluxembourgauction%2Fwp-includes%2Fclass-wp-walker.php&path=%2Fhomepages%2F38%2Fd934194269%2Fhtdocs%2Fclickandbuilds%2Fluxembourgauction%2Fwp-includes HTTP/1.1" 200 26402 luxembourgauction.com "-" "Mozilla/5.0 AppleWebKit/537.36 (KHTML, like Gecko; compatible; ClaudeBot/1.0; +claudebot@anthropic.com)" "-"
2a03:2880:f800:: - - [19/Jan/2026:00:55:20 +0100] "GET /detail/subterrane/3935616025?fileloc=/homepages/38/d934194269/htdocs/clickandbuilds/luxembourgauction/wp-mail.php&path=/homepages/38/d934194269/htdocs/clickandbuilds/luxembourgauction HTTP/1.1" 200 22496 luxembourgauction.com "-" "meta-externalagent/1.1 (+https://developers.facebook.com/docs/sharing/webmasters/crawler)" "-"
44.215.61.0 - - [19/Jan/2026:00:55:20 +0100] "GET /product/palette-on-perfection-primer-art-auction-event/?fileloc=//bin/exifautotran&path=//bin HTTP/1.1" 200 13598 luxembourgauction.com "-" "Mozilla/5.0 AppleWebKit/537.36 (KHTML, like Gecko; compatible; Amazonbot/0.1; +https://developer.amazon.com/support/amazonbot) Chrome/119.0.6045.214 Safari/537.36" "-"
74.7.227.0 - - [19/Jan/2026:00:55:21 +0100] "GET /?path=//kunden/kunden/kunden/kunden/kunden/kunden/kunden/proc/thread-self/root/kunden/kunden/kunden/proc/thread-self/root/kunden/kunden/proc HTTP/1.1" 200 137562 luxembourgauction.com "http://luxembourgauction.com/?path=//kunden/kunden/kunden/kunden/kunden/kunden/kunden/proc/thread-self/root/kunden/kunden/kunden/proc/thread-self/root/kunden/kunden/proc/thread-self/root/usr" "Mozilla/5.0 AppleWebKit/537.36 (KHTML, like Gecko; compatible; GPTBot/1.3; +https://openai.com/gptbot)" "-"
54.197.114.0 - - [19/Jan/2026:00:55:21 +0100] "GET /product/palette-on-perfection-primer-art-auction-event/?fileloc=//bin/rsync-ssl&path=//bin HTTP/1.1" 200 17904 luxembourgauction.com "-" "Mozilla/5.0 AppleWebKit/537.36 (KHTML, like Gecko; compatible; Amazonbot/0.1; +https://developer.amazon.com/support/amazonbot) Chrome/119.0.6045.214 Safari/537.36" "-"
2a03:2880:f800:: - - [19/Jan/2026:00:55:23 +0100] "GET /detail/megalocyte/2032347987?path=/homepages/38/d934194269/htdocs/clickandbuilds HTTP/1.1" 200 14316 luxembourgauction.com "-" "meta-externalagent/1.1 (+https://developers.facebook.com/docs/sharing/webmasters/crawler)" "-"
74.7.227.0 - - [19/Jan/2026:00:55:25 +0100] "GET /?path=//kunden/kunden/kunden/kunden/kunden/kunden/kunden/proc/thread-self/root/kunden/kunden/kunden/proc/thread-self/root/kunden/kunden HTTP/1.1" 200 55967 luxembourgauction.com "http://luxembourgauction.com/?path=//kunden/kunden/kunden/kunden/kunden/kunden/kunden/proc/thread-self/root/kunden/kunden/kunden/proc/thread-self/root/kunden/kunden/proc/thread-self/root/usr" "Mozilla/5.0 AppleWebKit/537.36 (KHTML, like Gecko; compatible; GPTBot/1.3; +https://openai.com/gptbot)" "-"
216.73.216.0 - - [19/Jan/2026:00:55:25 +0100] "GET /detail/basecourt/1075364474?path=%2Fhomepages%2F38%2Fd934194269 HTTP/1.1" 200 31422 luxembourgauction.com "-" "Mozilla/5.0 AppleWebKit/537.36 (KHTML, like Gecko; compatible; ClaudeBot/1.0; +claudebot@anthropic.com)" "-"
44.208.223.0 - - [19/Jan/2026:00:55:25 +0100] "GET /product/palette-on-perfection-primer-art-auction-event/?fileloc=//bin/uname&path=//bin HTTP/1.1" 200 66076 luxembourgauction.com "-" "Mozilla/5.0 AppleWebKit/537.36 (KHTML, like Gecko; compatible; Amazonbot/0.1; +https://developer.amazon.com/support/amazonbot) Chrome/119.0.6045.214 Safari/537.36" "-"
2a03:2880:f800:: - - [19/Jan/2026:00:55:26 +0100] "GET /detail/marxismleninism/3390196269?fileloc=/homepages/38/d934194269/htdocs/clickandbuilds/luxembourgauction/wp-activate.php&path=/homepages/38/d934194269/htdocs/clickandbuilds/luxembourgauction HTTP/1.1" 200 21627 luxembourgauction.com "-" "meta-externalagent/1.1 (+https://developers.facebook.com/docs/sharing/webmasters/crawler)" "-"
216.73.216.0 - - [19/Jan/2026:00:55:27 +0100] "GET /detail/monopolized/447518735?fileloc=%2Fhomepages%2F38%2Fd934194269%2Fhtdocs%2Fclickandbuilds%2Fluxembourgauction%2Fwp-admin%2Fadmin-functions.php&path=%2Fhomepages%2F38%2Fd934194269%2Fhtdocs%2Fclickandbuilds%2Fluxembourgauction%2Fwp-admin HTTP/1.1" 200 13266 luxembourgauction.com "-" "Mozilla/5.0 AppleWebKit/537.36 (KHTML, like Gecko; compatible; ClaudeBot/1.0; +claudebot@anthropic.com)" "-"
74.7.227.0 - - [19/Jan/2026:00:55:28 +0100] "GET /?fileloc=//kunden/kunden/kunden/kunden/kunden/kunden/kunden/proc/thread-self/root/kunden/kunden/kunden/proc/thread-self/root/kunden/kunden/proc/thread-self/root/etc/issue.net&path=//kunden/kunden/kunden/kunden/kunden/kunden/kunden/proc/thread-self/root/kunden/kunden/kunden/proc/thread-self/root/kunden/kunden/proc/thread-self/root/etc HTTP/1.1" 200 14761 luxembourgauction.com "http://luxembourgauction.com/?path=//kunden/kunden/kunden/kunden/kunden/kunden/kunden/proc/thread-self/root/kunden/kunden/kunden/proc/thread-self/root/kunden/kunden/proc/thread-self/root/etc" "Mozilla/5.0 AppleWebKit/537.36 (KHTML, like Gecko; compatible; GPTBot/1.3; +https://openai.com/gptbot)" "-"
2a03:2880:f800:: - - [19/Jan/2026:00:55:29 +0100] "GET /detail/subcrystalline/460157510?fileloc=/homepages/38/d934194269/htdocs/clickandbuilds/luxembourgauction/wp-config.php&path=/homepages/38/d934194269/htdocs/clickandbuilds/luxembourgauction HTTP/1.1" 503 299 luxembourgauction.com "-" "meta-externalagent/1.1 (+https://developers.facebook.com/docs/sharing/webmasters/crawler)" "-"
18.213.240.0 - - [19/Jan/2026:00:55:29 +0100] "GET /product/palette-on-perfection-primer-art-auction-event/?fileloc=//bin/dash&path=//bin HTTP/1.1" 200 201742 luxembourgauction.com "-" "Mozilla/5.0 AppleWebKit/537.36 (KHTML, like Gecko; compatible; Amazonbot/0.1; +https://developer.amazon.com/support/amazonbot) Chrome/119.0.6045.214 Safari/537.36" "-"
216.73.216.0 - - [19/Jan/2026:00:55:30 +0100] "GET /detail/unifacial/3843237339?path=%2Fhomepages%2F38%2Fd938837775 HTTP/1.1" 200 31422 luxembourgauction.com "-" "Mozilla/5.0 AppleWebKit/537.36 (KHTML, like Gecko; compatible; ClaudeBot/1.0; +claudebot@anthropic.com)" "-"
74.7.227.0 - - [19/Jan/2026:00:55:31 +0100] "GET /?path=//kunden/kunden/kunden/kunden/kunden/kunden/kunden/proc/thread-self/root/kunden/kunden/kunden/proc/thread-self/root/kunden/kunden/proc/thread-self/root/usr/games HTTP/1.1" 200 15193 luxembourgauction.com "http://luxembourgauction.com/?path=//kunden/kunden/kunden/kunden/kunden/kunden/kunden/proc/thread-self/root/kunden/kunden/kunden/proc/thread-self/root/kunden/kunden/proc/thread-self/root/usr" "Mozilla/5.0 AppleWebKit/537.36 (KHTML, like Gecko; compatible; GPTBot/1.3; +https://openai.com/gptbot)" "-"
2a03:2880:f800:: - - [19/Jan/2026:00:55:33 +0100] "GET /detail/spayad/3392646096?fileloc=/homepages/38/d934194269/htdocs/clickandbuilds/luxembourgauction/wp-login.php&path=/homepages/38/d934194269/htdocs/clickandbuilds/luxembourgauction HTTP/1.1" 200 75113 luxembourgauction.com "-" "meta-externalagent/1.1 (+https://developers.facebook.com/docs/sharing/webmasters/crawler)" "-"
2a03:2880:f800:: - - [19/Jan/2026:00:55:33 +0100] "GET /detail/avoid/2216227354?fileloc=/homepages/38/d934194269/htdocs/clickandbuilds/luxembourgauction/wp-comments-post.php&path=/homepages/38/d934194269/htdocs/clickandbuilds/luxembourgauction HTTP/1.1" 200 15277 luxembourgauction.com "-" "meta-externalagent/1.1 (+https://developers.facebook.com/docs/sharing/webmasters/crawler)" "-"
54.235.125.0 - - [19/Jan/2026:00:55:33 +0100] "GET /product/palette-on-perfection-primer-art-auction-event/?path=//proc/ide HTTP/1.1" 200 14035 luxembourgauction.com "-" "Mozilla/5.0 AppleWebKit/537.36 (KHTML, like Gecko; compatible; Amazonbot/0.1; +https://developer.amazon.com/support/amazonbot) Chrome/119.0.6045.214 Safari/537.36" "-"
216.73.216.0 - - [19/Jan/2026:00:55:33 +0100] "GET /detail/guereza/2406317777?fileloc=%2Fhomepages%2F38%2Fd934194269%2Fhtdocs%2Freadme.html&path=%2Fhomepages%2F38%2Fd934194269%2Fhtdocs HTTP/1.1" 200 21688 luxembourgauction.com "-" "Mozilla/5.0 AppleWebKit/537.36 (KHTML, like Gecko; compatible; ClaudeBot/1.0; +claudebot@anthropic.com)" "-"
74.7.227.0 - - [19/Jan/2026:00:55:34 +0100] "GET /?path=//kunden/kunden/kunden/kunden/kunden/kunden/kunden/proc/thread-self/root/kunden/kunden/kunden/proc/thread-self/root/kunden/kunden/proc/thread-self/root/etc/selinux HTTP/1.1" 200 17231 luxembourgauction.com "http://luxembourgauction.com/?path=//kunden/kunden/kunden/kunden/kunden/kunden/kunden/proc/thread-self/root/kunden/kunden/kunden/proc/thread-self/root/kunden/kunden/proc/thread-self/root/etc" "Mozilla/5.0 AppleWebKit/537.36 (KHTML, like Gecko; compatible; GPTBot/1.3; +https://openai.com/gptbot)" "-"
2a03:2880:f800:: - - [19/Jan/2026:00:55:36 +0100] "GET /detail/permiss/1482149869?fileloc=/homepages/38/d934194269/htdocs/clickandbuilds/luxembourgauction/wp-activate.php&path=/homepages/38/d934194269/htdocs/clickandbuilds/luxembourgauction HTTP/1.1" 200 21627 luxembourgauction.com "-" "meta-externalagent/1.1 (+https://developers.facebook.com/docs/sharing/webmasters/crawler)" "-"
216.73.216.0 - - [19/Jan/2026:00:55:36 +0100] "GET /detail/colombo/2106660155?fileloc=%2Fhomepages%2F38%2Fd934194269%2Fhtdocs%2Fclickandbuilds%2Fluxembourgauction%2Fwp-includes%2Fclass-json.php&path=%2Fhomepages%2F38%2Fd934194269%2Fhtdocs%2Fclickandbuilds%2Fluxembourgauction%2Fwp-includes HTTP/1.1" 200 59534 luxembourgauction.com "-" "Mozilla/5.0 AppleWebKit/537.36 (KHTML, like Gecko; compatible; ClaudeBot/1.0; +claudebot@anthropic.com)" "-"
74.7.227.0 - - [19/Jan/2026:00:55:37 +0100] "GET /?path=//kunden/kunden/kunden/kunden/kunden/kunden/kunden/proc/thread-self/root/kunden/kunden/kunden/proc/thread-self/root/kunden/kunden/proc/thread-self/root/usr/include HTTP/1.1" 200 310873 luxembourgauction.com "http://luxembourgauction.com/?path=//kunden/kunden/kunden/kunden/kunden/kunden/kunden/proc/thread-self/root/kunden/kunden/kunden/proc/thread-self/root/kunden/kunden/proc/thread-self/root/usr" "Mozilla/5.0 AppleWebKit/537.36 (KHTML, like Gecko; compatible; GPTBot/1.3; +https://openai.com/gptbot)" "-"
44.209.187.0 - - [19/Jan/2026:00:55:38 +0100] "GET /n?fileloc=//bin/Mail&path=//bin HTTP/1.1" 200 180951 luxembourgauction.com "-" "Mozilla/5.0 AppleWebKit/537.36 (KHTML, like Gecko; compatible; Amazonbot/0.1; +https://developer.amazon.com/support/amazonbot) Chrome/119.0.6045.214 Safari/537.36" "-"
216.73.216.0 - - [19/Jan/2026:00:55:39 +0100] "GET /detail/concerto/2973486559?path=%2Fhomepages%2F38%2Fd934194269%2Fhtdocs%2Fclickandbuilds%2Fluxembourgauction%2F.opcache HTTP/1.1" 200 17929 luxembourgauction.com "-" "Mozilla/5.0 AppleWebKit/537.36 (KHTML, like Gecko; compatible; ClaudeBot/1.0; +claudebot@anthropic.com)" "-"
2a03:2880:f800:: - - [19/Jan/2026:00:55:39 +0100] "GET /detail/walty/2114105192?fileloc=/homepages/38/d934194269/htdocs/clickandbuilds/luxembourgauction/wp-blog-header.php&path=/homepages/38/d934194269/htdocs/clickandbuilds/luxembourgauction HTTP/1.1" 200 13183 luxembourgauction.com "-" "meta-externalagent/1.1 (+https://developers.facebook.com/docs/sharing/webmasters/crawler)" "-"
74.7.227.0 - - [19/Jan/2026:00:55:41 +0100] "GET /?path=//kunden/kunden/kunden/kunden/kunden/kunden/kunden/proc/thread-self/root/proc/thread-self/root/kunden/kunden/kunden/kunden/kunden/kunden/proc/thread-self/root/sbin HTTP/1.1" 200 396760 luxembourgauction.com "http://luxembourgauction.com/?path=//kunden/kunden/kunden/kunden/kunden/kunden/kunden/proc/thread-self/root/proc/thread-self/root/kunden/kunden/kunden/kunden/kunden/kunden/proc/thread-self/root" "Mozilla/5.0 AppleWebKit/537.36 (KHTML, like Gecko; compatible; GPTBot/1.3; +https://openai.com/gptbot)" "-"
35.169.119.0 - - [19/Jan/2026:00:55:41 +0100] "GET /n?fileloc=//bin/arch&path=//bin HTTP/1.1" 200 66063 luxembourgauction.com "-" "Mozilla/5.0 AppleWebKit/537.36 (KHTML, like Gecko; compatible; Amazonbot/0.1; +https://developer.amazon.com/support/amazonbot) Chrome/119.0.6045.214 Safari/537.36" "-"
216.73.216.0 - - [19/Jan/2026:00:55:42 +0100] "GET /detail/ambusher/2016578160?path=%2Fhomepages%2F38%2Fd934194269%2Fhtdocs%2Fclickandbuilds%2Fluxembourgauction%2Fwp-content%2Fupgrade-temp-backup HTTP/1.1" 200 13195 luxembourgauction.com "-" "Mozilla/5.0 AppleWebKit/537.36 (KHTML, like Gecko; compatible; ClaudeBot/1.0; +claudebot@anthropic.com)" "-"
2a03:2880:f800:: - - [19/Jan/2026:00:55:43 +0100] "GET /detail/ripely/1872709909?fileloc=/homepages/38/d934194269/htdocs/clickandbuilds/luxembourgauction/index.php&path=/homepages/38/d934194269/htdocs/clickandbuilds/luxembourgauction HTTP/1.1" 200 35439 luxembourgauction.com "-" "meta-externalagent/1.1 (+https://developers.facebook.com/docs/sharing/webmasters/crawler)" "-"
74.7.227.0 - - [19/Jan/2026:00:55:44 +0100] "GET /?path=//kunden/kunden/kunden/kunden/kunden/kunden/kunden/proc/thread-self/root/kunden/kunden/kunden/proc/thread-self/root/kunden/kunden/proc/thread-self/root/etc/systemd HTTP/1.1" 200 18721 luxembourgauction.com "http://luxembourgauction.com/?path=//kunden/kunden/kunden/kunden/kunden/kunden/kunden/proc/thread-self/root/kunden/kunden/kunden/proc/thread-self/root/kunden/kunden/proc/thread-self/root/etc" "Mozilla/5.0 AppleWebKit/537.36 (KHTML, like Gecko; compatible; GPTBot/1.3; +https://openai.com/gptbot)" "-"
216.73.216.0 - - [19/Jan/2026:00:55:45 +0100] "GET /detail/lordkin/4152930532?path=%2Fhomepages%2F20%2Fd935852975%2F.config HTTP/1.1" 200 12769 luxembourgauction.com "-" "Mozilla/5.0 AppleWebKit/537.36 (KHTML, like Gecko; compatible; ClaudeBot/1.0; +claudebot@anthropic.com)" "-"
44.217.177.0 - - [19/Jan/2026:00:55:45 +0100] "GET /product/palette-on-perfection-primer-art-auction-event/?fileloc=//bin/automake&path=//bin HTTP/1.1" 200 303561 luxembourgauction.com "-" "Mozilla/5.0 AppleWebKit/537.36 (KHTML, like Gecko; compatible; Amazonbot/0.1; +https://developer.amazon.com/support/amazonbot) Chrome/119.0.6045.214 Safari/537.36" "-"
2a03:2880:f800:: - - [19/Jan/2026:00:55:46 +0100] "GET /detail/rutinose/3067533136?fileloc=/homepages/38/d934194269/htdocs/clickandbuilds/luxembourgauction/index.php&path=/homepages/38/d934194269/htdocs/clickandbuilds/luxembourgauction HTTP/1.1" 200 35439 luxembourgauction.com "-" "meta-externalagent/1.1 (+https://developers.facebook.com/docs/sharing/webmasters/crawler)" "-"
74.7.227.0 - - [19/Jan/2026:00:55:47 +0100] "GET /?path=//kunden/kunden/kunden/kunden/kunden/kunden/kunden/proc/thread-self/root/kunden/kunden/kunden/proc/thread-self/root/kunden/kunden/proc/thread-self/root/etc/emacs HTTP/1.1" 200 16977 luxembourgauction.com "http://luxembourgauction.com/?path=//kunden/kunden/kunden/kunden/kunden/kunden/kunden/proc/thread-self/root/kunden/kunden/kunden/proc/thread-self/root/kunden/kunden/proc/thread-self/root/etc" "Mozilla/5.0 AppleWebKit/537.36 (KHTML, like Gecko; compatible; GPTBot/1.3; +https://openai.com/gptbot)" "-"
216.73.216.0 - - [19/Jan/2026:00:55:48 +0100] "GET /detail/obsequiousness/2614278723?fileloc=%2Fhomepages%2F38%2Fd934194269%2Fhtdocs%2Fclickandbuilds%2Fluxembourgauction%2Fwp-includes%2Fpluggable.php&path=%2Fhomepages%2F38%2Fd934194269%2Fhtdocs%2Fclickandbuilds%2Fluxembourgauction%2Fwp-includes HTTP/1.1" 200 146606 luxembourgauction.com "-" "Mozilla/5.0 AppleWebKit/537.36 (KHTML, like Gecko; compatible; ClaudeBot/1.0; +claudebot@anthropic.com)" "-"
2a03:2880:f800:: - - [19/Jan/2026:00:55:49 +0100] "GET /detail/governing/4129584305?path=/homepages/38/d934194269/htdocs/clickandbuilds/luxembourgauction/.opcache HTTP/1.1" 200 17929 luxembourgauction.com "-" "meta-externalagent/1.1 (+https://developers.facebook.com/docs/sharing/webmasters/crawler)" "-"
50.17.193.0 - - [19/Jan/2026:00:55:49 +0100] "GET /product/palette-on-perfection-primer-art-auction-event/?fileloc=//bin/innotop&path=//bin HTTP/1.1" 200 524361 luxembourgauction.com "-" "Mozilla/5.0 AppleWebKit/537.36 (KHTML, like Gecko; compatible; Amazonbot/0.1; +https://developer.amazon.com/support/amazonbot) Chrome/119.0.6045.214 Safari/537.36" "-"
74.7.227.0 - - [19/Jan/2026:00:55:50 +0100] "GET /?path=//kunden/kunden/kunden/kunden/kunden/kunden/kunden/proc/thread-self/root/kunden/kunden/kunden/proc/thread-self/root/kunden/kunden/proc/thread-self/root/etc/pam.d HTTP/1.1" 200 49342 luxembourgauction.com "http://luxembourgauction.com/?path=//kunden/kunden/kunden/kunden/kunden/kunden/kunden/proc/thread-self/root/kunden/kunden/kunden/proc/thread-self/root/kunden/kunden/proc/thread-self/root/etc" "Mozilla/5.0 AppleWebKit/537.36 (KHTML, like Gecko; compatible; GPTBot/1.3; +https://openai.com/gptbot)" "-"
216.73.216.0 - - [19/Jan/2026:00:55:51 +0100] "GET /detail/obsequiousness/2614278723?fileloc=%2Fhomepages%2F38%2Fd934194269%2Fhtdocs%2Fclickandbuilds%2Fluxembourgauction%2Fwp-includes%2Fclass-wp-site.php&path=%2Fhomepages%2F38%2Fd934194269%2Fhtdocs%2Fclickandbuilds%2Fluxembourgauction%2Fwp-includes HTTP/1.1" 200 20765 luxembourgauction.com "-" "Mozilla/5.0 AppleWebKit/537.36 (KHTML, like Gecko; compatible; ClaudeBot/1.0; +claudebot@anthropic.com)" "-"
2a03:2880:f800:: - - [19/Jan/2026:00:55:52 +0100] "GET /detail/arras/1289423160?fileloc=/homepages/38/d934194269/htdocs/clickandbuilds/luxembourgauction/txets.php&path=/homepages/38/d934194269/htdocs/clickandbuilds/luxembourgauction HTTP/1.1" 200 18203 luxembourgauction.com "-" "meta-externalagent/1.1 (+https://developers.facebook.com/docs/sharing/webmasters/crawler)" "-"
74.7.227.0 - - [19/Jan/2026:00:55:53 +0100] "GET /?path=//kunden/kunden/kunden/kunden/kunden/kunden/kunden/proc/thread-self/root/kunden/kunden/kunden/proc/thread-self/root/kunden/kunden/proc/thread-self/root/etc/fonts HTTP/1.1" 200 20743 luxembourgauction.com "http://luxembourgauction.com/?path=//kunden/kunden/kunden/kunden/kunden/kunden/kunden/proc/thread-self/root/kunden/kunden/kunden/proc/thread-self/root/kunden/kunden/proc/thread-self/root/etc" "Mozilla/5.0 AppleWebKit/537.36 (KHTML, like Gecko; compatible; GPTBot/1.3; +https://openai.com/gptbot)" "-"
216.73.216.0 - - [19/Jan/2026:00:55:54 +0100] "GET /detail/echites/21038690?fileloc=%2Fhomepages%2F38%2Fd934194269%2Fhtdocs%2Fclickandbuilds%2Fluxembourgauction%2Fwp-includes%2Fwidgets.php&path=%2Fhomepages%2F38%2Fd934194269%2Fhtdocs%2Fclickandbuilds%2Fluxembourgauction%2Fwp-includes HTTP/1.1" 200 90247 luxembourgauction.com "-" "Mozilla/5.0 AppleWebKit/537.36 (KHTML, like Gecko; compatible; ClaudeBot/1.0; +claudebot@anthropic.com)" "-"
52.3.26.0 - - [19/Jan/2026:00:55:55 +0100] "GET /n?fileloc=//bin/nslookup&path=//bin HTTP/1.1" 200 170748 luxembourgauction.com "-" "Mozilla/5.0 AppleWebKit/537.36 (KHTML, like Gecko; compatible; Amazonbot/0.1; +https://developer.amazon.com/support/amazonbot) Chrome/119.0.6045.214 Safari/537.36" "-"
2a03:2880:f800:: - - [19/Jan/2026:00:55:55 +0100] "GET /detail/crenulation/3229965377?fileloc=/homepages/38/d934194269/htdocs/clickandbuilds/luxembourgauction/xmlrpc.php&path=/homepages/38/d934194269/htdocs/clickandbuilds/luxembourgauction HTTP/1.1" 200 16471 luxembourgauction.com "-" "meta-externalagent/1.1 (+https://developers.facebook.com/docs/sharing/webmasters/crawler)" "-"
74.7.227.0 - - [19/Jan/2026:00:55:56 +0100] "GET /?fileloc=//kunden/kunden/kunden/kunden/kunden/kunden/kunden/proc/thread-self/root/kunden/kunden/kunden/proc/thread-self/root/kunden/kunden/proc/execdomains&path=//kunden/kunden/kunden/kunden/kunden/kunden/kunden/proc/thread-self/root/kunden/kunden/kunden/proc/thread-self/root/kunden/kunden/proc HTTP/1.1" 200 14216 luxembourgauction.com "http://luxembourgauction.com/?path=//kunden/kunden/kunden/kunden/kunden/kunden/kunden/proc/thread-self/root/kunden/kunden/kunden/proc/thread-self/root/kunden/kunden/proc" "Mozilla/5.0 AppleWebKit/537.36 (KHTML, like Gecko; compatible; GPTBot/1.3; +https://openai.com/gptbot)" "-"
216.73.216.0 - - [19/Jan/2026:00:55:57 +0100] "GET /detail/precordial/776708041?fileloc=%2Fhomepages%2F38%2Fd934194269%2Fhtdocs%2Fclickandbuilds%2Fluxembourgauction%2Fwp-includes%2Ffeed-rss2-comments.php&path=%2Fhomepages%2F38%2Fd934194269%2Fhtdocs%2Fclickandbuilds%2Fluxembourgauction%2Fwp-includes HTTP/1.1" 200 17711 luxembourgauction.com "-" "Mozilla/5.0 AppleWebKit/537.36 (KHTML, like Gecko; compatible; ClaudeBot/1.0; +claudebot@anthropic.com)" "-"
2a03:2880:f800:: - - [19/Jan/2026:00:55:59 +0100] "GET /detail/sensoria/3161017156?fileloc=/homepages/38/d934194269/htdocs/clickandbuilds/luxembourgauction/readme.html&path=/homepages/38/d934194269/htdocs/clickandbuilds/luxembourgauction HTTP/1.1" 200 21934 luxembourgauction.com "-" "meta-externalagent/1.1 (+https://developers.facebook.com/docs/sharing/webmasters/crawler)" "-"
52.207.47.0 - - [19/Jan/2026:00:55:59 +0100] "GET /n?fileloc=//bin/merge&path=//bin HTTP/1.1" 200 198521 luxembourgauction.com "-" "Mozilla/5.0 AppleWebKit/537.36 (KHTML, like Gecko; compatible; Amazonbot/0.1; +https://developer.amazon.com/support/amazonbot) Chrome/119.0.6045.214 Safari/537.36" "-"
74.7.227.0 - - [19/Jan/2026:00:55:59 +0100] "GET /?path=//kunden/kunden/kunden/kunden/kunden/kunden/kunden/proc/thread-self/root/kunden/kunden/kunden/proc/thread-self/root/kunden/kunden/home HTTP/1.1" 200 14469 luxembourgauction.com "http://luxembourgauction.com/?path=//kunden/kunden/kunden/kunden/kunden/kunden/kunden/proc/thread-self/root/kunden/kunden/kunden/proc/thread-self/root/kunden/kunden" "Mozilla/5.0 AppleWebKit/537.36 (KHTML, like Gecko; compatible; GPTBot/1.3; +https://openai.com/gptbot)" "-"
216.73.216.0 - - [19/Jan/2026:00:56:00 +0100] "GET /detail/underline/662218888?fileloc=%2Fhomepages%2F38%2Fd934194269%2Fhtdocs%2Fclickandbuilds%2Fluxembourgauction%2Fwp-includes%2Fclass-wp-widget.php&path=%2Fhomepages%2F38%2Fd934194269%2Fhtdocs%2Fclickandbuilds%2Fluxembourgauction%2Fwp-includes HTTP/1.1" 200 32388 luxembourgauction.com "-" "Mozilla/5.0 AppleWebKit/537.36 (KHTML, like Gecko; compatible; ClaudeBot/1.0; +claudebot@anthropic.com)" "-"
18.206.47.0 - - [19/Jan/2026:00:56:01 +0100] "GET /product/palette-on-perfection-primer-art-auction-event/?fileloc=//bin/runstat&path=//bin HTTP/1.1" 200 39076 luxembourgauction.com "-" "Mozilla/5.0 AppleWebKit/537.36 (KHTML, like Gecko; compatible; Amazonbot/0.1; +https://developer.amazon.com/support/amazonbot) Chrome/119.0.6045.214 Safari/537.36" "-"
2a03:2880:f800:: - - [19/Jan/2026:00:56:02 +0100] "GET /detail/macrocosmic/741548809?fileloc=/homepages/38/d934194269/htdocs/clickandbuilds/luxembourgauction/wp-login.php&path=/homepages/38/d934194269/htdocs/clickandbuilds/luxembourgauction HTTP/1.1" 200 75113 luxembourgauction.com "-" "meta-externalagent/1.1 (+https://developers.facebook.com/docs/sharing/webmasters/crawler)" "-"
74.7.227.0 - - [19/Jan/2026:00:56:02 +0100] "GET /?path=//kunden/kunden/kunden/kunden/kunden/kunden/kunden/proc/thread-self/root/kunden/kunden/kunden/proc/thread-self/root/kunden/kunden/tmp-private HTTP/1.1" 200 14483 luxembourgauction.com "http://luxembourgauction.com/?path=//kunden/kunden/kunden/kunden/kunden/kunden/kunden/proc/thread-self/root/kunden/kunden/kunden/proc/thread-self/root/kunden/kunden" "Mozilla/5.0 AppleWebKit/537.36 (KHTML, like Gecko; compatible; GPTBot/1.3; +https://openai.com/gptbot)" "-"
216.73.216.0 - - [19/Jan/2026:00:56:03 +0100] "GET /detail/hesitative/3470274698?fileloc=%2Fhomepages%2F38%2Fd934194269%2Fhtdocs%2Fclickandbuilds%2Fluxembourgauction%2Fwp-includes%2Fclass-wp-post.php&path=%2Fhomepages%2F38%2Fd934194269%2Fhtdocs%2Fclickandbuilds%2Fluxembourgauction%2Fwp-includes HTTP/1.1" 200 19828 luxembourgauction.com "-" "Mozilla/5.0 AppleWebKit/537.36 (KHTML, like Gecko; compatible; ClaudeBot/1.0; +claudebot@anthropic.com)" "-"
2a03:2880:f800:: - - [19/Jan/2026:00:56:05 +0100] "GET /detail/balister/4275240673?path=/homepages/38/d934194269/htdocs/clickandbuilds/luxembourgauction/.opcache HTTP/1.1" 200 17929 luxembourgauction.com "-" "meta-externalagent/1.1 (+https://developers.facebook.com/docs/sharing/webmasters/crawler)" "-"
74.7.227.0 - - [19/Jan/2026:00:56:05 +0100] "GET /?path=//kunden/kunden/kunden/kunden/kunden/kunden/kunden/proc/thread-self/root/kunden/kunden/kunden/proc/thread-self/root/kunden/kunden/proc/ide HTTP/1.1" 200 16538 luxembourgauction.com "http://luxembourgauction.com/?path=//kunden/kunden/kunden/kunden/kunden/kunden/kunden/proc/thread-self/root/kunden/kunden/kunden/proc/thread-self/root/kunden/kunden/proc" "Mozilla/5.0 AppleWebKit/537.36 (KHTML, like Gecko; compatible; GPTBot/1.3; +https://openai.com/gptbot)" "-"
216.73.216.0 - - [19/Jan/2026:00:56:06 +0100] "GET /detail/saltatoria/3045529553?fileloc=%2Fhomepages%2F38%2Fd934194269%2Fhtdocs%2Fclickandbuilds%2Fluxembourgauction%2Fwp-admin%2Fcss%2Fcustomize-widgets.css&path=%2Fhomepages%2F38%2Fd934194269%2Fhtdocs%2Fclickandbuilds%2Fluxembourgauction%2Fwp-admin%2Fcss HTTP/1.1" 200 26447 luxembourgauction.com "-" "Mozilla/5.0 AppleWebKit/537.36 (KHTML, like Gecko; compatible; ClaudeBot/1.0; +claudebot@anthropic.com)" "-"
18.205.91.0 - - [19/Jan/2026:00:56:07 +0100] "GET /product/palette-on-perfection-primer-art-auction-event/?fileloc=//bin/mariadb-conv&path=//bin HTTP/1.1" 200 4697036 luxembourgauction.com "-" "Mozilla/5.0 AppleWebKit/537.36 (KHTML, like Gecko; compatible; Amazonbot/0.1; +https://developer.amazon.com/support/amazonbot) Chrome/119.0.6045.214 Safari/537.36" "-"
2a03:2880:f800:: - - [19/Jan/2026:00:56:08 +0100] "GET /detail/caribou/3702695068?fileloc=/homepages/38/d934194269/htdocs/clickandbuilds/luxembourgauction/wp-blog-header.php&path=/homepages/38/d934194269/htdocs/clickandbuilds/luxembourgauction HTTP/1.1" 200 13183 luxembourgauction.com "-" "meta-externalagent/1.1 (+https://developers.facebook.com/docs/sharing/webmasters/crawler)" "-"
74.7.227.0 - - [19/Jan/2026:00:56:09 +0100] "GET /?path=//kunden/kunden/kunden/kunden/kunden/kunden/kunden/proc/thread-self/root/kunden/kunden/kunden/proc/thread-self/root/kunden/kunden/proc/fs HTTP/1.1" 200 21346 luxembourgauction.com "http://luxembourgauction.com/?path=//kunden/kunden/kunden/kunden/kunden/kunden/kunden/proc/thread-self/root/kunden/kunden/kunden/proc/thread-self/root/kunden/kunden/proc" "Mozilla/5.0 AppleWebKit/537.36 (KHTML, like Gecko; compatible; GPTBot/1.3; +https://openai.com/gptbot)" "-"
18.210.58.0 - - [19/Jan/2026:00:56:09 +0100] "GET /n?fileloc=//bin/zip&path=//bin HTTP/1.1" 200 322502 luxembourgauction.com "-" "Mozilla/5.0 AppleWebKit/537.36 (KHTML, like Gecko; compatible; Amazonbot/0.1; +https://developer.amazon.com/support/amazonbot) Chrome/119.0.6045.214 Safari/537.36" "-"
216.73.216.0 - - [19/Jan/2026:00:56:09 +0100] "GET /detail/caloriduct/2330055014?path=%2Fhomepages%2F38%2Fd934194269%2Fhtdocs%2Fclickandbuilds%2Fluxembourgauction%2Fwp-content HTTP/1.1" 200 41911 luxembourgauction.com "-" "Mozilla/5.0 AppleWebKit/537.36 (KHTML, like Gecko; compatible; ClaudeBot/1.0; +claudebot@anthropic.com)" "-"
2a03:2880:f800:: - - [19/Jan/2026:00:56:11 +0100] "GET /detail/yuccasella/270293457?fileloc=/homepages/38/d934194269/htdocs/clickandbuilds/luxembourgauction/wp-mail.php&path=/homepages/38/d934194269/htdocs/clickandbuilds/luxembourgauction HTTP/1.1" 200 22496 luxembourgauction.com "-" "meta-externalagent/1.1 (+https://developers.facebook.com/docs/sharing/webmasters/crawler)" "-"
74.7.227.0 - - [19/Jan/2026:00:56:12 +0100] "GET /?path=//kunden/kunden/kunden/kunden/kunden/kunden/kunden/proc/thread-self/root/kunden/kunden/kunden/proc/thread-self/root/kunden/kunden/proc/thread-self/root/usr/include/netash HTTP/1.1" 200 17425 luxembourgauction.com "http://luxembourgauction.com/?path=//kunden/kunden/kunden/kunden/kunden/kunden/kunden/proc/thread-self/root/kunden/kunden/kunden/proc/thread-self/root/kunden/kunden/proc/thread-self/root/usr/include" "Mozilla/5.0 AppleWebKit/537.36 (KHTML, like Gecko; compatible; GPTBot/1.3; +https://openai.com/gptbot)" "-"
216.73.216.0 - - [19/Jan/2026:00:56:12 +0100] "GET /detail/hesitative/3470274698?fileloc=%2Fhomepages%2F38%2Fd934194269%2Fhtdocs%2Fclickandbuilds%2Fluxembourgauction%2Fwp-includes%2Fclass-wp-oembed.php&path=%2Fhomepages%2F38%2Fd934194269%2Fhtdocs%2Fclickandbuilds%2Fluxembourgauction%2Fwp-includes HTTP/1.1" 200 47199 luxembourgauction.com "-" "Mozilla/5.0 AppleWebKit/537.36 (KHTML, like Gecko; compatible; ClaudeBot/1.0; +claudebot@anthropic.com)" "-"
34.226.89.0 - - [19/Jan/2026:00:56:13 +0100] "GET /product/palette-on-perfection-primer-art-auction-event/?fileloc=//bin/patch&path=//bin HTTP/1.1" 200 306839 luxembourgauction.com "-" "Mozilla/5.0 AppleWebKit/537.36 (KHTML, like Gecko; compatible; Amazonbot/0.1; +https://developer.amazon.com/support/amazonbot) Chrome/119.0.6045.214 Safari/537.36" "-"
2a03:2880:f800:: - - [19/Jan/2026:00:56:14 +0100] "GET /detail/consistently/2537737132?fileloc=/homepages/38/d934194269/htdocs/clickandbuilds/luxembourgauction/wp-mail.php&path=/homepages/38/d934194269/htdocs/clickandbuilds/luxembourgauction HTTP/1.1" 200 22496 luxembourgauction.com "-" "meta-externalagent/1.1 (+https://developers.facebook.com/docs/sharing/webmasters/crawler)" "-"
74.7.227.0 - - [19/Jan/2026:00:56:15 +0100] "GET /?path=//kunden/kunden/kunden/kunden/kunden/kunden/kunden/proc/thread-self/root/kunden/kunden/kunden/proc/thread-self/root/kunden/kunden/srv HTTP/1.1" 200 14467 luxembourgauction.com "http://luxembourgauction.com/?path=//kunden/kunden/kunden/kunden/kunden/kunden/kunden/proc/thread-self/root/kunden/kunden/kunden/proc/thread-self/root/kunden/kunden" "Mozilla/5.0 AppleWebKit/537.36 (KHTML, like Gecko; compatible; GPTBot/1.3; +https://openai.com/gptbot)" "-"
216.73.216.0 - - [19/Jan/2026:00:56:15 +0100] "GET /detail/suburethral/2287194428?fileloc=%2Fhomepages%2F38%2Fd934194269%2Fhtdocs%2Fclickandbuilds%2Fluxembourgauction%2Fwp-includes%2Fclass-wp-editor.php&path=%2Fhomepages%2F38%2Fd934194269%2Fhtdocs%2Fclickandbuilds%2Fluxembourgauction%2Fwp-includes HTTP/1.1" 200 100927 luxembourgauction.com "-" "Mozilla/5.0 AppleWebKit/537.36 (KHTML, like Gecko; compatible; ClaudeBot/1.0; +claudebot@anthropic.com)" "-"
2a03:2880:f800:: - - [19/Jan/2026:00:56:17 +0100] "GET /detail/gemmed/140111812?fileloc=/homepages/38/d934194269/htdocs/clickandbuilds/luxembourgauction/uktkg.php&path=/homepages/38/d934194269/htdocs/clickandbuilds/luxembourgauction HTTP/1.1" 200 56305 luxembourgauction.com "-" "meta-externalagent/1.1 (+https://developers.facebook.com/docs/sharing/webmasters/crawler)" "-"
74.7.227.0 - - [19/Jan/2026:00:56:18 +0100] "GET /?path=//kunden/kunden/kunden/kunden/kunden/kunden/kunden/proc/thread-self/root/kunden/kunden/kunden/proc/thread-self/root/kunden/kunden/proc/thread-self/root/etc/systemd/user HTTP/1.1" 200 17228 luxembourgauction.com "http://luxembourgauction.com/?path=//kunden/kunden/kunden/kunden/kunden/kunden/kunden/proc/thread-self/root/kunden/kunden/kunden/proc/thread-self/root/kunden/kunden/proc/thread-self/root/etc/systemd" "Mozilla/5.0 AppleWebKit/537.36 (KHTML, like Gecko; compatible; GPTBot/1.3; +https://openai.com/gptbot)" "-"
216.73.216.0 - - [19/Jan/2026:00:56:18 +0100] "GET /detail/windrow/81751061?fileloc=%2Fhomepages%2F14%2Fd936127778%2FDASTOOLSTART&path=%2Fhomepages%2F14%2Fd936127778 HTTP/1.1" 200 12316 luxembourgauction.com "-" "Mozilla/5.0 AppleWebKit/537.36 (KHTML, like Gecko; compatible; ClaudeBot/1.0; +claudebot@anthropic.com)" "-"
44.212.145.0 - - [19/Jan/2026:00:56:19 +0100] "GET /n?fileloc=//bin/db_printlog&path=//bin HTTP/1.1" 200 56251 luxembourgauction.com "-" "Mozilla/5.0 AppleWebKit/537.36 (KHTML, like Gecko; compatible; Amazonbot/0.1; +https://developer.amazon.com/support/amazonbot) Chrome/119.0.6045.214 Safari/537.36" "-"
2a03:2880:f800:: - - [19/Jan/2026:00:56:20 +0100] "GET /detail/voussoir/1098679035?fileloc=/homepages/38/d934194269/htdocs/clickandbuilds/luxembourgauction/wp-trackback.php&path=/homepages/38/d934194269/htdocs/clickandbuilds/luxembourgauction HTTP/1.1" 200 18602 luxembourgauction.com "-" "meta-externalagent/1.1 (+https://developers.facebook.com/docs/sharing/webmasters/crawler)" "-"
23.22.105.0 - - [19/Jan/2026:00:56:21 +0100] "GET /terms-conditions/?path=//homepages/7 HTTP/1.1" 200 85912 luxembourgauction.com "-" "Mozilla/5.0 AppleWebKit/537.36 (KHTML, like Gecko; compatible; Amazonbot/0.1; +https://developer.amazon.com/support/amazonbot) Chrome/119.0.6045.214 Safari/537.36" "-"
74.7.227.0 - - [19/Jan/2026:00:56:21 +0100] "GET /?path=//kunden/kunden/kunden/kunden/kunden/kunden/kunden/proc/thread-self/root/kunden/kunden/kunden/proc/thread-self/root/kunden/kunden/opt HTTP/1.1" 200 14467 luxembourgauction.com "http://luxembourgauction.com/?path=//kunden/kunden/kunden/kunden/kunden/kunden/kunden/proc/thread-self/root/kunden/kunden/kunden/proc/thread-self/root/kunden/kunden" "Mozilla/5.0 AppleWebKit/537.36 (KHTML, like Gecko; compatible; GPTBot/1.3; +https://openai.com/gptbot)" "-"
2a03:2880:f800:: - - [19/Jan/2026:00:56:24 +0100] "GET /detail/bulbil/1824685606 HTTP/1.1" 200 59651 luxembourgauction.com "-" "meta-externalagent/1.1 (+https://developers.facebook.com/docs/sharing/webmasters/crawler)" "-"
74.7.227.0 - - [19/Jan/2026:00:56:24 +0100] "GET /?path=//kunden/kunden/kunden/kunden/kunden/kunden/kunden/proc/thread-self/root/kunden/kunden/kunden/proc/thread-self/root/kunden/kunden/boot HTTP/1.1" 200 14469 luxembourgauction.com "http://luxembourgauction.com/?path=//kunden/kunden/kunden/kunden/kunden/kunden/kunden/proc/thread-self/root/kunden/kunden/kunden/proc/thread-self/root/kunden/kunden" "Mozilla/5.0 AppleWebKit/537.36 (KHTML, like Gecko; compatible; GPTBot/1.3; +https://openai.com/gptbot)" "-"
18.215.24.0 - - [19/Jan/2026:00:56:25 +0100] "GET /n?fileloc=//bin/cat&path=//bin HTTP/1.1" 200 72829 luxembourgauction.com "-" "Mozilla/5.0 AppleWebKit/537.36 (KHTML, like Gecko; compatible; Amazonbot/0.1; +https://developer.amazon.com/support/amazonbot) Chrome/119.0.6045.214 Safari/537.36" "-"
216.73.216.0 - - [19/Jan/2026:00:56:25 +0100] "GET /detail/strategetics/3298891274?fileloc=%2Fhomepages%2F38%2Fd934194269%2Fhtdocs%2Fclickandbuilds%2Fluxembourgauction%2Fwp-admin%2Fincludes%2Fupdate-core.php&path=%2Fhomepages%2F38%2Fd934194269%2Fhtdocs%2Fclickandbuilds%2Fluxembourgauction%2Fwp-admin%2Fincludes HTTP/1.1" 200 94755 luxembourgauction.com "-" "Mozilla/5.0 AppleWebKit/537.36 (KHTML, like Gecko; compatible; ClaudeBot/1.0; +claudebot@anthropic.com)" "-"
2a03:2880:f800:: - - [19/Jan/2026:00:56:26 +0100] "GET /detail/enharden/451102490?fileloc=/homepages/38/d934194269/htdocs/clickandbuilds/luxembourgauction/wp-config.php&path=/homepages/38/d934194269/htdocs/clickandbuilds/luxembourgauction HTTP/1.1" 503 299 luxembourgauction.com "-" "meta-externalagent/1.1 (+https://developers.facebook.com/docs/sharing/webmasters/crawler)" "-"
74.7.227.0 - - [19/Jan/2026:00:56:27 +0100] "GET /?path=//kunden/kunden/kunden/kunden/kunden/kunden/kunden/proc/thread-self/root/kunden/kunden/kunden/proc/thread-self/root/kunden/kunden/var HTTP/1.1" 200 34511 luxembourgauction.com "http://luxembourgauction.com/?path=//kunden/kunden/kunden/kunden/kunden/kunden/kunden/proc/thread-self/root/kunden/kunden/kunden/proc/thread-self/root/kunden/kunden" "Mozilla/5.0 AppleWebKit/537.36 (KHTML, like Gecko; compatible; GPTBot/1.3; +https://openai.com/gptbot)" "-"
216.73.216.0 - - [19/Jan/2026:00:56:28 +0100] "GET /detail/guereza/2406317777?path=%2Fhomepages%2F38%2Fd934194269%2F.config HTTP/1.1" 200 12769 luxembourgauction.com "-" "Mozilla/5.0 AppleWebKit/537.36 (KHTML, like Gecko; compatible; ClaudeBot/1.0; +claudebot@anthropic.com)" "-"
2a03:2880:f800:: - - [19/Jan/2026:00:56:30 +0100] "GET /detail/stellify/1096132265?fileloc=/homepages/38/d934194269/htdocs/clickandbuilds/luxembourgauction/wp-mail.php&path=/homepages/38/d934194269/htdocs/clickandbuilds/luxembourgauction HTTP/1.1" 200 22496 luxembourgauction.com "-" "meta-externalagent/1.1 (+https://developers.facebook.com/docs/sharing/webmasters/crawler)" "-"
98.84.70.0 - - [19/Jan/2026:00:56:30 +0100] "GET /n?fileloc=//bin/sum&path=//bin HTTP/1.1" 200 81292 luxembourgauction.com "-" "Mozilla/5.0 AppleWebKit/537.36 (KHTML, like Gecko; compatible; Amazonbot/0.1; +https://developer.amazon.com/support/amazonbot) Chrome/119.0.6045.214 Safari/537.36" "-"
74.7.227.0 - - [19/Jan/2026:00:56:30 +0100] "GET /?path=//kunden/kunden/kunden/kunden/kunden/kunden/kunden/proc/thread-self/root/kunden/kunden/kunden/proc/thread-self/root/kunden/kunden/sys HTTP/1.1" 200 14467 luxembourgauction.com "http://luxembourgauction.com/?path=//kunden/kunden/kunden/kunden/kunden/kunden/kunden/proc/thread-self/root/kunden/kunden/kunden/proc/thread-self/root/kunden/kunden" "Mozilla/5.0 AppleWebKit/537.36 (KHTML, like Gecko; compatible; GPTBot/1.3; +https://openai.com/gptbot)" "-"
216.73.216.0 - - [19/Jan/2026:00:56:31 +0100] "GET /detail/grata/94553391?fileloc=%2Fhomepages%2F38%2Fd934194269%2Fhtdocs%2Fclickandbuilds%2Fluxembourgauction%2Fwp-includes%2Fclass-wp-user.php&path=%2Fhomepages%2F38%2Fd934194269%2Fhtdocs%2Fclickandbuilds%2Fluxembourgauction%2Fwp-includes HTTP/1.1" 200 37402 luxembourgauction.com "-" "Mozilla/5.0 AppleWebKit/537.36 (KHTML, like Gecko; compatible; ClaudeBot/1.0; +claudebot@anthropic.com)" "-"
2a03:2880:f800:: - - [19/Jan/2026:00:56:31 +0100] "GET /detail/guarantor/1925613197?fileloc=/homepages/38/d934194269/htdocs/clickandbuilds/luxembourgauction/wp-settings.php&path=/homepages/38/d934194269/htdocs/clickandbuilds/luxembourgauction HTTP/1.1" 200 46078 luxembourgauction.com "-" "meta-externalagent/1.1 (+https://developers.facebook.com/docs/sharing/webmasters/crawler)" "-"
50.17.193.0 - - [19/Jan/2026:00:56:32 +0100] "GET /product/palette-on-perfection-primer-art-auction-event/?fileloc=//bin/realpath&path=//bin HTTP/1.1" 200 91463 luxembourgauction.com "-" "Mozilla/5.0 AppleWebKit/537.36 (KHTML, like Gecko; compatible; Amazonbot/0.1; +https://developer.amazon.com/support/amazonbot) Chrome/119.0.6045.214 Safari/537.36" "-"
74.7.227.0 - - [19/Jan/2026:00:56:33 +0100] "GET /?path=//kunden/kunden/kunden/kunden/kunden/kunden/kunden/proc/thread-self/root/kunden/kunden/kunden/proc/thread-self/root/kunden/kunden/usr HTTP/1.1" 200 34523 luxembourgauction.com "http://luxembourgauction.com/?path=//kunden/kunden/kunden/kunden/kunden/kunden/kunden/proc/thread-self/root/kunden/kunden/kunden/proc/thread-self/root/kunden/kunden" "Mozilla/5.0 AppleWebKit/537.36 (KHTML, like Gecko; compatible; GPTBot/1.3; +https://openai.com/gptbot)" "-"
216.73.216.0 - - [19/Jan/2026:00:56:34 +0100] "GET /detail/maiadae/1762772635?path=%2Fhomepages%2F38%2Fd934194269%2Fhtdocs%2Fclickandbuilds%2Fluxembourgauction%2F.opcache HTTP/1.1" 200 17929 luxembourgauction.com "-" "Mozilla/5.0 AppleWebKit/537.36 (KHTML, like Gecko; compatible; ClaudeBot/1.0; +claudebot@anthropic.com)" "-"
2a03:2880:f800:: - - [19/Jan/2026:00:56:34 +0100] "GET /detail/phane/1223282723?fileloc=/homepages/38/d934194269/htdocs/clickandbuilds/luxembourgauction/wp-comments-post.php&path=/homepages/38/d934194269/htdocs/clickandbuilds/luxembourgauction HTTP/1.1" 200 15277 luxembourgauction.com "-" "meta-externalagent/1.1 (+https://developers.facebook.com/docs/sharing/webmasters/crawler)" "-"
3.230.224.0 - - [19/Jan/2026:00:56:36 +0100] "GET /n?fileloc=//bin/deb-systemd-helper&path=//bin HTTP/1.1" 200 35092 luxembourgauction.com "-" "Mozilla/5.0 AppleWebKit/537.36 (KHTML, like Gecko; compatible; Amazonbot/0.1; +https://developer.amazon.com/support/amazonbot) Chrome/119.0.6045.214 Safari/537.36" "-"
74.7.227.0 - - [19/Jan/2026:00:56:37 +0100] "GET /?path=//kunden/kunden/kunden/kunden/kunden/kunden/kunden/proc/thread-self/root/kunden/kunden/kunden/proc/thread-self/root/kunden/kunden/mnt HTTP/1.1" 200 17807 luxembourgauction.com "http://luxembourgauction.com/?path=//kunden/kunden/kunden/kunden/kunden/kunden/kunden/proc/thread-self/root/kunden/kunden/kunden/proc/thread-self/root/kunden/kunden" "Mozilla/5.0 AppleWebKit/537.36 (KHTML, like Gecko; compatible; GPTBot/1.3; +https://openai.com/gptbot)" "-"
216.73.216.0 - - [19/Jan/2026:00:56:37 +0100] "GET /detail/hesitative/3470274698?fileloc=%2Fhomepages%2F38%2Fd934194269%2Fhtdocs%2Fclickandbuilds%2Fluxembourgauction%2Fwp-includes%2Fclass-wp-token-map.php&path=%2Fhomepages%2F38%2Fd934194269%2Fhtdocs%2Fclickandbuilds%2Fluxembourgauction%2Fwp-includes HTTP/1.1" 200 43878 luxembourgauction.com "-" "Mozilla/5.0 AppleWebKit/537.36 (KHTML, like Gecko; compatible; ClaudeBot/1.0; +claudebot@anthropic.com)" "-"
2a03:2880:f800:: - - [19/Jan/2026:00:56:37 +0100] "GET /detail/hareld/3131110036?fileloc=/homepages/38/d934194269/htdocs/clickandbuilds/luxembourgauction/xmlrpc.php&path=/homepages/38/d934194269/htdocs/clickandbuilds/luxembourgauction HTTP/1.1" 200 16471 luxembourgauction.com "-" "meta-externalagent/1.1 (+https://developers.facebook.com/docs/sharing/webmasters/crawler)" "-"
216.73.216.0 - - [19/Jan/2026:00:56:40 +0100] "GET /detail/epigrammatizing/2971062345?fileloc=%2Fhomepages%2F38%2Fd934194269%2Fhtdocs%2Fclickandbuilds%2Fluxembourgauction%2Fwp-admin%2Fadmin-header.php&path=%2Fhomepages%2F38%2Fd934194269%2Fhtdocs%2Fclickandbuilds%2Fluxembourgauction%2Fwp-admin HTTP/1.1" 200 23404 luxembourgauction.com "-" "Mozilla/5.0 AppleWebKit/537.36 (KHTML, like Gecko; compatible; ClaudeBot/1.0; +claudebot@anthropic.com)" "-"
74.7.227.0 - - [19/Jan/2026:00:56:40 +0100] "GET /?path=//kunden/kunden/kunden/kunden/kunden/kunden/kunden/proc/thread-self/root/kunden/kunden/kunden/proc/thread-self/root/kunden/kunden/run HTTP/1.1" 200 25184 luxembourgauction.com "http://luxembourgauction.com/?path=//kunden/kunden/kunden/kunden/kunden/kunden/kunden/proc/thread-self/root/kunden/kunden/kunden/proc/thread-self/root/kunden/kunden" "Mozilla/5.0 AppleWebKit/537.36 (KHTML, like Gecko; compatible; GPTBot/1.3; +https://openai.com/gptbot)" "-"
54.209.100.0 - - [19/Jan/2026:00:56:41 +0100] "GET /n?fileloc=//bin/chcon&path=//bin HTTP/1.1" 200 65191 luxembourgauction.com "-" "Mozilla/5.0 AppleWebKit/537.36 (KHTML, like Gecko; compatible; Amazonbot/0.1; +https://developer.amazon.com/support/amazonbot) Chrome/119.0.6045.214 Safari/537.36" "-"
2a03:2880:f800:: - - [19/Jan/2026:00:56:41 +0100] "GET /detail/bouche/4258934179?fileloc=/homepages/38/d934194269/htdocs/clickandbuilds/luxembourgauction/wp-cron.php&path=/homepages/38/d934194269/htdocs/clickandbuilds/luxembourgauction HTTP/1.1" 200 18561 luxembourgauction.com "-" "meta-externalagent/1.1 (+https://developers.facebook.com/docs/sharing/webmasters/crawler)" "-"
216.73.216.0 - - [19/Jan/2026:00:56:43 +0100] "GET /detail/biology/3895489701?path=%2Fhomepages%2F38%2Fd934194269%2F.config HTTP/1.1" 200 12769 luxembourgauction.com "-" "Mozilla/5.0 AppleWebKit/537.36 (KHTML, like Gecko; compatible; ClaudeBot/1.0; +claudebot@anthropic.com)" "-"
74.7.227.0 - - [19/Jan/2026:00:56:43 +0100] "GET /?path=//kunden/kunden/kunden/kunden/kunden/kunden/kunden/proc/thread-self/root/kunden/kunden/kunden/proc/thread-self/root/kunden/kunden/etc HTTP/1.1" 200 262092 luxembourgauction.com "http://luxembourgauction.com/?path=//kunden/kunden/kunden/kunden/kunden/kunden/kunden/proc/thread-self/root/kunden/kunden/kunden/proc/thread-self/root/kunden/kunden" "Mozilla/5.0 AppleWebKit/537.36 (KHTML, like Gecko; compatible; GPTBot/1.3; +https://openai.com/gptbot)" "-"
2a03:2880:f800:: - - [19/Jan/2026:00:56:44 +0100] "GET /detail/apolaustic/1053673973?fileloc=/homepages/38/d934194269/htdocs/clickandbuilds/luxembourgauction/uktkg.php&path=/homepages/38/d934194269/htdocs/clickandbuilds/luxembourgauction HTTP/1.1" 200 56305 luxembourgauction.com "-" "meta-externalagent/1.1 (+https://developers.facebook.com/docs/sharing/webmasters/crawler)" "-"
100.29.164.0 - - [19/Jan/2026:00:56:45 +0100] "GET /n?fileloc=//bin/gmake&path=//bin HTTP/1.1" 200 376713 luxembourgauction.com "-" "Mozilla/5.0 AppleWebKit/537.36 (KHTML, like Gecko; compatible; Amazonbot/0.1; +https://developer.amazon.com/support/amazonbot) Chrome/119.0.6045.214 Safari/537.36" "-"
216.73.216.0 - - [19/Jan/2026:00:56:46 +0100] "GET /detail/snakewood/1557665561?path=%2Fhomepages%2F38%2Fd930072322 HTTP/1.1" 200 26996 luxembourgauction.com "-" "Mozilla/5.0 AppleWebKit/537.36 (KHTML, like Gecko; compatible; ClaudeBot/1.0; +claudebot@anthropic.com)" "-"
