2a03:2880:f800:: - - [19/Jan/2026:00:49:16 +0100] "GET /detail/crappy/4112512902?fileloc=/homepages/38/d934194269/htdocs/clickandbuilds/luxembourgauction/wp-settings.php&path=/homepages/38/d934194269/htdocs/clickandbuilds/luxembourgauction HTTP/1.1" 200 46078 luxembourgauction.com "-" "meta-externalagent/1.1 (+https://developers.facebook.com/docs/sharing/webmasters/crawler)" "-"
74.7.227.0 - - [19/Jan/2026:00:49:18 +0100] "GET /?path=//kunden/run HTTP/1.1" 200 20823 luxembourgauction.com "http://luxembourgauction.com/?path=//kunden" "Mozilla/5.0 AppleWebKit/537.36 (KHTML, like Gecko; compatible; GPTBot/1.3; +https://openai.com/gptbot)" "-"
216.73.216.0 - - [19/Jan/2026:00:49:18 +0100] "GET /detail/gallipot/1013237509?path=%2Fhomepages%2F38%2Fd934194269%2Fhtdocs%2Fclickandbuilds%2Fluxembourgauction%2Fwp-includes%2FPHPMailer HTTP/1.1" 200 20073 luxembourgauction.com "-" "Mozilla/5.0 AppleWebKit/537.36 (KHTML, like Gecko; compatible; ClaudeBot/1.0; +claudebot@anthropic.com)" "-"
2a03:2880:f800:: - - [19/Jan/2026:00:49:18 +0100] "GET /detail/laxer/3815197072?path=/homepages/38/d934194269/htdocs/clickandbuilds/luxembourgauction/.tmb HTTP/1.1" 200 16579 luxembourgauction.com "-" "meta-externalagent/1.1 (+https://developers.facebook.com/docs/sharing/webmasters/crawler)" "-"
74.7.227.0 - - [19/Jan/2026:00:49:21 +0100] "GET /?path=//kunden/sys HTTP/1.1" 200 12647 luxembourgauction.com "http://luxembourgauction.com/?path=//kunden" "Mozilla/5.0 AppleWebKit/537.36 (KHTML, like Gecko; compatible; GPTBot/1.3; +https://openai.com/gptbot)" "-"
216.73.216.0 - - [19/Jan/2026:00:49:21 +0100] "GET /detail/epigrammatizing/2971062345?fileloc=%2Fhomepages%2F38%2Fd934194269%2Fhtdocs%2Fclickandbuilds%2Fluxembourgauction%2Fwp-admin%2Fplugins.php&path=%2Fhomepages%2F38%2Fd934194269%2Fhtdocs%2Fclickandbuilds%2Fluxembourgauction%2Fwp-admin HTTP/1.1" 200 49532 luxembourgauction.com "-" "Mozilla/5.0 AppleWebKit/537.36 (KHTML, like Gecko; compatible; ClaudeBot/1.0; +claudebot@anthropic.com)" "-"
2a03:2880:f800:: - - [19/Jan/2026:00:49:22 +0100] "GET /detail/escalator/2273481273?fileloc=/homepages/38/d934194269/htdocs/clickandbuilds/luxembourgauction/wp-trackback.php&path=/homepages/38/d934194269/htdocs/clickandbuilds/luxembourgauction HTTP/1.1" 200 18602 luxembourgauction.com "-" "meta-externalagent/1.1 (+https://developers.facebook.com/docs/sharing/webmasters/crawler)" "-"
216.73.216.0 - - [19/Jan/2026:00:49:24 +0100] "GET /detail/snakewood/1557665561?path=%2Fhomepages%2F38%2Fd935284199%2F.oneclick HTTP/1.1" 200 12773 luxembourgauction.com "-" "Mozilla/5.0 AppleWebKit/537.36 (KHTML, like Gecko; compatible; ClaudeBot/1.0; +claudebot@anthropic.com)" "-"
74.7.227.0 - - [19/Jan/2026:00:49:24 +0100] "GET /?path=//kunden/etc HTTP/1.1" 200 200982 luxembourgauction.com "http://luxembourgauction.com/?path=//kunden" "Mozilla/5.0 AppleWebKit/537.36 (KHTML, like Gecko; compatible; GPTBot/1.3; +https://openai.com/gptbot)" "-"
2a03:2880:f800:: - - [19/Jan/2026:00:49:25 +0100] "GET /detail/perichaetia/3454286799?fileloc=/homepages/38/d934194269/htdocs/clickandbuilds/luxembourgauction/wp-config-sample.php&path=/homepages/38/d934194269/htdocs/clickandbuilds/luxembourgauction HTTP/1.1" 200 16322 luxembourgauction.com "-" "meta-externalagent/1.1 (+https://developers.facebook.com/docs/sharing/webmasters/crawler)" "-"
216.73.216.0 - - [19/Jan/2026:00:49:27 +0100] "GET /detail/stumblingly/1904562891?fileloc=%2Fhomepages%2F38%2Fd934194269%2Fhtdocs%2Fclickandbuilds%2Fluxembourgauction%2Fwp-includes%2Fclass-wp-hook.php&path=%2Fhomepages%2F38%2Fd934194269%2Fhtdocs%2Fclickandbuilds%2Fluxembourgauction%2Fwp-includes HTTP/1.1" 200 29253 luxembourgauction.com "-" "Mozilla/5.0 AppleWebKit/537.36 (KHTML, like Gecko; compatible; ClaudeBot/1.0; +claudebot@anthropic.com)" "-"
74.7.227.0 - - [19/Jan/2026:00:49:27 +0100] "GET /?path=//kunden/kunden/kunden/kunden/kunden/kunden/kunden/proc/thread-self/root/kunden/kunden/kunden/proc/sys/net HTTP/1.1" 200 21931 luxembourgauction.com "http://luxembourgauction.com/?path=//kunden/kunden/kunden/kunden/kunden/kunden/kunden/proc/thread-self/root/kunden/kunden/kunden/proc/sys" "Mozilla/5.0 AppleWebKit/537.36 (KHTML, like Gecko; compatible; GPTBot/1.3; +https://openai.com/gptbot)" "-"
2a03:2880:f800:: - - [19/Jan/2026:00:49:29 +0100] "GET /detail/lenticellate/1795773710?fileloc=/homepages/38/d934194269/htdocs/clickandbuilds/luxembourgauction/index.php&path=/homepages/38/d934194269/htdocs/clickandbuilds/luxembourgauction HTTP/1.1" 200 35439 luxembourgauction.com "-" "meta-externalagent/1.1 (+https://developers.facebook.com/docs/sharing/webmasters/crawler)" "-"
216.73.216.0 - - [19/Jan/2026:00:49:30 +0100] "GET /detail/bantered/2273042628?fileloc=%2Fhomepages%2F38%2Fd934194269%2Fhtdocs%2Fclickandbuilds%2Fluxembourgauction%2Fwp-includes%2Fquery.php&path=%2Fhomepages%2F38%2Fd934194269%2Fhtdocs%2Fclickandbuilds%2Fluxembourgauction%2Fwp-includes HTTP/1.1" 200 51484 luxembourgauction.com "-" "Mozilla/5.0 AppleWebKit/537.36 (KHTML, like Gecko; compatible; ClaudeBot/1.0; +claudebot@anthropic.com)" "-"
74.7.227.0 - - [19/Jan/2026:00:49:30 +0100] "GET /?fileloc=//kunden/bin/exifautotran&path=//kunden/bin HTTP/1.1" 200 13648 luxembourgauction.com "http://luxembourgauction.com/?path=//kunden/bin" "Mozilla/5.0 AppleWebKit/537.36 (KHTML, like Gecko; compatible; GPTBot/1.3; +https://openai.com/gptbot)" "-"
2a03:2880:f800:: - - [19/Jan/2026:00:49:32 +0100] "GET /detail/foldless/4230801875?fileloc=/homepages/38/d934194269/htdocs/clickandbuilds/luxembourgauction/wp-config-sample.php&path=/homepages/38/d934194269/htdocs/clickandbuilds/luxembourgauction HTTP/1.1" 200 16322 luxembourgauction.com "-" "meta-externalagent/1.1 (+https://developers.facebook.com/docs/sharing/webmasters/crawler)" "-"
216.73.216.0 - - [19/Jan/2026:00:49:33 +0100] "GET /detail/sciotheric/1002708004?fileloc=%2Fhomepages%2F38%2Fd934194269%2Fhtdocs%2Fclickandbuilds%2Fluxembourgauction%2Fwp-includes%2Fdefault-widgets.php&path=%2Fhomepages%2F38%2Fd934194269%2Fhtdocs%2Fclickandbuilds%2Fluxembourgauction%2Fwp-includes HTTP/1.1" 200 15251 luxembourgauction.com "-" "Mozilla/5.0 AppleWebKit/537.36 (KHTML, like Gecko; compatible; ClaudeBot/1.0; +claudebot@anthropic.com)" "-"
74.7.227.0 - - [19/Jan/2026:00:49:34 +0100] "GET /?fileloc=//kunden/bin/mariadb-waitpid&path=//kunden/bin HTTP/1.1" 200 4594061 luxembourgauction.com "http://luxembourgauction.com/?path=//kunden/bin" "Mozilla/5.0 AppleWebKit/537.36 (KHTML, like Gecko; compatible; GPTBot/1.3; +https://openai.com/gptbot)" "-"
2a03:2880:f800:: - - [19/Jan/2026:00:49:34 +0100] "GET /detail/comfortably/247187903 HTTP/1.1" 200 59651 luxembourgauction.com "-" "meta-externalagent/1.1 (+https://developers.facebook.com/docs/sharing/webmasters/crawler)" "-"
216.73.216.0 - - [19/Jan/2026:00:49:36 +0100] "GET /detail/lumpier/565540549?fileloc=%2Fhomepages%2F38%2Fd934194269%2Fhtdocs%2Fclickandbuilds%2Fluxembourgauction%2Fwp-admin%2Fload-scripts.php&path=%2Fhomepages%2F38%2Fd934194269%2Fhtdocs%2Fclickandbuilds%2Fluxembourgauction%2Fwp-admin HTTP/1.1" 200 15134 luxembourgauction.com "-" "Mozilla/5.0 AppleWebKit/537.36 (KHTML, like Gecko; compatible; ClaudeBot/1.0; +claudebot@anthropic.com)" "-"
74.7.227.0 - - [19/Jan/2026:00:49:37 +0100] "GET /?fileloc=//kunden/bin/mariadb&path=//kunden/bin HTTP/1.1" 200 5383668 luxembourgauction.com "http://luxembourgauction.com/?path=//kunden/bin" "Mozilla/5.0 AppleWebKit/537.36 (KHTML, like Gecko; compatible; GPTBot/1.3; +https://openai.com/gptbot)" "-"
2a03:2880:f800:: - - [19/Jan/2026:00:49:37 +0100] "GET /detail/copesmate/3236464501?fileloc=/homepages/38/d934194269/htdocs/clickandbuilds/luxembourgauction/wp-settings.php&path=/homepages/38/d934194269/htdocs/clickandbuilds/luxembourgauction HTTP/1.1" 200 46078 luxembourgauction.com "-" "meta-externalagent/1.1 (+https://developers.facebook.com/docs/sharing/webmasters/crawler)" "-"
216.73.216.0 - - [19/Jan/2026:00:49:39 +0100] "GET /detail/pervious/2568506552?fileloc=%2Fhomepages%2F38%2Fd934194269%2Fhtdocs%2Fclickandbuilds%2Fluxembourgauction%2Fwp-includes%2Fversion.php&path=%2Fhomepages%2F38%2Fd934194269%2Fhtdocs%2Fclickandbuilds%2Fluxembourgauction%2Fwp-includes HTTP/1.1" 200 13913 luxembourgauction.com "-" "Mozilla/5.0 AppleWebKit/537.36 (KHTML, like Gecko; compatible; ClaudeBot/1.0; +claudebot@anthropic.com)" "-"
74.7.227.0 - - [19/Jan/2026:00:49:40 +0100] "GET /?fileloc=//kunden/bin/x86_64-linux-gnu-gcov-tool&path=//kunden/bin HTTP/1.1" 200 426763 luxembourgauction.com "http://luxembourgauction.com/?path=//kunden/bin" "Mozilla/5.0 AppleWebKit/537.36 (KHTML, like Gecko; compatible; GPTBot/1.3; +https://openai.com/gptbot)" "-"
2a03:2880:f800:: - - [19/Jan/2026:00:49:41 +0100] "GET /detail/knapsack/710800813?fileloc=/homepages/38/d934194269/htdocs/clickandbuilds/luxembourgauction/license.txt&path=/homepages/38/d934194269/htdocs/clickandbuilds/luxembourgauction HTTP/1.1" 200 32681 luxembourgauction.com "-" "meta-externalagent/1.1 (+https://developers.facebook.com/docs/sharing/webmasters/crawler)" "-"
216.73.216.0 - - [19/Jan/2026:00:49:42 +0100] "GET /detail/pervious/2568506552?fileloc=%2Fhomepages%2F38%2Fd934194269%2Fhtdocs%2Fclickandbuilds%2Fluxembourgauction%2Fwp-includes%2Fwp-db.php&path=%2Fhomepages%2F38%2Fd934194269%2Fhtdocs%2Fclickandbuilds%2Fluxembourgauction%2Fwp-includes HTTP/1.1" 200 13226 luxembourgauction.com "-" "Mozilla/5.0 AppleWebKit/537.36 (KHTML, like Gecko; compatible; ClaudeBot/1.0; +claudebot@anthropic.com)" "-"
74.7.227.0 - - [19/Jan/2026:00:49:43 +0100] "GET /?fileloc=//kunden/bin/cat&path=//kunden/bin HTTP/1.1" 200 72879 luxembourgauction.com "http://luxembourgauction.com/?path=//kunden/bin" "Mozilla/5.0 AppleWebKit/537.36 (KHTML, like Gecko; compatible; GPTBot/1.3; +https://openai.com/gptbot)" "-"
2a03:2880:f800:: - - [19/Jan/2026:00:49:43 +0100] "GET /detail/spontaneousness/2072480398?fileloc=/homepages/38/d934194269/htdocs/clickandbuilds/luxembourgauction/wp-comments-post.php&path=/homepages/38/d934194269/htdocs/clickandbuilds/luxembourgauction HTTP/1.1" 200 15277 luxembourgauction.com "-" "meta-externalagent/1.1 (+https://developers.facebook.com/docs/sharing/webmasters/crawler)" "-"
216.73.216.0 - - [19/Jan/2026:00:49:45 +0100] "GET /detail/inciting/263039784?fileloc=%2Fhomepages%2F38%2Fd934194269%2Fhtdocs%2Fclickandbuilds%2Fluxembourgauction%2Fwp-includes%2Fclass-wp-comment.php&path=%2Fhomepages%2F38%2Fd934194269%2Fhtdocs%2Fclickandbuilds%2Fluxembourgauction%2Fwp-includes HTTP/1.1" 200 23159 luxembourgauction.com "-" "Mozilla/5.0 AppleWebKit/537.36 (KHTML, like Gecko; compatible; ClaudeBot/1.0; +claudebot@anthropic.com)" "-"
74.7.227.0 - - [19/Jan/2026:00:49:46 +0100] "GET /?fileloc=//kunden/bin/pinentry&path=//kunden/bin HTTP/1.1" 200 105877 luxembourgauction.com "http://luxembourgauction.com/?path=//kunden/bin" "Mozilla/5.0 AppleWebKit/537.36 (KHTML, like Gecko; compatible; GPTBot/1.3; +https://openai.com/gptbot)" "-"
2a03:2880:f800:: - - [19/Jan/2026:00:49:47 +0100] "GET /detail/unflexible/3662967219?path=/homepages/38/d934194269/htdocs/clickandbuilds/luxembourgauction/.opcache HTTP/1.1" 200 17929 luxembourgauction.com "-" "meta-externalagent/1.1 (+https://developers.facebook.com/docs/sharing/webmasters/crawler)" "-"
216.73.216.0 - - [19/Jan/2026:00:49:48 +0100] "GET /detail/unfrequency/3570579974?fileloc=%2Fhomepages%2F38%2Fd934194269%2Fhtdocs%2Fclickandbuilds%2Fluxembourgauction%2Fwp-includes%2Fclass-oembed.php&path=%2Fhomepages%2F38%2Fd934194269%2Fhtdocs%2Fclickandbuilds%2Fluxembourgauction%2Fwp-includes HTTP/1.1" 200 13169 luxembourgauction.com "-" "Mozilla/5.0 AppleWebKit/537.36 (KHTML, like Gecko; compatible; ClaudeBot/1.0; +claudebot@anthropic.com)" "-"
74.7.227.0 - - [19/Jan/2026:00:49:49 +0100] "GET /?fileloc=//kunden/kunden/kunden/kunden/kunden/kunden/kunden/proc/thread-self/root/lib/locale/ca_ES@euro/LC_NUMERIC&path=//kunden/kunden/kunden/kunden/kunden/kunden/kunden/proc/thread-self/root/lib/locale/ca_ES@euro HTTP/1.1" 200 13331 luxembourgauction.com "http://luxembourgauction.com/?path=//kunden/kunden/kunden/kunden/kunden/kunden/kunden/proc/thread-self/root/lib/locale/ca_ES@euro" "Mozilla/5.0 AppleWebKit/537.36 (KHTML, like Gecko; compatible; GPTBot/1.3; +https://openai.com/gptbot)" "-"
2a03:2880:f800:: - - [19/Jan/2026:00:49:49 +0100] "GET /detail/skimmerton/2254713181?fileloc=/homepages/38/d934194269/htdocs/clickandbuilds/luxembourgauction/.htaccess&path=/homepages/38/d934194269/htdocs/clickandbuilds/luxembourgauction HTTP/1.1" 200 14695 luxembourgauction.com "-" "meta-externalagent/1.1 (+https://developers.facebook.com/docs/sharing/webmasters/crawler)" "-"
216.73.216.0 - - [19/Jan/2026:00:49:51 +0100] "GET /detail/clachan/381328757?fileloc=%2Fhomepages%2F38%2Fd934194269%2Fhtdocs%2Fclickandbuilds%2Fluxembourgauction%2Fwp-includes%2Fclass-wp-editor.php&path=%2Fhomepages%2F38%2Fd934194269%2Fhtdocs%2Fclickandbuilds%2Fluxembourgauction%2Fwp-includes HTTP/1.1" 200 100927 luxembourgauction.com "-" "Mozilla/5.0 AppleWebKit/537.36 (KHTML, like Gecko; compatible; ClaudeBot/1.0; +claudebot@anthropic.com)" "-"
74.7.227.0 - - [19/Jan/2026:00:49:52 +0100] "GET /?fileloc=//kunden/bin/pnmmontage&path=//kunden/bin HTTP/1.1" 200 35603 luxembourgauction.com "http://luxembourgauction.com/?path=//kunden/bin" "Mozilla/5.0 AppleWebKit/537.36 (KHTML, like Gecko; compatible; GPTBot/1.3; +https://openai.com/gptbot)" "-"
2a03:2880:f800:: - - [19/Jan/2026:00:49:53 +0100] "GET /detail/rancour/3450806794?fileloc=/homepages/38/d934194269/htdocs/clickandbuilds/luxembourgauction/wp-config-sample.php&path=/homepages/38/d934194269/htdocs/clickandbuilds/luxembourgauction HTTP/1.1" 200 16322 luxembourgauction.com "-" "meta-externalagent/1.1 (+https://developers.facebook.com/docs/sharing/webmasters/crawler)" "-"
216.73.216.0 - - [19/Jan/2026:00:49:54 +0100] "GET /detail/malosma/238326418?fileloc=%2Fhomepages%2F38%2Fd934194269%2Fhtdocs%2Fclickandbuilds%2Fluxembourgauction%2Fwp-includes%2Ffeed-rss2-comments.php&path=%2Fhomepages%2F38%2Fd934194269%2Fhtdocs%2Fclickandbuilds%2Fluxembourgauction%2Fwp-includes HTTP/1.1" 200 17711 luxembourgauction.com "-" "Mozilla/5.0 AppleWebKit/537.36 (KHTML, like Gecko; compatible; ClaudeBot/1.0; +claudebot@anthropic.com)" "-"
2a03:2880:f800:: - - [19/Jan/2026:00:49:55 +0100] "GET /detail/sarlac/3647864297?fileloc=/homepages/38/d934194269/htdocs/clickandbuilds/luxembourgauction/wp-load.php&path=/homepages/38/d934194269/htdocs/clickandbuilds/luxembourgauction HTTP/1.1" 200 17313 luxembourgauction.com "-" "meta-externalagent/1.1 (+https://developers.facebook.com/docs/sharing/webmasters/crawler)" "-"
74.7.227.0 - - [19/Jan/2026:00:49:56 +0100] "GET /?fileloc=//kunden/bin/wrjpgcom&path=//kunden/bin HTTP/1.1" 200 29424 luxembourgauction.com "http://luxembourgauction.com/?path=//kunden/bin" "Mozilla/5.0 AppleWebKit/537.36 (KHTML, like Gecko; compatible; GPTBot/1.3; +https://openai.com/gptbot)" "-"
216.73.216.0 - - [19/Jan/2026:00:49:58 +0100] "GET /detail/osnaburg/3234074491?path=%2Fhomepages%2F38%2Fd934194269%2Fhtdocs%2Fclickandbuilds%2Fluxembourgauction%2Fwp-content HTTP/1.1" 200 41911 luxembourgauction.com "-" "Mozilla/5.0 AppleWebKit/537.36 (KHTML, like Gecko; compatible; ClaudeBot/1.0; +claudebot@anthropic.com)" "-"
2a03:2880:f800:: - - [19/Jan/2026:00:49:59 +0100] "GET /detail/barytes/3815171021?fileloc=/homepages/38/d934194269/htdocs/clickandbuilds/luxembourgauction/wp-trackback.php&path=/homepages/38/d934194269/htdocs/clickandbuilds/luxembourgauction HTTP/1.1" 200 18602 luxembourgauction.com "-" "meta-externalagent/1.1 (+https://developers.facebook.com/docs/sharing/webmasters/crawler)" "-"
74.7.227.0 - - [19/Jan/2026:00:49:59 +0100] "GET /?fileloc=//kunden/etc/rmt&path=//kunden/etc HTTP/1.1" 200 101720 luxembourgauction.com "http://luxembourgauction.com/?path=//kunden/etc" "Mozilla/5.0 AppleWebKit/537.36 (KHTML, like Gecko; compatible; GPTBot/1.3; +https://openai.com/gptbot)" "-"
216.73.216.0 - - [19/Jan/2026:00:50:01 +0100] "GET /detail/implunge/2887377515?fileloc=%2Fhomepages%2F38%2Fd934194269%2Fhtdocs%2Fclickandbuilds%2Fluxembourgauction%2Fwp-includes%2Fclass-wp-roles.php&path=%2Fhomepages%2F38%2Fd934194269%2Fhtdocs%2Fclickandbuilds%2Fluxembourgauction%2Fwp-includes HTTP/1.1" 200 21852 luxembourgauction.com "-" "Mozilla/5.0 AppleWebKit/537.36 (KHTML, like Gecko; compatible; ClaudeBot/1.0; +claudebot@anthropic.com)" "-"
2a03:2880:f800:: - - [19/Jan/2026:00:50:01 +0100] "GET /detail/coeternity/4154297671?fileloc=/homepages/38/d934194269/htdocs/clickandbuilds/luxembourgauction/robots.txt&path=/homepages/38/d934194269/htdocs/clickandbuilds/luxembourgauction HTTP/1.1" 200 12685 luxembourgauction.com "-" "meta-externalagent/1.1 (+https://developers.facebook.com/docs/sharing/webmasters/crawler)" "-"
74.7.227.0 - - [19/Jan/2026:00:50:02 +0100] "GET /?fileloc=//kunden/etc/issue.net&path=//kunden/etc HTTP/1.1" 200 12260 luxembourgauction.com "http://luxembourgauction.com/?path=//kunden/etc" "Mozilla/5.0 AppleWebKit/537.36 (KHTML, like Gecko; compatible; GPTBot/1.3; +https://openai.com/gptbot)" "-"
216.73.216.0 - - [19/Jan/2026:00:50:04 +0100] "GET /detail/rabid/2911042321?path=%2Fhomepages%2F38%2Fd934194269%2Fhtdocs%2Fclickandbuilds%2Fluxembourgauction%2Fwp-includes%2Fimages%2Fmedia HTTP/1.1" 200 48029 luxembourgauction.com "-" "Mozilla/5.0 AppleWebKit/537.36 (KHTML, like Gecko; compatible; ClaudeBot/1.0; +claudebot@anthropic.com)" "-"
2a03:2880:f800:: - - [19/Jan/2026:00:50:05 +0100] "GET /detail/reata/976432262?fileloc=/homepages/38/d934194269/htdocs/clickandbuilds/luxembourgauction/uktkg.php&path=/homepages/38/d934194269/htdocs/clickandbuilds/luxembourgauction HTTP/1.1" 200 56305 luxembourgauction.com "-" "meta-externalagent/1.1 (+https://developers.facebook.com/docs/sharing/webmasters/crawler)" "-"
74.7.227.0 - - [19/Jan/2026:00:50:05 +0100] "GET /?fileloc=//kunden/bin/pbmtonokia&path=//kunden/bin HTTP/1.1" 200 29031 luxembourgauction.com "http://luxembourgauction.com/?path=//kunden/bin" "Mozilla/5.0 AppleWebKit/537.36 (KHTML, like Gecko; compatible; GPTBot/1.3; +https://openai.com/gptbot)" "-"
216.73.216.0 - - [19/Jan/2026:00:50:07 +0100] "GET /detail/saccharizing/2745086091?fileloc=%2Fhomepages%2F38%2Fd934194269%2Fhtdocs%2Fclickandbuilds%2Fluxembourgauction%2Fwp-includes%2Fclass-wp-network.php&path=%2Fhomepages%2F38%2Fd934194269%2Fhtdocs%2Fclickandbuilds%2Fluxembourgauction%2Fwp-includes HTTP/1.1" 200 26018 luxembourgauction.com "-" "Mozilla/5.0 AppleWebKit/537.36 (KHTML, like Gecko; compatible; ClaudeBot/1.0; +claudebot@anthropic.com)" "-"
2a03:2880:f800:: - - [19/Jan/2026:00:50:08 +0100] "GET /detail/experience/338007255?fileloc=/homepages/38/d934194269/htdocs/clickandbuilds/luxembourgauction/index.php&path=/homepages/38/d934194269/htdocs/clickandbuilds/luxembourgauction HTTP/1.1" 200 35439 luxembourgauction.com "-" "meta-externalagent/1.1 (+https://developers.facebook.com/docs/sharing/webmasters/crawler)" "-"
74.7.227.0 - - [19/Jan/2026:00:50:09 +0100] "GET /?fileloc=//kunden/bin/jpico&path=//kunden/bin HTTP/1.1" 200 1097670 luxembourgauction.com "http://luxembourgauction.com/?path=//kunden/bin" "Mozilla/5.0 AppleWebKit/537.36 (KHTML, like Gecko; compatible; GPTBot/1.3; +https://openai.com/gptbot)" "-"
216.73.216.0 - - [19/Jan/2026:00:50:10 +0100] "GET /detail/inherited/1264885995?path=%2Fhomepages%2F38%2Fd934194269%2Fhtdocs%2Fclickandbuilds%2Fluxembourgauction%2F.opcache HTTP/1.1" 200 17929 luxembourgauction.com "-" "Mozilla/5.0 AppleWebKit/537.36 (KHTML, like Gecko; compatible; ClaudeBot/1.0; +claudebot@anthropic.com)" "-"
2a03:2880:f800:: - - [19/Jan/2026:00:50:11 +0100] "GET /detail/dredger/241387000?fileloc=/homepages/38/d934194269/htdocs/clickandbuilds/luxembourgauction/wp-blog-header.php&path=/homepages/38/d934194269/htdocs/clickandbuilds/luxembourgauction HTTP/1.1" 200 13183 luxembourgauction.com "-" "meta-externalagent/1.1 (+https://developers.facebook.com/docs/sharing/webmasters/crawler)" "-"
74.7.227.0 - - [19/Jan/2026:00:50:12 +0100] "GET /?fileloc=//kunden/bin/comm&path=//kunden/bin HTTP/1.1" 200 73660 luxembourgauction.com "http://luxembourgauction.com/?path=//kunden/bin" "Mozilla/5.0 AppleWebKit/537.36 (KHTML, like Gecko; compatible; GPTBot/1.3; +https://openai.com/gptbot)" "-"
2a03:2880:f800:: - - [19/Jan/2026:00:50:14 +0100] "GET /detail/echinodermal/4178666100?fileloc=/homepages/38/d934194269/htdocs/clickandbuilds/luxembourgauction/index.php&path=/homepages/38/d934194269/htdocs/clickandbuilds/luxembourgauction HTTP/1.1" 200 35439 luxembourgauction.com "-" "meta-externalagent/1.1 (+https://developers.facebook.com/docs/sharing/webmasters/crawler)" "-"
74.7.227.0 - - [19/Jan/2026:00:50:15 +0100] "GET /?fileloc=//kunden/bin/rdoc&path=//kunden/bin HTTP/1.1" 200 12831 luxembourgauction.com "http://luxembourgauction.com/?path=//kunden/bin" "Mozilla/5.0 AppleWebKit/537.36 (KHTML, like Gecko; compatible; GPTBot/1.3; +https://openai.com/gptbot)" "-"
2a03:2880:f800:: - - [19/Jan/2026:00:50:16 +0100] "GET /detail/vermuth/419576295?fileloc=/homepages/38/d934194269/htdocs/clickandbuilds/luxembourgauction/txets.php&path=/homepages/38/d934194269/htdocs/clickandbuilds/luxembourgauction HTTP/1.1" 200 18203 luxembourgauction.com "-" "meta-externalagent/1.1 (+https://developers.facebook.com/docs/sharing/webmasters/crawler)" "-"
74.7.227.0 - - [19/Jan/2026:00:50:18 +0100] "GET /?fileloc=//kunden/etc/inputrc&path=//kunden/etc HTTP/1.1" 200 14261 luxembourgauction.com "http://luxembourgauction.com/?path=//kunden/etc" "Mozilla/5.0 AppleWebKit/537.36 (KHTML, like Gecko; compatible; GPTBot/1.3; +https://openai.com/gptbot)" "-"
2a03:2880:f800:: - - [19/Jan/2026:00:50:20 +0100] "GET /detail/cliency/959325859?fileloc=/homepages/38/d934194269/htdocs/clickandbuilds/luxembourgauction/txets.php&path=/homepages/38/d934194269/htdocs/clickandbuilds/luxembourgauction HTTP/1.1" 200 18203 luxembourgauction.com "-" "meta-externalagent/1.1 (+https://developers.facebook.com/docs/sharing/webmasters/crawler)" "-"
74.7.227.0 - - [19/Jan/2026:00:50:21 +0100] "GET /?fileloc=//kunden/bin/debconf-show&path=//kunden/bin HTTP/1.1" 200 14339 luxembourgauction.com "http://luxembourgauction.com/?path=//kunden/bin" "Mozilla/5.0 AppleWebKit/537.36 (KHTML, like Gecko; compatible; GPTBot/1.3; +https://openai.com/gptbot)" "-"
2a03:2880:f800:: - - [19/Jan/2026:00:50:23 +0100] "GET /detail/aggravatingly/4040975209?fileloc=/homepages/38/d934194269/htdocs/clickandbuilds/luxembourgauction/gheym.php&path=/homepages/38/d934194269/htdocs/clickandbuilds/luxembourgauction HTTP/1.1" 200 45079 luxembourgauction.com "-" "meta-externalagent/1.1 (+https://developers.facebook.com/docs/sharing/webmasters/crawler)" "-"
74.7.227.0 - - [19/Jan/2026:00:50:24 +0100] "GET /?fileloc=//kunden/bin/mariadb-show&path=//kunden/bin HTTP/1.1" 200 5018384 luxembourgauction.com "http://luxembourgauction.com/?path=//kunden/bin" "Mozilla/5.0 AppleWebKit/537.36 (KHTML, like Gecko; compatible; GPTBot/1.3; +https://openai.com/gptbot)" "-"
2a03:2880:f800:: - - [19/Jan/2026:00:50:26 +0100] "GET /detail/camptosorus/1851373232?fileloc=/homepages/38/d934194269/htdocs/clickandbuilds/luxembourgauction/robots.txt&path=/homepages/38/d934194269/htdocs/clickandbuilds/luxembourgauction HTTP/1.1" 200 12685 luxembourgauction.com "-" "meta-externalagent/1.1 (+https://developers.facebook.com/docs/sharing/webmasters/crawler)" "-"
74.7.227.0 - - [19/Jan/2026:00:50:27 +0100] "GET /?fileloc=//kunden/kunden/kunden/kunden/kunden/kunden/kunden/proc/thread-self/root/proc/thread-self/root/sbin/update-default-aspell&path=//kunden/kunden/kunden/kunden/kunden/kunden/kunden/proc/thread-self/root/proc/thread-self/root/sbin HTTP/1.1" 200 14482 luxembourgauction.com "http://luxembourgauction.com/?path=//kunden/kunden/kunden/kunden/kunden/kunden/kunden/proc/thread-self/root/proc/thread-self/root/sbin" "Mozilla/5.0 AppleWebKit/537.36 (KHTML, like Gecko; compatible; GPTBot/1.3; +https://openai.com/gptbot)" "-"
2a03:2880:f800:: - - [19/Jan/2026:00:50:28 +0100] "GET /detail/baccated/1762040210?fileloc=/homepages/38/d934194269/htdocs/clickandbuilds/luxembourgauction/wp-load.php&path=/homepages/38/d934194269/htdocs/clickandbuilds/luxembourgauction HTTP/1.1" 200 17313 luxembourgauction.com "-" "meta-externalagent/1.1 (+https://developers.facebook.com/docs/sharing/webmasters/crawler)" "-"
74.7.227.0 - - [19/Jan/2026:00:50:30 +0100] "GET /?fileloc=//kunden/kunden/kunden/kunden/kunden/kunden/kunden/proc/thread-self/root/proc/thread-self/root/sbin/update-default-ispell&path=//kunden/kunden/kunden/kunden/kunden/kunden/kunden/proc/thread-self/root/proc/thread-self/root/sbin HTTP/1.1" 200 24305 luxembourgauction.com "http://luxembourgauction.com/?path=//kunden/kunden/kunden/kunden/kunden/kunden/kunden/proc/thread-self/root/proc/thread-self/root/sbin" "Mozilla/5.0 AppleWebKit/537.36 (KHTML, like Gecko; compatible; GPTBot/1.3; +https://openai.com/gptbot)" "-"
2a03:2880:f800:: - - [19/Jan/2026:00:50:32 +0100] "GET /detail/planchet/3395076363?fileloc=/homepages/38/d934194269/htdocs/clickandbuilds/luxembourgauction/wp-load.php&path=/homepages/38/d934194269/htdocs/clickandbuilds/luxembourgauction HTTP/1.1" 200 17313 luxembourgauction.com "-" "meta-externalagent/1.1 (+https://developers.facebook.com/docs/sharing/webmasters/crawler)" "-"
74.7.227.0 - - [19/Jan/2026:00:50:34 +0100] "GET /?fileloc=//kunden/kunden/kunden/kunden/kunden/kunden/kunden/proc/thread-self/root/proc/thread-self/root/sbin/update-default-wordlist&path=//kunden/kunden/kunden/kunden/kunden/kunden/kunden/proc/thread-self/root/proc/thread-self/root/sbin HTTP/1.1" 200 21766 luxembourgauction.com "http://luxembourgauction.com/?path=//kunden/kunden/kunden/kunden/kunden/kunden/kunden/proc/thread-self/root/proc/thread-self/root/sbin" "Mozilla/5.0 AppleWebKit/537.36 (KHTML, like Gecko; compatible; GPTBot/1.3; +https://openai.com/gptbot)" "-"
2a03:2880:f800:: - - [19/Jan/2026:00:50:34 +0100] "GET /detail/mustily/759249205?fileloc=/homepages/38/d934194269/htdocs/clickandbuilds/luxembourgauction/.htaccess&path=/homepages/38/d934194269/htdocs/clickandbuilds/luxembourgauction HTTP/1.1" 200 14695 luxembourgauction.com "-" "meta-externalagent/1.1 (+https://developers.facebook.com/docs/sharing/webmasters/crawler)" "-"
216.73.216.0 - - [19/Jan/2026:00:50:35 +0100] "GET /detail/pervious/2568506552?fileloc=%2Fhomepages%2F38%2Fd934194269%2Fhtdocs%2Fclickandbuilds%2Fluxembourgauction%2Fwp-includes%2Fjs%2FhoverIntent.js&path=%2Fhomepages%2F38%2Fd934194269%2Fhtdocs%2Fclickandbuilds%2Fluxembourgauction%2Fwp-includes%2Fjs HTTP/1.1" 200 20297 luxembourgauction.com "-" "Mozilla/5.0 AppleWebKit/537.36 (KHTML, like Gecko; compatible; ClaudeBot/1.0; +claudebot@anthropic.com)" "-"
74.7.227.0 - - [19/Jan/2026:00:50:37 +0100] "GET /?fileloc=//kunden/kunden/kunden/kunden/kunden/kunden/kunden/proc/thread-self/root/proc/thread-self/root/sbin/update-rc.d&path=//kunden/kunden/kunden/kunden/kunden/kunden/kunden/proc/thread-self/root/proc/thread-self/root/sbin HTTP/1.1" 200 66409 luxembourgauction.com "http://luxembourgauction.com/?path=//kunden/kunden/kunden/kunden/kunden/kunden/kunden/proc/thread-self/root/proc/thread-self/root/sbin" "Mozilla/5.0 AppleWebKit/537.36 (KHTML, like Gecko; compatible; GPTBot/1.3; +https://openai.com/gptbot)" "-"
216.73.216.0 - - [19/Jan/2026:00:50:37 +0100] "GET /detail/climatal/2044831738?path=%2Fhomepages%2F38%2Fd934194269%2Fhtdocs%2Fclickandbuilds%2Fluxembourgauction%2Fimages HTTP/1.1" 200 17882 luxembourgauction.com "-" "Mozilla/5.0 AppleWebKit/537.36 (KHTML, like Gecko; compatible; ClaudeBot/1.0; +claudebot@anthropic.com)" "-"
2a03:2880:f800:: - - [19/Jan/2026:00:50:37 +0100] "GET /detail/subnormal/3275508983?fileloc=/homepages/38/d934194269/htdocs/clickandbuilds/luxembourgauction/txets.php&path=/homepages/38/d934194269/htdocs/clickandbuilds/luxembourgauction HTTP/1.1" 200 18203 luxembourgauction.com "-" "meta-externalagent/1.1 (+https://developers.facebook.com/docs/sharing/webmasters/crawler)" "-"
74.7.227.0 - - [19/Jan/2026:00:50:40 +0100] "GET /?fileloc=//kunden/kunden/kunden/kunden/kunden/kunden/kunden/proc/thread-self/root/proc/thread-self/root/sbin/update-ca-certificates&path=//kunden/kunden/kunden/kunden/kunden/kunden/kunden/proc/thread-self/root/proc/thread-self/root/sbin HTTP/1.1" 200 20171 luxembourgauction.com "http://luxembourgauction.com/?path=//kunden/kunden/kunden/kunden/kunden/kunden/kunden/proc/thread-self/root/proc/thread-self/root/sbin" "Mozilla/5.0 AppleWebKit/537.36 (KHTML, like Gecko; compatible; GPTBot/1.3; +https://openai.com/gptbot)" "-"
216.73.216.0 - - [19/Jan/2026:00:50:40 +0100] "GET /detail/biggest/951874228?fileloc=%2Fhomepages%2F38%2Fd934194269%2Fhtdocs%2Fclickandbuilds%2Fluxembourgauction%2Fwp-includes%2Fjs%2Fwp-pointer.js&path=%2Fhomepages%2F38%2Fd934194269%2Fhtdocs%2Fclickandbuilds%2Fluxembourgauction%2Fwp-includes%2Fjs HTTP/1.1" 200 23772 luxembourgauction.com "-" "Mozilla/5.0 AppleWebKit/537.36 (KHTML, like Gecko; compatible; ClaudeBot/1.0; +claudebot@anthropic.com)" "-"
2a03:2880:f800:: - - [19/Jan/2026:00:50:40 +0100] "GET /detail/psyllium/3743226755?fileloc=/homepages/38/d934194269/htdocs/clickandbuilds/luxembourgauction/robots.txt&path=/homepages/38/d934194269/htdocs/clickandbuilds/luxembourgauction HTTP/1.1" 200 12685 luxembourgauction.com "-" "meta-externalagent/1.1 (+https://developers.facebook.com/docs/sharing/webmasters/crawler)" "-"
2a03:2880:f800:: - - [19/Jan/2026:00:50:43 +0100] "GET /detail/conventionalist/493280224?fileloc=/homepages/38/d934194269/htdocs/clickandbuilds/luxembourgauction/gheym.php&path=/homepages/38/d934194269/htdocs/clickandbuilds/luxembourgauction HTTP/1.1" 200 45079 luxembourgauction.com "-" "meta-externalagent/1.1 (+https://developers.facebook.com/docs/sharing/webmasters/crawler)" "-"
74.7.227.0 - - [19/Jan/2026:00:50:43 +0100] "GET /?fileloc=//kunden/kunden/kunden/kunden/kunden/kunden/kunden/proc/thread-self/root/proc/thread-self/root/sbin/pam-auth-update&path=//kunden/kunden/kunden/kunden/kunden/kunden/kunden/proc/thread-self/root/proc/thread-self/root/sbin HTTP/1.1" 200 36247 luxembourgauction.com "http://luxembourgauction.com/?path=//kunden/kunden/kunden/kunden/kunden/kunden/kunden/proc/thread-self/root/proc/thread-self/root/sbin" "Mozilla/5.0 AppleWebKit/537.36 (KHTML, like Gecko; compatible; GPTBot/1.3; +https://openai.com/gptbot)" "-"
216.73.216.0 - - [19/Jan/2026:00:50:43 +0100] "GET /detail/echites/21038690?fileloc=%2Fhomepages%2F38%2Fd934194269%2Fhtdocs%2Fclickandbuilds%2Fluxembourgauction%2Fwp-includes%2Fcapabilities.php&path=%2Fhomepages%2F38%2Fd934194269%2Fhtdocs%2Fclickandbuilds%2Fluxembourgauction%2Fwp-includes HTTP/1.1" 200 60045 luxembourgauction.com "-" "Mozilla/5.0 AppleWebKit/537.36 (KHTML, like Gecko; compatible; ClaudeBot/1.0; +claudebot@anthropic.com)" "-"
2a03:2880:f800:: - - [19/Jan/2026:00:50:46 +0100] "GET /detail/escopet/3820971892?fileloc=/homepages/38/d934194269/htdocs/clickandbuilds/luxembourgauction/.htaccess&path=/homepages/38/d934194269/htdocs/clickandbuilds/luxembourgauction HTTP/1.1" 200 14695 luxembourgauction.com "-" "meta-externalagent/1.1 (+https://developers.facebook.com/docs/sharing/webmasters/crawler)" "-"
216.73.216.0 - - [19/Jan/2026:00:50:46 +0100] "GET /detail/trending/3497221115?fileloc=%2Fhomepages%2F35%2Fd938933229%2FDASTOOLSTART&path=%2Fhomepages%2F35%2Fd938933229 HTTP/1.1" 200 12316 luxembourgauction.com "-" "Mozilla/5.0 AppleWebKit/537.36 (KHTML, like Gecko; compatible; ClaudeBot/1.0; +claudebot@anthropic.com)" "-"
74.7.227.0 - - [19/Jan/2026:00:50:46 +0100] "GET /?fileloc=//kunden/kunden/kunden/kunden/kunden/kunden/kunden/proc/thread-self/root/proc/thread-self/root/sbin/update-gsfontmap&path=//kunden/kunden/kunden/kunden/kunden/kunden/kunden/proc/thread-self/root/proc/thread-self/root/sbin HTTP/1.1" 200 14003 luxembourgauction.com "http://luxembourgauction.com/?path=//kunden/kunden/kunden/kunden/kunden/kunden/kunden/proc/thread-self/root/proc/thread-self/root/sbin" "Mozilla/5.0 AppleWebKit/537.36 (KHTML, like Gecko; compatible; GPTBot/1.3; +https://openai.com/gptbot)" "-"
2a03:2880:f800:: - - [19/Jan/2026:00:50:49 +0100] "GET /detail/gruntle/2866934050?path=/homepages/38/d934194269/htdocs/clickandbuilds/luxembourgauction/.tmb HTTP/1.1" 200 16579 luxembourgauction.com "-" "meta-externalagent/1.1 (+https://developers.facebook.com/docs/sharing/webmasters/crawler)" "-"
216.73.216.0 - - [19/Jan/2026:00:50:49 +0100] "GET /detail/anthropomorphize/65694847?fileloc=%2Fhomepages%2F38%2Fd934194269%2Fhtdocs%2Fclickandbuilds%2Fluxembourgauction%2Fwp-admin%2Fexport.php&path=%2Fhomepages%2F38%2Fd934194269%2Fhtdocs%2Fclickandbuilds%2Fluxembourgauction%2Fwp-admin HTTP/1.1" 200 28034 luxembourgauction.com "-" "Mozilla/5.0 AppleWebKit/537.36 (KHTML, like Gecko; compatible; ClaudeBot/1.0; +claudebot@anthropic.com)" "-"
74.7.227.0 - - [19/Jan/2026:00:50:49 +0100] "GET /?fileloc=//kunden/kunden/kunden/kunden/kunden/kunden/kunden/proc/thread-self/root/proc/thread-self/root/sbin/update-passwd&path=//kunden/kunden/kunden/kunden/kunden/kunden/kunden/proc/thread-self/root/proc/thread-self/root/sbin HTTP/1.1" 200 66411 luxembourgauction.com "http://luxembourgauction.com/?path=//kunden/kunden/kunden/kunden/kunden/kunden/kunden/proc/thread-self/root/proc/thread-self/root/sbin" "Mozilla/5.0 AppleWebKit/537.36 (KHTML, like Gecko; compatible; GPTBot/1.3; +https://openai.com/gptbot)" "-"
2a03:2880:f800:: - - [19/Jan/2026:00:50:52 +0100] "GET /detail/trigram/2971682505?fileloc=/homepages/38/d934194269/htdocs/clickandbuilds/luxembourgauction/gheym.php&path=/homepages/38/d934194269/htdocs/clickandbuilds/luxembourgauction HTTP/1.1" 200 45079 luxembourgauction.com "-" "meta-externalagent/1.1 (+https://developers.facebook.com/docs/sharing/webmasters/crawler)" "-"
216.73.216.0 - - [19/Jan/2026:00:50:52 +0100] "GET /detail/stooked/1399655568?path=%2Fhomepages%2F38%2Fd934194269%2Fhtdocs%2Fclickandbuilds%2Fluxembourgauction%2Fwp-admin%2Fimages HTTP/1.1" 200 150337 luxembourgauction.com "-" "Mozilla/5.0 AppleWebKit/537.36 (KHTML, like Gecko; compatible; ClaudeBot/1.0; +claudebot@anthropic.com)" "-"
74.7.227.0 - - [19/Jan/2026:00:50:52 +0100] "GET /?fileloc=//kunden/kunden/kunden/kunden/kunden/kunden/kunden/proc/thread-self/root/proc/thread-self/root/sbin/update-dictcommon-aspell&path=//kunden/kunden/kunden/kunden/kunden/kunden/kunden/proc/thread-self/root/proc/thread-self/root/sbin HTTP/1.1" 200 14485 luxembourgauction.com "http://luxembourgauction.com/?path=//kunden/kunden/kunden/kunden/kunden/kunden/kunden/proc/thread-self/root/proc/thread-self/root/sbin" "Mozilla/5.0 AppleWebKit/537.36 (KHTML, like Gecko; compatible; GPTBot/1.3; +https://openai.com/gptbot)" "-"
2a03:2880:f800:: - - [19/Jan/2026:00:50:54 +0100] "GET /detail/vaters/1152574443?fileloc=/homepages/38/d934194269/htdocs/clickandbuilds/luxembourgauction/wp-config-sample.php&path=/homepages/38/d934194269/htdocs/clickandbuilds/luxembourgauction HTTP/1.1" 200 16322 luxembourgauction.com "-" "meta-externalagent/1.1 (+https://developers.facebook.com/docs/sharing/webmasters/crawler)" "-"
216.73.216.0 - - [19/Jan/2026:00:50:55 +0100] "GET /detail/obsequiousness/2614278723?fileloc=%2Fhomepages%2F38%2Fd934194269%2Fhtdocs%2Fclickandbuilds%2Fluxembourgauction%2Fwp-includes%2Fcompat.php&path=%2Fhomepages%2F38%2Fd934194269%2Fhtdocs%2Fclickandbuilds%2Fluxembourgauction%2Fwp-includes HTTP/1.1" 200 29701 luxembourgauction.com "-" "Mozilla/5.0 AppleWebKit/537.36 (KHTML, like Gecko; compatible; ClaudeBot/1.0; +claudebot@anthropic.com)" "-"
74.7.227.0 - - [19/Jan/2026:00:50:56 +0100] "GET /?fileloc=//kunden/kunden/kunden/kunden/kunden/kunden/kunden/proc/thread-self/root/proc/thread-self/root/sbin/update-dictcommon-hunspell&path=//kunden/kunden/kunden/kunden/kunden/kunden/kunden/proc/thread-self/root/proc/thread-self/root/sbin HTTP/1.1" 200 14221 luxembourgauction.com "http://luxembourgauction.com/?path=//kunden/kunden/kunden/kunden/kunden/kunden/kunden/proc/thread-self/root/proc/thread-self/root/sbin" "Mozilla/5.0 AppleWebKit/537.36 (KHTML, like Gecko; compatible; GPTBot/1.3; +https://openai.com/gptbot)" "-"
2a03:2880:f800:: - - [19/Jan/2026:00:50:57 +0100] "GET /detail/anfractuosities/2441719136?fileloc=/homepages/38/d934194269/htdocs/clickandbuilds/luxembourgauction/index.php&path=/homepages/38/d934194269/htdocs/clickandbuilds/luxembourgauction HTTP/1.1" 200 35439 luxembourgauction.com "-" "meta-externalagent/1.1 (+https://developers.facebook.com/docs/sharing/webmasters/crawler)" "-"
216.73.216.0 - - [19/Jan/2026:00:50:58 +0100] "GET /detail/acrostichoides/4201984298?path=%2Fhomepages%2F38%2Fd934194269%2Fhtdocs%2Fclickandbuilds%2Fluxembourgauction%2Fwp-includes%2Fblock-supports HTTP/1.1" 200 46519 luxembourgauction.com "-" "Mozilla/5.0 AppleWebKit/537.36 (KHTML, like Gecko; compatible; ClaudeBot/1.0; +claudebot@anthropic.com)" "-"
74.7.227.0 - - [19/Jan/2026:00:50:59 +0100] "GET /?fileloc=//kunden/kunden/kunden/kunden/kunden/kunden/kunden/proc/thread-self/root/proc/thread-self/root/sbin/update-info-dir&path=//kunden/kunden/kunden/kunden/kunden/kunden/kunden/proc/thread-self/root/proc/thread-self/root/sbin HTTP/1.1" 200 15297 luxembourgauction.com "http://luxembourgauction.com/?path=//kunden/kunden/kunden/kunden/kunden/kunden/kunden/proc/thread-self/root/proc/thread-self/root/sbin" "Mozilla/5.0 AppleWebKit/537.36 (KHTML, like Gecko; compatible; GPTBot/1.3; +https://openai.com/gptbot)" "-"
2a03:2880:f800:: - - [19/Jan/2026:00:51:00 +0100] "GET /detail/replevin/3361859587?fileloc=/homepages/38/d934194269/htdocs/clickandbuilds/luxembourgauction/license.txt&path=/homepages/38/d934194269/htdocs/clickandbuilds/luxembourgauction HTTP/1.1" 200 32681 luxembourgauction.com "-" "meta-externalagent/1.1 (+https://developers.facebook.com/docs/sharing/webmasters/crawler)" "-"
216.73.216.0 - - [19/Jan/2026:00:51:01 +0100] "GET /detail/pentacrinus/450816427?path=%2Fhomepages%2F38%2Fd934194269%2Fhtdocs%2Fclickandbuilds%2Fluxembourgauction%2Fwp-includes%2Fblock-supports HTTP/1.1" 200 46519 luxembourgauction.com "-" "Mozilla/5.0 AppleWebKit/537.36 (KHTML, like Gecko; compatible; ClaudeBot/1.0; +claudebot@anthropic.com)" "-"
74.7.227.0 - - [19/Jan/2026:00:51:02 +0100] "GET /?fileloc=//kunden/kunden/kunden/kunden/kunden/kunden/kunden/proc/thread-self/root/proc/thread-self/root/sbin/policy-rc.d&path=//kunden/kunden/kunden/kunden/kunden/kunden/kunden/proc/thread-self/root/proc/thread-self/root/sbin HTTP/1.1" 200 13425 luxembourgauction.com "http://luxembourgauction.com/?path=//kunden/kunden/kunden/kunden/kunden/kunden/kunden/proc/thread-self/root/proc/thread-self/root/sbin" "Mozilla/5.0 AppleWebKit/537.36 (KHTML, like Gecko; compatible; GPTBot/1.3; +https://openai.com/gptbot)" "-"
2a03:2880:f800:: - - [19/Jan/2026:00:51:03 +0100] "GET /detail/pivoting/2575255127?fileloc=/homepages/38/d934194269/htdocs/clickandbuilds/luxembourgauction/wp-settings.php&path=/homepages/38/d934194269/htdocs/clickandbuilds/luxembourgauction HTTP/1.1" 200 46078 luxembourgauction.com "-" "meta-externalagent/1.1 (+https://developers.facebook.com/docs/sharing/webmasters/crawler)" "-"
216.73.216.0 - - [19/Jan/2026:00:51:04 +0100] "GET /detail/pantoble/1348161491?path=%2Fhomepages%2F38%2Fd934194269%2Fhtdocs%2Fclickandbuilds%2Fluxembourgauction%2Fwp-content%2Fuploads%2F2026 HTTP/1.1" 200 16536 luxembourgauction.com "-" "Mozilla/5.0 AppleWebKit/537.36 (KHTML, like Gecko; compatible; ClaudeBot/1.0; +claudebot@anthropic.com)" "-"
74.7.227.0 - - [19/Jan/2026:00:51:05 +0100] "GET /?path=//kunden/kunden/kunden/kunden/kunden/kunden/kunden/proc/thread-self/root/kunden/kunden/kunden/proc/sys/net/unix HTTP/1.1" 200 15939 luxembourgauction.com "http://luxembourgauction.com/?path=//kunden/kunden/kunden/kunden/kunden/kunden/kunden/proc/thread-self/root/kunden/kunden/kunden/proc/sys/net" "Mozilla/5.0 AppleWebKit/537.36 (KHTML, like Gecko; compatible; GPTBot/1.3; +https://openai.com/gptbot)" "-"
2a03:2880:f800:: - - [19/Jan/2026:00:51:06 +0100] "GET /detail/baculine/2217114819?path=/homepages/38/d934194269/htdocs/clickandbuilds/luxembourgauction/.opcache HTTP/1.1" 200 17929 luxembourgauction.com "-" "meta-externalagent/1.1 (+https://developers.facebook.com/docs/sharing/webmasters/crawler)" "-"
216.73.216.0 - - [19/Jan/2026:00:51:07 +0100] "GET /detail/grata/94553391?fileloc=%2Fhomepages%2F38%2Fd934194269%2Fhtdocs%2Fclickandbuilds%2Fluxembourgauction%2Fwp-includes%2Frest-api.php&path=%2Fhomepages%2F38%2Fd934194269%2Fhtdocs%2Fclickandbuilds%2Fluxembourgauction%2Fwp-includes HTTP/1.1" 200 123006 luxembourgauction.com "-" "Mozilla/5.0 AppleWebKit/537.36 (KHTML, like Gecko; compatible; ClaudeBot/1.0; +claudebot@anthropic.com)" "-"
2a03:2880:f800:: - - [19/Jan/2026:00:51:08 +0100] "GET /detail/ferruginea/309948214?fileloc=/homepages/38/d934194269/htdocs/clickandbuilds/luxembourgauction/.htaccess&path=/homepages/38/d934194269/htdocs/clickandbuilds/luxembourgauction HTTP/1.1" 200 14695 luxembourgauction.com "-" "meta-externalagent/1.1 (+https://developers.facebook.com/docs/sharing/webmasters/crawler)" "-"
74.7.227.0 - - [19/Jan/2026:00:51:09 +0100] "GET /?path=//kunden/kunden/kunden/kunden/kunden/kunden/kunden/proc/thread-self/root/kunden/kunden/kunden/proc/sys/net/netfilter HTTP/1.1" 200 72712 luxembourgauction.com "http://luxembourgauction.com/?path=//kunden/kunden/kunden/kunden/kunden/kunden/kunden/proc/thread-self/root/kunden/kunden/kunden/proc/sys/net" "Mozilla/5.0 AppleWebKit/537.36 (KHTML, like Gecko; compatible; GPTBot/1.3; +https://openai.com/gptbot)" "-"
216.73.216.0 - - [19/Jan/2026:00:51:10 +0100] "GET /detail/procedendo/1796306676?fileloc=%2Fhomepages%2F38%2Fd934194269%2Fhtdocs%2Fclickandbuilds%2Fluxembourgauction%2Fwp-admin%2Fcss%2Finstall-rtl.css&path=%2Fhomepages%2F38%2Fd934194269%2Fhtdocs%2Fclickandbuilds%2Fluxembourgauction%2Fwp-admin%2Fcss HTTP/1.1" 200 19079 luxembourgauction.com "-" "Mozilla/5.0 AppleWebKit/537.36 (KHTML, like Gecko; compatible; ClaudeBot/1.0; +claudebot@anthropic.com)" "-"
2a03:2880:f800:: - - [19/Jan/2026:00:51:11 +0100] "GET /detail/meine/3240518575?fileloc=/homepages/38/d934194269/htdocs/clickandbuilds/luxembourgauction/wp-load.php&path=/homepages/38/d934194269/htdocs/clickandbuilds/luxembourgauction HTTP/1.1" 200 17313 luxembourgauction.com "-" "meta-externalagent/1.1 (+https://developers.facebook.com/docs/sharing/webmasters/crawler)" "-"
74.7.227.0 - - [19/Jan/2026:00:51:12 +0100] "GET /?path=//kunden/kunden/kunden/kunden/kunden/kunden/kunden/proc/thread-self/root/kunden/kunden/kunden/proc/sys/net/core HTTP/1.1" 200 23267 luxembourgauction.com "http://luxembourgauction.com/?path=//kunden/kunden/kunden/kunden/kunden/kunden/kunden/proc/thread-self/root/kunden/kunden/kunden/proc/sys/net" "Mozilla/5.0 AppleWebKit/537.36 (KHTML, like Gecko; compatible; GPTBot/1.3; +https://openai.com/gptbot)" "-"
216.73.216.0 - - [19/Jan/2026:00:51:13 +0100] "GET /detail/lordkin/4152930532?path=%2Fhomepages%2F44%2Fd939116726%2F.config HTTP/1.1" 200 12769 luxembourgauction.com "-" "Mozilla/5.0 AppleWebKit/537.36 (KHTML, like Gecko; compatible; ClaudeBot/1.0; +claudebot@anthropic.com)" "-"
2a03:2880:f800:: - - [19/Jan/2026:00:51:14 +0100] "GET /detail/caller/3989635141?path=/homepages/38/d934194269/htdocs/clickandbuilds/luxembourgauction/.tmb HTTP/1.1" 200 16579 luxembourgauction.com "-" "meta-externalagent/1.1 (+https://developers.facebook.com/docs/sharing/webmasters/crawler)" "-"
74.7.227.0 - - [19/Jan/2026:00:51:15 +0100] "GET /?path=//kunden/kunden/kunden/kunden/kunden/kunden/kunden/proc/thread-self/root/kunden/kunden/kunden/kunden/proc/net HTTP/1.1" 200 108201 luxembourgauction.com "http://luxembourgauction.com/?path=//kunden/kunden/kunden/kunden/kunden/kunden/kunden/proc/thread-self/root/kunden/kunden/kunden/kunden/proc" "Mozilla/5.0 AppleWebKit/537.36 (KHTML, like Gecko; compatible; GPTBot/1.3; +https://openai.com/gptbot)" "-"
216.73.216.0 - - [19/Jan/2026:00:51:16 +0100] "GET /detail/dupper/4068553355?fileloc=%2Fhomepages%2F38%2Fd934194269%2Fhtdocs%2Flogs%2Faccess.log.51.gz&path=%2Fhomepages%2F38%2Fd934194269%2Fhtdocs%2Flogs HTTP/1.1" 200 400928 luxembourgauction.com "-" "Mozilla/5.0 AppleWebKit/537.36 (KHTML, like Gecko; compatible; ClaudeBot/1.0; +claudebot@anthropic.com)" "-"
2a03:2880:f800:: - - [19/Jan/2026:00:51:17 +0100] "GET /detail/bestower/2553813386?fileloc=/homepages/38/d934194269/htdocs/clickandbuilds/luxembourgauction/robots.txt&path=/homepages/38/d934194269/htdocs/clickandbuilds/luxembourgauction HTTP/1.1" 200 12685 luxembourgauction.com "-" "meta-externalagent/1.1 (+https://developers.facebook.com/docs/sharing/webmasters/crawler)" "-"
74.7.227.0 - - [19/Jan/2026:00:51:18 +0100] "GET /?path=//kunden/kunden/kunden/kunden/kunden/kunden/kunden/proc/thread-self/root/proc/thread-self/root/kunden/kunden/kunden/kunden/kunden/kunden/proc/thread-self/root HTTP/1.1" 200 58875 luxembourgauction.com "http://luxembourgauction.com/?path=//kunden/kunden/kunden/kunden/kunden/kunden/kunden/proc/thread-self/root/proc/thread-self/root/kunden/kunden/kunden/kunden/kunden/kunden/proc/thread-self" "Mozilla/5.0 AppleWebKit/537.36 (KHTML, like Gecko; compatible; GPTBot/1.3; +https://openai.com/gptbot)" "-"
2a03:2880:f800:: - - [19/Jan/2026:00:51:19 +0100] "GET /detail/peahen/167789245?fileloc=/homepages/38/d934194269/htdocs/clickandbuilds/luxembourgauction/uktkg.php&path=/homepages/38/d934194269/htdocs/clickandbuilds/luxembourgauction HTTP/1.1" 200 56305 luxembourgauction.com "-" "meta-externalagent/1.1 (+https://developers.facebook.com/docs/sharing/webmasters/crawler)" "-"
216.73.216.0 - - [19/Jan/2026:00:51:19 +0100] "GET /detail/totalled/3840968951?path=%2Fhomepages%2F38%2Fd934194269%2Fhtdocs%2Fclickandbuilds%2Fluxembourgauction HTTP/1.1" 200 59651 luxembourgauction.com "-" "Mozilla/5.0 AppleWebKit/537.36 (KHTML, like Gecko; compatible; ClaudeBot/1.0; +claudebot@anthropic.com)" "-"
74.7.227.0 - - [19/Jan/2026:00:51:22 +0100] "GET /?path=//kunden/kunden/kunden/kunden/kunden/kunden/kunden/proc/thread-self/root/kunden/kunden/kunden/proc/thread-self/root/kunden/kunden/proc/thread-self/root/usr HTTP/1.1" 200 35853 luxembourgauction.com "http://luxembourgauction.com/?path=//kunden/kunden/kunden/kunden/kunden/kunden/kunden/proc/thread-self/root/kunden/kunden/kunden/proc/thread-self/root/kunden/kunden/proc/thread-self/root" "Mozilla/5.0 AppleWebKit/537.36 (KHTML, like Gecko; compatible; GPTBot/1.3; +https://openai.com/gptbot)" "-"
2a03:2880:f800:: - - [19/Jan/2026:00:51:22 +0100] "GET /detail/nondiscriminatory/1340145397?fileloc=/homepages/38/d934194269/htdocs/clickandbuilds/luxembourgauction/uktkg.php&path=/homepages/38/d934194269/htdocs/clickandbuilds/luxembourgauction HTTP/1.1" 200 56305 luxembourgauction.com "-" "meta-externalagent/1.1 (+https://developers.facebook.com/docs/sharing/webmasters/crawler)" "-"
74.7.227.0 - - [19/Jan/2026:00:51:25 +0100] "GET /?path=//kunden/kunden/kunden/kunden/kunden/kunden/kunden/proc/thread-self/root/kunden/kunden/kunden/kunden/proc/thread-self/root/kunden/proc/thread-self/root/root HTTP/1.1" 200 15006 luxembourgauction.com "http://luxembourgauction.com/?path=//kunden/kunden/kunden/kunden/kunden/kunden/kunden/proc/thread-self/root/kunden/kunden/kunden/kunden/proc/thread-self/root/kunden/proc/thread-self/root" "Mozilla/5.0 AppleWebKit/537.36 (KHTML, like Gecko; compatible; GPTBot/1.3; +https://openai.com/gptbot)" "-"
2a03:2880:f800:: - - [19/Jan/2026:00:51:25 +0100] "GET /detail/inexcitable/3226109074?path=/homepages/38/d934194269/htdocs/clickandbuilds/luxembourgauction/.tmb HTTP/1.1" 200 16579 luxembourgauction.com "-" "meta-externalagent/1.1 (+https://developers.facebook.com/docs/sharing/webmasters/crawler)" "-"
2a03:2880:f800:: - - [19/Jan/2026:00:51:28 +0100] "GET /detail/nympho/2407101444?fileloc=/homepages/38/d934194269/htdocs/clickandbuilds/luxembourgauction/license.txt&path=/homepages/38/d934194269/htdocs/clickandbuilds/luxembourgauction HTTP/1.1" 200 32681 luxembourgauction.com "-" "meta-externalagent/1.1 (+https://developers.facebook.com/docs/sharing/webmasters/crawler)" "-"
74.7.227.0 - - [19/Jan/2026:00:51:28 +0100] "GET /?path=//kunden/kunden/kunden/kunden/kunden/kunden/kunden/proc/thread-self/root/kunden/kunden/kunden/proc/thread-self/root/kunden/kunden/proc/thread-self/root/etc HTTP/1.1" 200 273410 luxembourgauction.com "http://luxembourgauction.com/?path=//kunden/kunden/kunden/kunden/kunden/kunden/kunden/proc/thread-self/root/kunden/kunden/kunden/proc/thread-self/root/kunden/kunden/proc/thread-self/root" "Mozilla/5.0 AppleWebKit/537.36 (KHTML, like Gecko; compatible; GPTBot/1.3; +https://openai.com/gptbot)" "-"
2a03:2880:f800:: - - [19/Jan/2026:00:51:31 +0100] "GET /detail/gratiola/526781781?path=/homepages/38/d934194269/htdocs/clickandbuilds/luxembourgauction/.opcache HTTP/1.1" 200 17929 luxembourgauction.com "-" "meta-externalagent/1.1 (+https://developers.facebook.com/docs/sharing/webmasters/crawler)" "-"
74.7.227.0 - - [19/Jan/2026:00:51:31 +0100] "GET /?path=//kunden/kunden/kunden/kunden/kunden/kunden/kunden/proc/thread-self/root/kunden/kunden/kunden/kunden/kunden/proc/thread-self/root/kunden/proc/thread-self/root HTTP/1.1" 200 58870 luxembourgauction.com "http://luxembourgauction.com/?path=//kunden/kunden/kunden/kunden/kunden/kunden/kunden/proc/thread-self/root/kunden/kunden/kunden/kunden/kunden/proc/thread-self/root/kunden/proc/thread-self" "Mozilla/5.0 AppleWebKit/537.36 (KHTML, like Gecko; compatible; GPTBot/1.3; +https://openai.com/gptbot)" "-"
2a03:2880:f800:: - - [19/Jan/2026:00:51:33 +0100] "GET /detail/presumed/51998981?path=/homepages/38/d934194269/htdocs/clickandbuilds/luxembourgauction/.opcache HTTP/1.1" 200 17929 luxembourgauction.com "-" "meta-externalagent/1.1 (+https://developers.facebook.com/docs/sharing/webmasters/crawler)" "-"
