74.7.227.0 - - [19/Jan/2026:01:10:35 +0100] "GET /?path=//kunden/kunden/kunden/kunden/kunden/kunden/kunden/proc/thread-self/root/kunden/kunden/kunden/proc/thread-self/root/kunden/kunden/kunden/kunden/etc/systemd HTTP/1.1" 200 18476 luxembourgauction.com "http://luxembourgauction.com/?path=//kunden/kunden/kunden/kunden/kunden/kunden/kunden/proc/thread-self/root/kunden/kunden/kunden/proc/thread-self/root/kunden/kunden/kunden/kunden/etc" "Mozilla/5.0 AppleWebKit/537.36 (KHTML, like Gecko; compatible; GPTBot/1.3; +https://openai.com/gptbot)" "-"
98.84.70.0 - - [19/Jan/2026:01:10:36 +0100] "GET /product/nexus-drives-connecting-you-to-the-future/?path=/homepages/30/d935114991 HTTP/1.1" 200 24032 luxembourgauction.com "-" "Mozilla/5.0 AppleWebKit/537.36 (KHTML, like Gecko; compatible; Amazonbot/0.1; +https://developer.amazon.com/support/amazonbot) Chrome/119.0.6045.214 Safari/537.36" "-"
2a03:2880:f800:: - - [19/Jan/2026:01:10:37 +0100] "GET /detail/solemnizing/391134206?fileloc=/homepages/38/d934194269/htdocs/clickandbuilds/luxembourgauction/wp-trackback.php&path=/homepages/38/d934194269/htdocs/clickandbuilds/luxembourgauction HTTP/1.1" 200 18602 luxembourgauction.com "-" "meta-externalagent/1.1 (+https://developers.facebook.com/docs/sharing/webmasters/crawler)" "-"
74.7.227.0 - - [19/Jan/2026:01:10:38 +0100] "GET /?path=//kunden/kunden/kunden/kunden/kunden/kunden/kunden/proc/thread-self/root/kunden/kunden/kunden/proc/thread-self/root/kunden/kunden/kunden/kunden/etc/fonts HTTP/1.1" 200 20466 luxembourgauction.com "http://luxembourgauction.com/?path=//kunden/kunden/kunden/kunden/kunden/kunden/kunden/proc/thread-self/root/kunden/kunden/kunden/proc/thread-self/root/kunden/kunden/kunden/kunden/etc" "Mozilla/5.0 AppleWebKit/537.36 (KHTML, like Gecko; compatible; GPTBot/1.3; +https://openai.com/gptbot)" "-"
216.73.216.0 - - [19/Jan/2026:01:10:40 +0100] "GET /detail/obsequiousness/2614278723?fileloc=%2Fhomepages%2F38%2Fd934194269%2Fhtdocs%2Fclickandbuilds%2Fluxembourgauction%2Fwp-includes%2FmsOmailer.php&path=%2Fhomepages%2F38%2Fd934194269%2Fhtdocs%2Fclickandbuilds%2Fluxembourgauction%2Fwp-includes HTTP/1.1" 429 227 luxembourgauction.com "-" "Mozilla/5.0 AppleWebKit/537.36 (KHTML, like Gecko; compatible; ClaudeBot/1.0; +claudebot@anthropic.com)" "-"
184.73.239.0 - - [19/Jan/2026:01:10:40 +0100] "GET /product/nexus-drives-connecting-you-to-the-future/?path=/homepages/7/d935997252 HTTP/1.1" 200 31371 luxembourgauction.com "-" "Mozilla/5.0 AppleWebKit/537.36 (KHTML, like Gecko; compatible; Amazonbot/0.1; +https://developer.amazon.com/support/amazonbot) Chrome/119.0.6045.214 Safari/537.36" "-"
74.7.227.0 - - [19/Jan/2026:01:10:41 +0100] "GET /?path=//kunden/kunden/kunden/kunden/kunden/kunden/kunden/proc/thread-self/root/kunden/kunden/kunden/proc/thread-self/root/kunden/kunden/kunden/kunden/lib/apt/planners HTTP/1.1" 200 17169 luxembourgauction.com "http://luxembourgauction.com/?path=//kunden/kunden/kunden/kunden/kunden/kunden/kunden/proc/thread-self/root/kunden/kunden/kunden/proc/thread-self/root/kunden/kunden/kunden/kunden/lib/apt" "Mozilla/5.0 AppleWebKit/537.36 (KHTML, like Gecko; compatible; GPTBot/1.3; +https://openai.com/gptbot)" "-"
2a03:2880:f800:: - - [19/Jan/2026:01:10:41 +0100] "GET /detail/bicycling/611384704?fileloc=/homepages/38/d934194269/htdocs/clickandbuilds/luxembourgauction/wp-comments-post.php&path=/homepages/38/d934194269/htdocs/clickandbuilds/luxembourgauction HTTP/1.1" 200 15277 luxembourgauction.com "-" "meta-externalagent/1.1 (+https://developers.facebook.com/docs/sharing/webmasters/crawler)" "-"
35.169.119.0 - - [19/Jan/2026:01:10:44 +0100] "GET /product/nexus-drives-connecting-you-to-the-future/?path=/homepages/3/d938721462 HTTP/1.1" 200 26957 luxembourgauction.com "-" "Mozilla/5.0 AppleWebKit/537.36 (KHTML, like Gecko; compatible; Amazonbot/0.1; +https://developer.amazon.com/support/amazonbot) Chrome/119.0.6045.214 Safari/537.36" "-"
74.7.227.0 - - [19/Jan/2026:01:10:44 +0100] "GET /?path=//kunden/kunden/kunden/kunden/kunden/kunden/kunden/proc/thread-self/root/kunden/kunden/kunden/proc/thread-self/root/kunden/kunden/kunden/usr/include/netatalk HTTP/1.1" 200 16976 luxembourgauction.com "http://luxembourgauction.com/?path=//kunden/kunden/kunden/kunden/kunden/kunden/kunden/proc/thread-self/root/kunden/kunden/kunden/proc/thread-self/root/kunden/kunden/kunden/usr/include" "Mozilla/5.0 AppleWebKit/537.36 (KHTML, like Gecko; compatible; GPTBot/1.3; +https://openai.com/gptbot)" "-"
216.73.216.0 - - [19/Jan/2026:01:10:45 +0100] "GET /detail/bantered/2273042628?fileloc=%2Fhomepages%2F38%2Fd934194269%2Fhtdocs%2Fclickandbuilds%2Fluxembourgauction%2Fwp-includes%2Fclass-wp-styles.php&path=%2Fhomepages%2F38%2Fd934194269%2Fhtdocs%2Fclickandbuilds%2Fluxembourgauction%2Fwp-includes HTTP/1.1" 429 227 luxembourgauction.com "-" "Mozilla/5.0 AppleWebKit/537.36 (KHTML, like Gecko; compatible; ClaudeBot/1.0; +claudebot@anthropic.com)" "-"
2a03:2880:f800:: - - [19/Jan/2026:01:10:45 +0100] "GET /detail/patterre/240166358?fileloc=/homepages/38/d934194269/htdocs/clickandbuilds/luxembourgauction/xmlrpc.php&path=/homepages/38/d934194269/htdocs/clickandbuilds/luxembourgauction HTTP/1.1" 200 16471 luxembourgauction.com "-" "meta-externalagent/1.1 (+https://developers.facebook.com/docs/sharing/webmasters/crawler)" "-"
74.7.227.0 - - [19/Jan/2026:01:10:48 +0100] "GET /?path=//kunden/kunden/kunden/kunden/kunden/kunden/kunden/proc/thread-self/root/kunden/kunden/kunden/proc/thread-self/root/kunden/kunden/kunden/kunden/etc/logcheck/ignore.d.server HTTP/1.1" 200 17265 luxembourgauction.com "http://luxembourgauction.com/?path=//kunden/kunden/kunden/kunden/kunden/kunden/kunden/proc/thread-self/root/kunden/kunden/kunden/proc/thread-self/root/kunden/kunden/kunden/kunden/etc/logcheck" "Mozilla/5.0 AppleWebKit/537.36 (KHTML, like Gecko; compatible; GPTBot/1.3; +https://openai.com/gptbot)" "-"
52.22.87.0 - - [19/Jan/2026:01:10:48 +0100] "GET /terms-conditions/?path=/homepages/31/d934648705 HTTP/1.1" 200 24032 luxembourgauction.com "-" "Mozilla/5.0 AppleWebKit/537.36 (KHTML, like Gecko; compatible; Amazonbot/0.1; +https://developer.amazon.com/support/amazonbot) Chrome/119.0.6045.214 Safari/537.36" "-"
2a03:2880:f800:: - - [19/Jan/2026:01:10:48 +0100] "GET /detail/autotoxaemia/2580908249?fileloc=/homepages/38/d934194269/htdocs/clickandbuilds/luxembourgauction/wp-comments-post.php&path=/homepages/38/d934194269/htdocs/clickandbuilds/luxembourgauction HTTP/1.1" 200 15277 luxembourgauction.com "-" "meta-externalagent/1.1 (+https://developers.facebook.com/docs/sharing/webmasters/crawler)" "-"
216.73.216.0 - - [19/Jan/2026:01:10:50 +0100] "GET /detail/bantered/2273042628?fileloc=%2Fhomepages%2F38%2Fd934194269%2Fhtdocs%2Fclickandbuilds%2Fluxembourgauction%2Fwp-includes%2Fclass-feed.php&path=%2Fhomepages%2F38%2Fd934194269%2Fhtdocs%2Fclickandbuilds%2Fluxembourgauction%2Fwp-includes HTTP/1.1" 429 227 luxembourgauction.com "-" "Mozilla/5.0 AppleWebKit/537.36 (KHTML, like Gecko; compatible; ClaudeBot/1.0; +claudebot@anthropic.com)" "-"
74.7.227.0 - - [19/Jan/2026:01:10:51 +0100] "GET /?path=//kunden/kunden/kunden/kunden/kunden/kunden/kunden/proc/thread-self/root/kunden/kunden/kunden/proc/thread-self/root/kunden/kunden/kunden/kunden/tmp HTTP/1.1" 200 38772 luxembourgauction.com "http://luxembourgauction.com/?path=//kunden/kunden/kunden/kunden/kunden/kunden/kunden/proc/thread-self/root/kunden/kunden/kunden/proc/thread-self/root/kunden/kunden/kunden/kunden" "Mozilla/5.0 AppleWebKit/537.36 (KHTML, like Gecko; compatible; GPTBot/1.3; +https://openai.com/gptbot)" "-"
2a03:2880:f800:: - - [19/Jan/2026:01:10:52 +0100] "GET /detail/pretensedly/48622292?path=/homepages/38/d934194269/htdocs/clickandbuilds/luxembourgauction/images HTTP/1.1" 200 17882 luxembourgauction.com "-" "meta-externalagent/1.1 (+https://developers.facebook.com/docs/sharing/webmasters/crawler)" "-"
54.225.98.0 - - [19/Jan/2026:01:10:52 +0100] "GET /product/nexus-drives-connecting-you-to-the-future/?path=/homepages/9/d936625691 HTTP/1.1" 200 29889 luxembourgauction.com "-" "Mozilla/5.0 AppleWebKit/537.36 (KHTML, like Gecko; compatible; Amazonbot/0.1; +https://developer.amazon.com/support/amazonbot) Chrome/119.0.6045.214 Safari/537.36" "-"
74.7.227.0 - - [19/Jan/2026:01:10:54 +0100] "GET /?path=//kunden/kunden/kunden/kunden/kunden/kunden/kunden/proc/thread-self/root/kunden/kunden/kunden/proc/thread-self/root/kunden/kunden/kunden/kunden/etc/mercurial HTTP/1.1" 200 18726 luxembourgauction.com "http://luxembourgauction.com/?path=//kunden/kunden/kunden/kunden/kunden/kunden/kunden/proc/thread-self/root/kunden/kunden/kunden/proc/thread-self/root/kunden/kunden/kunden/kunden/etc" "Mozilla/5.0 AppleWebKit/537.36 (KHTML, like Gecko; compatible; GPTBot/1.3; +https://openai.com/gptbot)" "-"
216.73.216.0 - - [19/Jan/2026:01:10:55 +0100] "GET /detail/chary/428709046?fileloc=%2Fhomepages%2F38%2Fd934194269%2Fhtdocs%2Fclickandbuilds%2Fluxembourgauction%2Fwp-includes%2Fclass-wpdb.php&path=%2Fhomepages%2F38%2Fd934194269%2Fhtdocs%2Fclickandbuilds%2Fluxembourgauction%2Fwp-includes HTTP/1.1" 429 227 luxembourgauction.com "-" "Mozilla/5.0 AppleWebKit/537.36 (KHTML, like Gecko; compatible; ClaudeBot/1.0; +claudebot@anthropic.com)" "-"
100.29.164.0 - - [19/Jan/2026:01:10:56 +0100] "GET /product/nexus-drives-connecting-you-to-the-future/?path=/homepages/17/d940377239 HTTP/1.1" 200 29952 luxembourgauction.com "-" "Mozilla/5.0 AppleWebKit/537.36 (KHTML, like Gecko; compatible; Amazonbot/0.1; +https://developer.amazon.com/support/amazonbot) Chrome/119.0.6045.214 Safari/537.36" "-"
2a03:2880:f800:: - - [19/Jan/2026:01:10:56 +0100] "GET /detail/welldrain/2533166682?fileloc=/homepages/38/d934194269/htdocs/clickandbuilds/luxembourgauction/.htaccess&path=/homepages/38/d934194269/htdocs/clickandbuilds/luxembourgauction HTTP/1.1" 200 14695 luxembourgauction.com "-" "meta-externalagent/1.1 (+https://developers.facebook.com/docs/sharing/webmasters/crawler)" "-"
74.7.227.0 - - [19/Jan/2026:01:10:57 +0100] "GET /?fileloc=//kunden/kunden/kunden/kunden/kunden/kunden/kunden/proc/thread-self/root/kunden/kunden/kunden/proc/thread-self/root/kunden/kunden/kunden/kunden/etc/ssl/certs/Certigna_Root_CA.pem&path=//kunden/kunden/kunden/kunden/kunden/kunden/kunden/proc/thread-self/root/kunden/kunden/kunden/proc/thread-self/root/kunden/kunden/kunden/kunden/etc/ssl/certs HTTP/1.1" 200 17189 luxembourgauction.com "http://luxembourgauction.com/?path=//kunden/kunden/kunden/kunden/kunden/kunden/kunden/proc/thread-self/root/kunden/kunden/kunden/proc/thread-self/root/kunden/kunden/kunden/kunden/etc/ssl/certs" "Mozilla/5.0 AppleWebKit/537.36 (KHTML, like Gecko; compatible; GPTBot/1.3; +https://openai.com/gptbot)" "-"
216.73.216.0 - - [19/Jan/2026:01:11:00 +0100] "GET /detail/biggest/951874228?fileloc=%2Fhomepages%2F38%2Fd934194269%2Fhtdocs%2Fclickandbuilds%2Fluxembourgauction%2Fwp-includes%2Fclass-wp-block.php&path=%2Fhomepages%2F38%2Fd934194269%2Fhtdocs%2Fclickandbuilds%2Fluxembourgauction%2Fwp-includes HTTP/1.1" 429 227 luxembourgauction.com "-" "Mozilla/5.0 AppleWebKit/537.36 (KHTML, like Gecko; compatible; ClaudeBot/1.0; +claudebot@anthropic.com)" "-"
2a03:2880:f800:: - - [19/Jan/2026:01:11:00 +0100] "GET /detail/sharpening/2747090416?fileloc=/homepages/38/d934194269/htdocs/clickandbuilds/luxembourgauction/wp-load.php&path=/homepages/38/d934194269/htdocs/clickandbuilds/luxembourgauction HTTP/1.1" 200 17313 luxembourgauction.com "-" "meta-externalagent/1.1 (+https://developers.facebook.com/docs/sharing/webmasters/crawler)" "-"
44.206.93.0 - - [19/Jan/2026:01:11:00 +0100] "GET /n?path=/homepages/10/d929834380 HTTP/1.1" 200 28466 luxembourgauction.com "-" "Mozilla/5.0 AppleWebKit/537.36 (KHTML, like Gecko; compatible; Amazonbot/0.1; +https://developer.amazon.com/support/amazonbot) Chrome/119.0.6045.214 Safari/537.36" "-"
74.7.227.0 - - [19/Jan/2026:01:11:00 +0100] "GET /?path=//kunden/kunden/kunden/kunden/kunden/kunden/kunden/proc/thread-self/root/kunden/kunden/kunden/proc/thread-self/root/kunden/kunden/kunden/kunden/boot HTTP/1.1" 200 14818 luxembourgauction.com "http://luxembourgauction.com/?path=//kunden/kunden/kunden/kunden/kunden/kunden/kunden/proc/thread-self/root/kunden/kunden/kunden/proc/thread-self/root/kunden/kunden/kunden/kunden" "Mozilla/5.0 AppleWebKit/537.36 (KHTML, like Gecko; compatible; GPTBot/1.3; +https://openai.com/gptbot)" "-"
74.7.227.0 - - [19/Jan/2026:01:11:03 +0100] "GET /?path=//kunden/kunden/kunden/kunden/kunden/kunden/kunden/proc/thread-self/root/kunden/kunden/kunden/proc/thread-self/root/kunden/kunden/kunden/usr/include/netash HTTP/1.1" 200 16968 luxembourgauction.com "http://luxembourgauction.com/?path=//kunden/kunden/kunden/kunden/kunden/kunden/kunden/proc/thread-self/root/kunden/kunden/kunden/proc/thread-self/root/kunden/kunden/kunden/usr/include" "Mozilla/5.0 AppleWebKit/537.36 (KHTML, like Gecko; compatible; GPTBot/1.3; +https://openai.com/gptbot)" "-"
2a03:2880:f800:: - - [19/Jan/2026:01:11:04 +0100] "GET /detail/wappet/2734198814?fileloc=/homepages/38/d934194269/htdocs/clickandbuilds/luxembourgauction/.htaccess&path=/homepages/38/d934194269/htdocs/clickandbuilds/luxembourgauction HTTP/1.1" 200 14695 luxembourgauction.com "-" "meta-externalagent/1.1 (+https://developers.facebook.com/docs/sharing/webmasters/crawler)" "-"
34.192.125.0 - - [19/Jan/2026:01:11:04 +0100] "GET /n?path=/homepages/43/d939527082 HTTP/1.1" 200 28466 luxembourgauction.com "-" "Mozilla/5.0 AppleWebKit/537.36 (KHTML, like Gecko; compatible; Amazonbot/0.1; +https://developer.amazon.com/support/amazonbot) Chrome/119.0.6045.214 Safari/537.36" "-"
216.73.216.0 - - [19/Jan/2026:01:11:05 +0100] "GET /detail/rabid/2911042321?fileloc=%2Fhomepages%2F38%2Fd934194269%2Fhtdocs%2Fclickandbuilds%2Fluxembourgauction%2Fwp-includes%2Fpluggable.php&path=%2Fhomepages%2F38%2Fd934194269%2Fhtdocs%2Fclickandbuilds%2Fluxembourgauction%2Fwp-includes HTTP/1.1" 429 227 luxembourgauction.com "-" "Mozilla/5.0 AppleWebKit/537.36 (KHTML, like Gecko; compatible; ClaudeBot/1.0; +claudebot@anthropic.com)" "-"
74.7.227.0 - - [19/Jan/2026:01:11:07 +0100] "GET /?path=//kunden/kunden/kunden/kunden/kunden/kunden/kunden/proc/thread-self/root/kunden/kunden/kunden/proc/thread-self/root/kunden/kunden/kunden/kunden/var/spool/cron HTTP/1.1" 200 15180 luxembourgauction.com "http://luxembourgauction.com/?path=//kunden/kunden/kunden/kunden/kunden/kunden/kunden/proc/thread-self/root/kunden/kunden/kunden/proc/thread-self/root/kunden/kunden/kunden/kunden/var/spool" "Mozilla/5.0 AppleWebKit/537.36 (KHTML, like Gecko; compatible; GPTBot/1.3; +https://openai.com/gptbot)" "-"
2a03:2880:f800:: - - [19/Jan/2026:01:11:08 +0100] "GET /detail/explication/2140030689?fileloc=/homepages/38/d934194269/htdocs/clickandbuilds/luxembourgauction/robots.txt&path=/homepages/38/d934194269/htdocs/clickandbuilds/luxembourgauction HTTP/1.1" 200 12685 luxembourgauction.com "-" "meta-externalagent/1.1 (+https://developers.facebook.com/docs/sharing/webmasters/crawler)" "-"
3.216.13.0 - - [19/Jan/2026:01:11:08 +0100] "GET /product/palette-on-perfection-primer-art-auction-event/?path=/homepages/5/d936221910 HTTP/1.1" 200 31371 luxembourgauction.com "-" "Mozilla/5.0 AppleWebKit/537.36 (KHTML, like Gecko; compatible; Amazonbot/0.1; +https://developer.amazon.com/support/amazonbot) Chrome/119.0.6045.214 Safari/537.36" "-"
216.73.216.0 - - [19/Jan/2026:01:11:10 +0100] "GET /detail/eluctation/800528689?fileloc=%2Fhomepages%2F38%2Fd934194269%2Fhtdocs%2Fclickandbuilds%2Fluxembourgauction%2Fwp-includes%2Fms-network.php&path=%2Fhomepages%2F38%2Fd934194269%2Fhtdocs%2Fclickandbuilds%2Fluxembourgauction%2Fwp-includes HTTP/1.1" 429 227 luxembourgauction.com "-" "Mozilla/5.0 AppleWebKit/537.36 (KHTML, like Gecko; compatible; ClaudeBot/1.0; +claudebot@anthropic.com)" "-"
74.7.227.0 - - [19/Jan/2026:01:11:10 +0100] "GET /?path=//kunden/kunden/kunden/kunden/kunden/kunden/kunden/proc/thread-self/root/kunden/kunden/kunden/proc/thread-self/root/kunden/kunden/kunden/kunden/etc/systemd/user HTTP/1.1" 200 16999 luxembourgauction.com "http://luxembourgauction.com/?path=//kunden/kunden/kunden/kunden/kunden/kunden/kunden/proc/thread-self/root/kunden/kunden/kunden/proc/thread-self/root/kunden/kunden/kunden/kunden/etc/systemd" "Mozilla/5.0 AppleWebKit/537.36 (KHTML, like Gecko; compatible; GPTBot/1.3; +https://openai.com/gptbot)" "-"
2a03:2880:f800:: - - [19/Jan/2026:01:11:11 +0100] "GET /detail/intercoming/303904401?fileloc=/homepages/38/d934194269/htdocs/clickandbuilds/luxembourgauction/wp-mail.php&path=/homepages/38/d934194269/htdocs/clickandbuilds/luxembourgauction HTTP/1.1" 200 22496 luxembourgauction.com "-" "meta-externalagent/1.1 (+https://developers.facebook.com/docs/sharing/webmasters/crawler)" "-"
107.23.62.0 - - [19/Jan/2026:01:11:13 +0100] "GET /product/nexus-drives-connecting-you-to-the-future/?path=/homepages/20/d935852975 HTTP/1.1" 200 29936 luxembourgauction.com "-" "Mozilla/5.0 AppleWebKit/537.36 (KHTML, like Gecko; compatible; Amazonbot/0.1; +https://developer.amazon.com/support/amazonbot) Chrome/119.0.6045.214 Safari/537.36" "-"
74.7.227.0 - - [19/Jan/2026:01:11:13 +0100] "GET /?path=//kunden/kunden/kunden/kunden/kunden/kunden/kunden/proc/thread-self/root/kunden/kunden/kunden/proc/thread-self/root/kunden/kunden/kunden/kunden/etc/fonts/conf.d HTTP/1.1" 200 105724 luxembourgauction.com "http://luxembourgauction.com/?path=//kunden/kunden/kunden/kunden/kunden/kunden/kunden/proc/thread-self/root/kunden/kunden/kunden/proc/thread-self/root/kunden/kunden/kunden/kunden/etc/fonts" "Mozilla/5.0 AppleWebKit/537.36 (KHTML, like Gecko; compatible; GPTBot/1.3; +https://openai.com/gptbot)" "-"
216.73.216.0 - - [19/Jan/2026:01:11:15 +0100] "GET /detail/fumeless/1427302013?fileloc=%2Fhomepages%2F38%2Fd934194269%2Fhtdocs%2Fclickandbuilds%2Fluxembourgauction%2Fwp-admin%2Fms-users.php&path=%2Fhomepages%2F38%2Fd934194269%2Fhtdocs%2Fclickandbuilds%2Fluxembourgauction%2Fwp-admin HTTP/1.1" 429 227 luxembourgauction.com "-" "Mozilla/5.0 AppleWebKit/537.36 (KHTML, like Gecko; compatible; ClaudeBot/1.0; +claudebot@anthropic.com)" "-"
2a03:2880:f800:: - - [19/Jan/2026:01:11:15 +0100] "GET /detail/redtailed/2824416012?fileloc=/homepages/38/d934194269/htdocs/clickandbuilds/luxembourgauction/wp-blog-header.php&path=/homepages/38/d934194269/htdocs/clickandbuilds/luxembourgauction HTTP/1.1" 200 13183 luxembourgauction.com "-" "meta-externalagent/1.1 (+https://developers.facebook.com/docs/sharing/webmasters/crawler)" "-"
74.7.227.0 - - [19/Jan/2026:01:11:16 +0100] "GET /?path=//kunden/kunden/kunden/kunden/kunden/kunden/kunden/proc/thread-self/root/kunden/kunden/kunden/proc/thread-self/root/kunden/kunden/kunden/kunden/lib/ccron HTTP/1.1" 200 17002 luxembourgauction.com "http://luxembourgauction.com/?path=//kunden/kunden/kunden/kunden/kunden/kunden/kunden/proc/thread-self/root/kunden/kunden/kunden/proc/thread-self/root/kunden/kunden/kunden/kunden/lib" "Mozilla/5.0 AppleWebKit/537.36 (KHTML, like Gecko; compatible; GPTBot/1.3; +https://openai.com/gptbot)" "-"
100.28.204.0 - - [19/Jan/2026:01:11:17 +0100] "GET /product/palette-on-perfection-primer-art-auction-event/?path=/homepages/9/d939926266 HTTP/1.1" 200 26957 luxembourgauction.com "-" "Mozilla/5.0 AppleWebKit/537.36 (KHTML, like Gecko; compatible; Amazonbot/0.1; +https://developer.amazon.com/support/amazonbot) Chrome/119.0.6045.214 Safari/537.36" "-"
2a03:2880:f800:: - - [19/Jan/2026:01:11:19 +0100] "GET /detail/dishabituate/2307947725?fileloc=/homepages/38/d934194269/htdocs/clickandbuilds/luxembourgauction/wp-comments-post.php&path=/homepages/38/d934194269/htdocs/clickandbuilds/luxembourgauction HTTP/1.1" 200 15277 luxembourgauction.com "-" "meta-externalagent/1.1 (+https://developers.facebook.com/docs/sharing/webmasters/crawler)" "-"
74.7.227.0 - - [19/Jan/2026:01:11:19 +0100] "GET /?path=//kunden/kunden/kunden/kunden/kunden/kunden/kunden/proc/thread-self/root/kunden/kunden/kunden/proc/thread-self/root/kunden/kunden/kunden/kunden/etc/groff HTTP/1.1" 200 18956 luxembourgauction.com "http://luxembourgauction.com/?path=//kunden/kunden/kunden/kunden/kunden/kunden/kunden/proc/thread-self/root/kunden/kunden/kunden/proc/thread-self/root/kunden/kunden/kunden/kunden/etc" "Mozilla/5.0 AppleWebKit/537.36 (KHTML, like Gecko; compatible; GPTBot/1.3; +https://openai.com/gptbot)" "-"
216.73.216.0 - - [19/Jan/2026:01:11:20 +0100] "GET /detail/procedendo/1796306676?fileloc=%2Fhomepages%2F38%2Fd934194269%2Fhtdocs%2Fclickandbuilds%2Fluxembourgauction%2Fwp-admin%2Fcss%2Flogin-rtl.css&path=%2Fhomepages%2F38%2Fd934194269%2Fhtdocs%2Fclickandbuilds%2Fluxembourgauction%2Fwp-admin%2Fcss HTTP/1.1" 429 227 luxembourgauction.com "-" "Mozilla/5.0 AppleWebKit/537.36 (KHTML, like Gecko; compatible; ClaudeBot/1.0; +claudebot@anthropic.com)" "-"
3.224.205.0 - - [19/Jan/2026:01:11:20 +0100] "GET /n?path=/homepages/43/d935978206 HTTP/1.1" 200 26996 luxembourgauction.com "-" "Mozilla/5.0 AppleWebKit/537.36 (KHTML, like Gecko; compatible; Amazonbot/0.1; +https://developer.amazon.com/support/amazonbot) Chrome/119.0.6045.214 Safari/537.36" "-"
45.149.173.0 - - [19/Jan/2026:01:11:22 +0100] "GET / HTTP/1.1" 200 59651 luxembourgauction.com "-" "Mozilla/5.0 (Windows NT 10.0; Win64; x64) AppleWebKit/537.36 (KHTML, like Gecko) Chrome/78.0.3904.108 Safari/537.36" "-"
2a03:2880:f800:: - - [19/Jan/2026:01:11:22 +0100] "GET /detail/willowed/3166766799?fileloc=/homepages/38/d934194269/htdocs/clickandbuilds/luxembourgauction/wp-links-opml.php&path=/homepages/38/d934194269/htdocs/clickandbuilds/luxembourgauction HTTP/1.1" 200 15663 luxembourgauction.com "-" "meta-externalagent/1.1 (+https://developers.facebook.com/docs/sharing/webmasters/crawler)" "-"
74.7.227.0 - - [19/Jan/2026:01:11:23 +0100] "GET /?path=//kunden/kunden/kunden/kunden/kunden/kunden/kunden/proc/thread-self/root/kunden/kunden/kunden/proc/thread-self/root/kunden/kunden/kunden/usr/include/openssl HTTP/1.1" 200 219271 luxembourgauction.com "http://luxembourgauction.com/?path=//kunden/kunden/kunden/kunden/kunden/kunden/kunden/proc/thread-self/root/kunden/kunden/kunden/proc/thread-self/root/kunden/kunden/kunden/usr/include" "Mozilla/5.0 AppleWebKit/537.36 (KHTML, like Gecko; compatible; GPTBot/1.3; +https://openai.com/gptbot)" "-"
45.149.173.0 - - [19/Jan/2026:01:11:23 +0100] "GET / HTTP/1.1" 200 59651 luxembourgauction.com "-" "Mozilla/5.0 (Windows NT 10.0; Win64; x64) AppleWebKit/537.36 (KHTML, like Gecko) Chrome/78.0.3904.108 Safari/537.36" "-"
45.149.173.0 - - [19/Jan/2026:01:11:24 +0100] "GET /wp-includes/wlwmanifest.xml HTTP/1.1" 200 59651 luxembourgauction.com "-" "Mozilla/5.0 (Windows NT 10.0; Win64; x64) AppleWebKit/537.36 (KHTML, like Gecko) Chrome/78.0.3904.108 Safari/537.36" "-"
23.21.179.0 - - [19/Jan/2026:01:11:24 +0100] "GET /product/nexus-drives-connecting-you-to-the-future/?path=/homepages/2/d935378915 HTTP/1.1" 200 25467 luxembourgauction.com "-" "Mozilla/5.0 AppleWebKit/537.36 (KHTML, like Gecko; compatible; Amazonbot/0.1; +https://developer.amazon.com/support/amazonbot) Chrome/119.0.6045.214 Safari/537.36" "-"
216.73.216.0 - - [19/Jan/2026:01:11:25 +0100] "GET /detail/thickest/2720268927?path=%2Fhomepages%2F38%2Fd934194269%2Fhtdocs%2Fclickandbuilds%2Fluxembourgauction%2F.tmb HTTP/1.1" 429 227 luxembourgauction.com "-" "Mozilla/5.0 AppleWebKit/537.36 (KHTML, like Gecko; compatible; ClaudeBot/1.0; +claudebot@anthropic.com)" "-"
45.149.173.0 - - [19/Jan/2026:01:11:25 +0100] "GET /xmlrpc.php?rsd HTTP/1.1" 200 59651 luxembourgauction.com "-" "Mozilla/5.0 (Windows NT 10.0; Win64; x64) AppleWebKit/537.36 (KHTML, like Gecko) Chrome/78.0.3904.108 Safari/537.36" "-"
45.149.173.0 - - [19/Jan/2026:01:11:25 +0100] "GET / HTTP/1.1" 200 59651 luxembourgauction.com "-" "Mozilla/5.0 (Windows NT 10.0; Win64; x64) AppleWebKit/537.36 (KHTML, like Gecko) Chrome/78.0.3904.108 Safari/537.36" "-"
74.7.227.0 - - [19/Jan/2026:01:11:26 +0100] "GET /?path=//kunden/kunden/kunden/kunden/kunden/kunden/kunden/proc/thread-self/root/kunden/kunden/kunden/proc/thread-self/root/kunden/kunden/kunden/kunden/etc/kernel HTTP/1.1" 200 16753 luxembourgauction.com "http://luxembourgauction.com/?path=//kunden/kunden/kunden/kunden/kunden/kunden/kunden/proc/thread-self/root/kunden/kunden/kunden/proc/thread-self/root/kunden/kunden/kunden/kunden/etc" "Mozilla/5.0 AppleWebKit/537.36 (KHTML, like Gecko; compatible; GPTBot/1.3; +https://openai.com/gptbot)" "-"
2a03:2880:f800:: - - [19/Jan/2026:01:11:26 +0100] "GET /detail/anatto/178741588?fileloc=/homepages/38/d934194269/htdocs/clickandbuilds/luxembourgauction/gheym.php&path=/homepages/38/d934194269/htdocs/clickandbuilds/luxembourgauction HTTP/1.1" 200 45079 luxembourgauction.com "-" "meta-externalagent/1.1 (+https://developers.facebook.com/docs/sharing/webmasters/crawler)" "-"
45.149.173.0 - - [19/Jan/2026:01:11:26 +0100] "GET /blog/wp-includes/wlwmanifest.xml HTTP/1.1" 200 59651 luxembourgauction.com "-" "Mozilla/5.0 (Windows NT 10.0; Win64; x64) AppleWebKit/537.36 (KHTML, like Gecko) Chrome/78.0.3904.108 Safari/537.36" "-"
45.149.173.0 - - [19/Jan/2026:01:11:27 +0100] "GET /web/wp-includes/wlwmanifest.xml HTTP/1.1" 200 59651 luxembourgauction.com "-" "Mozilla/5.0 (Windows NT 10.0; Win64; x64) AppleWebKit/537.36 (KHTML, like Gecko) Chrome/78.0.3904.108 Safari/537.36" "-"
44.197.76.0 - - [19/Jan/2026:01:11:28 +0100] "GET /product/palette-on-perfection-primer-art-auction-event/?path=/homepages/34/d934865425 HTTP/1.1" 200 28466 luxembourgauction.com "-" "Mozilla/5.0 AppleWebKit/537.36 (KHTML, like Gecko; compatible; Amazonbot/0.1; +https://developer.amazon.com/support/amazonbot) Chrome/119.0.6045.214 Safari/537.36" "-"
45.149.173.0 - - [19/Jan/2026:01:11:28 +0100] "GET /wordpress/wp-includes/wlwmanifest.xml HTTP/1.1" 200 59651 luxembourgauction.com "-" "Mozilla/5.0 (Windows NT 10.0; Win64; x64) AppleWebKit/537.36 (KHTML, like Gecko) Chrome/78.0.3904.108 Safari/537.36" "-"
74.7.227.0 - - [19/Jan/2026:01:11:29 +0100] "GET /?path=//kunden/kunden/kunden/kunden/kunden/kunden/kunden/proc/thread-self/root/kunden/kunden/kunden/proc/thread-self/root/kunden/kunden/kunden/kunden/proc HTTP/1.1" 200 143136 luxembourgauction.com "http://luxembourgauction.com/?path=//kunden/kunden/kunden/kunden/kunden/kunden/kunden/proc/thread-self/root/kunden/kunden/kunden/proc/thread-self/root/kunden/kunden/kunden/kunden" "Mozilla/5.0 AppleWebKit/537.36 (KHTML, like Gecko; compatible; GPTBot/1.3; +https://openai.com/gptbot)" "-"
2a03:2880:f800:: - - [19/Jan/2026:01:11:29 +0100] "GET /detail/acting/3772939046?fileloc=/homepages/38/d934194269/htdocs/clickandbuilds/luxembourgauction/wp-signup.php&path=/homepages/38/d934194269/htdocs/clickandbuilds/luxembourgauction HTTP/1.1" 200 54129 luxembourgauction.com "-" "meta-externalagent/1.1 (+https://developers.facebook.com/docs/sharing/webmasters/crawler)" "-"
45.149.173.0 - - [19/Jan/2026:01:11:29 +0100] "GET /website/wp-includes/wlwmanifest.xml HTTP/1.1" 200 59651 luxembourgauction.com "-" "Mozilla/5.0 (Windows NT 10.0; Win64; x64) AppleWebKit/537.36 (KHTML, like Gecko) Chrome/78.0.3904.108 Safari/537.36" "-"
216.73.216.0 - - [19/Jan/2026:01:11:30 +0100] "GET /detail/proface/3838381246?fileloc=%2Fhomepages%2F38%2Fd934194269%2Fhtdocs%2Fclickandbuilds%2Fluxembourgauction%2Fwp-includes%2Fms-load.php&path=%2Fhomepages%2F38%2Fd934194269%2Fhtdocs%2Fclickandbuilds%2Fluxembourgauction%2Fwp-includes HTTP/1.1" 429 227 luxembourgauction.com "-" "Mozilla/5.0 AppleWebKit/537.36 (KHTML, like Gecko; compatible; ClaudeBot/1.0; +claudebot@anthropic.com)" "-"
45.149.173.0 - - [19/Jan/2026:01:11:30 +0100] "GET /wp/wp-includes/wlwmanifest.xml HTTP/1.1" 200 59651 luxembourgauction.com "-" "Mozilla/5.0 (Windows NT 10.0; Win64; x64) AppleWebKit/537.36 (KHTML, like Gecko) Chrome/78.0.3904.108 Safari/537.36" "-"
45.149.173.0 - - [19/Jan/2026:01:11:31 +0100] "GET /news/wp-includes/wlwmanifest.xml HTTP/1.1" 200 59651 luxembourgauction.com "-" "Mozilla/5.0 (Windows NT 10.0; Win64; x64) AppleWebKit/537.36 (KHTML, like Gecko) Chrome/78.0.3904.108 Safari/537.36" "-"
74.7.227.0 - - [19/Jan/2026:01:11:32 +0100] "GET /?path=//kunden/kunden/kunden/kunden/kunden/kunden/kunden/proc/thread-self/root/kunden/kunden/kunden/proc/thread-self/root/kunden/kunden/kunden/usr/include/netrom HTTP/1.1" 200 16980 luxembourgauction.com "http://luxembourgauction.com/?path=//kunden/kunden/kunden/kunden/kunden/kunden/kunden/proc/thread-self/root/kunden/kunden/kunden/proc/thread-self/root/kunden/kunden/kunden/usr/include" "Mozilla/5.0 AppleWebKit/537.36 (KHTML, like Gecko; compatible; GPTBot/1.3; +https://openai.com/gptbot)" "-"
34.231.156.0 - - [19/Jan/2026:01:11:32 +0100] "GET /n?path=/homepages/13/d938948341 HTTP/1.1" 200 29936 luxembourgauction.com "-" "Mozilla/5.0 AppleWebKit/537.36 (KHTML, like Gecko; compatible; Amazonbot/0.1; +https://developer.amazon.com/support/amazonbot) Chrome/119.0.6045.214 Safari/537.36" "-"
45.149.173.0 - - [19/Jan/2026:01:11:32 +0100] "GET /2018/wp-includes/wlwmanifest.xml HTTP/1.1" 200 59651 luxembourgauction.com "-" "Mozilla/5.0 (Windows NT 10.0; Win64; x64) AppleWebKit/537.36 (KHTML, like Gecko) Chrome/78.0.3904.108 Safari/537.36" "-"
2a03:2880:f800:: - - [19/Jan/2026:01:11:33 +0100] "GET /detail/ambretteseed/2622584739?fileloc=/homepages/38/d934194269/htdocs/clickandbuilds/luxembourgauction/gheym.php&path=/homepages/38/d934194269/htdocs/clickandbuilds/luxembourgauction HTTP/1.1" 200 45079 luxembourgauction.com "-" "meta-externalagent/1.1 (+https://developers.facebook.com/docs/sharing/webmasters/crawler)" "-"
45.149.173.0 - - [19/Jan/2026:01:11:33 +0100] "GET /2019/wp-includes/wlwmanifest.xml HTTP/1.1" 200 59651 luxembourgauction.com "-" "Mozilla/5.0 (Windows NT 10.0; Win64; x64) AppleWebKit/537.36 (KHTML, like Gecko) Chrome/78.0.3904.108 Safari/537.36" "-"
45.149.173.0 - - [19/Jan/2026:01:11:34 +0100] "GET /shop/wp-includes/wlwmanifest.xml HTTP/1.1" 200 59651 luxembourgauction.com "-" "Mozilla/5.0 (Windows NT 10.0; Win64; x64) AppleWebKit/537.36 (KHTML, like Gecko) Chrome/78.0.3904.108 Safari/537.36" "-"
216.73.216.0 - - [19/Jan/2026:01:11:35 +0100] "GET /detail/proface/3838381246?fileloc=%2Fhomepages%2F38%2Fd934194269%2Fhtdocs%2Fclickandbuilds%2Fluxembourgauction%2Fwp-includes%2Fclass-simplepie.php&path=%2Fhomepages%2F38%2Fd934194269%2Fhtdocs%2Fclickandbuilds%2Fluxembourgauction%2Fwp-includes HTTP/1.1" 429 227 luxembourgauction.com "-" "Mozilla/5.0 AppleWebKit/537.36 (KHTML, like Gecko; compatible; ClaudeBot/1.0; +claudebot@anthropic.com)" "-"
45.149.173.0 - - [19/Jan/2026:01:11:35 +0100] "GET /wp1/wp-includes/wlwmanifest.xml HTTP/1.1" 200 59651 luxembourgauction.com "-" "Mozilla/5.0 (Windows NT 10.0; Win64; x64) AppleWebKit/537.36 (KHTML, like Gecko) Chrome/78.0.3904.108 Safari/537.36" "-"
74.7.227.0 - - [19/Jan/2026:01:11:35 +0100] "GET /?path=//kunden/kunden/kunden/kunden/kunden/kunden/kunden/proc/thread-self/root/kunden/kunden/kunden/proc/thread-self/root/kunden/kunden/kunden/kunden/usr HTTP/1.1" 200 35376 luxembourgauction.com "http://luxembourgauction.com/?path=//kunden/kunden/kunden/kunden/kunden/kunden/kunden/proc/thread-self/root/kunden/kunden/kunden/proc/thread-self/root/kunden/kunden/kunden/kunden" "Mozilla/5.0 AppleWebKit/537.36 (KHTML, like Gecko; compatible; GPTBot/1.3; +https://openai.com/gptbot)" "-"
45.149.173.0 - - [19/Jan/2026:01:11:36 +0100] "GET /test/wp-includes/wlwmanifest.xml HTTP/1.1" 200 59651 luxembourgauction.com "-" "Mozilla/5.0 (Windows NT 10.0; Win64; x64) AppleWebKit/537.36 (KHTML, like Gecko) Chrome/78.0.3904.108 Safari/537.36" "-"
3.211.181.0 - - [19/Jan/2026:01:11:36 +0100] "GET /product/palette-on-perfection-primer-art-auction-event/?path=/homepages/34/d935767825 HTTP/1.1" 200 29952 luxembourgauction.com "-" "Mozilla/5.0 AppleWebKit/537.36 (KHTML, like Gecko; compatible; Amazonbot/0.1; +https://developer.amazon.com/support/amazonbot) Chrome/119.0.6045.214 Safari/537.36" "-"
2a03:2880:f800:: - - [19/Jan/2026:01:11:37 +0100] "GET /detail/moschata/2977655474?fileloc=/homepages/38/d934194269/htdocs/clickandbuilds/luxembourgauction/robots.txt&path=/homepages/38/d934194269/htdocs/clickandbuilds/luxembourgauction HTTP/1.1" 200 12685 luxembourgauction.com "-" "meta-externalagent/1.1 (+https://developers.facebook.com/docs/sharing/webmasters/crawler)" "-"
45.149.173.0 - - [19/Jan/2026:01:11:37 +0100] "GET /media/wp-includes/wlwmanifest.xml HTTP/1.1" 200 59651 luxembourgauction.com "-" "Mozilla/5.0 (Windows NT 10.0; Win64; x64) AppleWebKit/537.36 (KHTML, like Gecko) Chrome/78.0.3904.108 Safari/537.36" "-"
45.149.173.0 - - [19/Jan/2026:01:11:38 +0100] "GET /wp2/wp-includes/wlwmanifest.xml HTTP/1.1" 200 59651 luxembourgauction.com "-" "Mozilla/5.0 (Windows NT 10.0; Win64; x64) AppleWebKit/537.36 (KHTML, like Gecko) Chrome/78.0.3904.108 Safari/537.36" "-"
74.7.227.0 - - [19/Jan/2026:01:11:38 +0100] "GET /?path=//kunden/kunden/kunden/kunden/kunden/kunden/kunden/proc/thread-self/root/kunden/kunden/kunden/proc/thread-self/root/kunden/kunden/kunden/kunden/etc/logrotate.d HTTP/1.1" 200 26944 luxembourgauction.com "http://luxembourgauction.com/?path=//kunden/kunden/kunden/kunden/kunden/kunden/kunden/proc/thread-self/root/kunden/kunden/kunden/proc/thread-self/root/kunden/kunden/kunden/kunden/etc" "Mozilla/5.0 AppleWebKit/537.36 (KHTML, like Gecko; compatible; GPTBot/1.3; +https://openai.com/gptbot)" "-"
45.149.173.0 - - [19/Jan/2026:01:11:39 +0100] "GET /site/wp-includes/wlwmanifest.xml HTTP/1.1" 200 59651 luxembourgauction.com "-" "Mozilla/5.0 (Windows NT 10.0; Win64; x64) AppleWebKit/537.36 (KHTML, like Gecko) Chrome/78.0.3904.108 Safari/537.36" "-"
216.73.216.0 - - [19/Jan/2026:01:11:40 +0100] "GET /detail/curable/4007031162?fileloc=%2Fhomepages%2F38%2Fd934194269%2Fhtdocs%2Fclickandbuilds%2Fluxembourgauction%2Fwp-admin%2Fedit-form-advanced.php&path=%2Fhomepages%2F38%2Fd934194269%2Fhtdocs%2Fclickandbuilds%2Fluxembourgauction%2Fwp-admin HTTP/1.1" 429 227 luxembourgauction.com "-" "Mozilla/5.0 AppleWebKit/537.36 (KHTML, like Gecko; compatible; ClaudeBot/1.0; +claudebot@anthropic.com)" "-"
45.149.173.0 - - [19/Jan/2026:01:11:40 +0100] "GET /cms/wp-includes/wlwmanifest.xml HTTP/1.1" 200 59651 luxembourgauction.com "-" "Mozilla/5.0 (Windows NT 10.0; Win64; x64) AppleWebKit/537.36 (KHTML, like Gecko) Chrome/78.0.3904.108 Safari/537.36" "-"
2a03:2880:f800:: - - [19/Jan/2026:01:11:40 +0100] "GET /detail/goodhearted/1086421723?fileloc=/homepages/38/d934194269/htdocs/clickandbuilds/luxembourgauction/uktkg.php&path=/homepages/38/d934194269/htdocs/clickandbuilds/luxembourgauction HTTP/1.1" 200 56305 luxembourgauction.com "-" "meta-externalagent/1.1 (+https://developers.facebook.com/docs/sharing/webmasters/crawler)" "-"
98.82.59.0 - - [19/Jan/2026:01:11:40 +0100] "GET /n?path=/homepages/28/d935578691 HTTP/1.1" 200 25502 luxembourgauction.com "-" "Mozilla/5.0 AppleWebKit/537.36 (KHTML, like Gecko; compatible; Amazonbot/0.1; +https://developer.amazon.com/support/amazonbot) Chrome/119.0.6045.214 Safari/537.36" "-"
45.149.173.0 - - [19/Jan/2026:01:11:41 +0100] "GET /sito/wp-includes/wlwmanifest.xml HTTP/1.1" 200 59651 luxembourgauction.com "-" "Mozilla/5.0 (Windows NT 10.0; Win64; x64) AppleWebKit/537.36 (KHTML, like Gecko) Chrome/78.0.3904.108 Safari/537.36" "-"
74.7.227.0 - - [19/Jan/2026:01:11:42 +0100] "GET /?path=//kunden/kunden/kunden/kunden/kunden/kunden/kunden/proc/thread-self/root/kunden/kunden/kunden/proc/thread-self/root/kunden/kunden/kunden/kunden/etc/selinux HTTP/1.1" 200 17002 luxembourgauction.com "http://luxembourgauction.com/?path=//kunden/kunden/kunden/kunden/kunden/kunden/kunden/proc/thread-self/root/kunden/kunden/kunden/proc/thread-self/root/kunden/kunden/kunden/kunden/etc" "Mozilla/5.0 AppleWebKit/537.36 (KHTML, like Gecko; compatible; GPTBot/1.3; +https://openai.com/gptbot)" "-"
2a03:2880:f800:: - - [19/Jan/2026:01:11:44 +0100] "GET /detail/tenable/2055852939?fileloc=/homepages/38/d934194269/htdocs/clickandbuilds/luxembourgauction/wp-login.php&path=/homepages/38/d934194269/htdocs/clickandbuilds/luxembourgauction HTTP/1.1" 200 75113 luxembourgauction.com "-" "meta-externalagent/1.1 (+https://developers.facebook.com/docs/sharing/webmasters/crawler)" "-"
44.206.93.0 - - [19/Jan/2026:01:11:44 +0100] "GET /n?path=/homepages/1/d932652726 HTTP/1.1" 200 29905 luxembourgauction.com "-" "Mozilla/5.0 AppleWebKit/537.36 (KHTML, like Gecko; compatible; Amazonbot/0.1; +https://developer.amazon.com/support/amazonbot) Chrome/119.0.6045.214 Safari/537.36" "-"
216.73.216.0 - - [19/Jan/2026:01:11:45 +0100] "GET /detail/uncleansable/3345712021?fileloc=%2Fhomepages%2F38%2Fd934194269%2Fhtdocs%2Fclickandbuilds%2Fluxembourgauction%2Fwp-admin%2Fexport.php&path=%2Fhomepages%2F38%2Fd934194269%2Fhtdocs%2Fclickandbuilds%2Fluxembourgauction%2Fwp-admin HTTP/1.1" 429 227 luxembourgauction.com "-" "Mozilla/5.0 AppleWebKit/537.36 (KHTML, like Gecko; compatible; ClaudeBot/1.0; +claudebot@anthropic.com)" "-"
74.7.227.0 - - [19/Jan/2026:01:11:45 +0100] "GET /?path=//kunden/kunden/kunden/kunden/kunden/kunden/kunden/proc/thread-self/root/kunden/kunden/kunden/proc/thread-self/root/kunden/kunden/kunden/kunden/etc/systemd/user/sockets.target.wants HTTP/1.1" 200 26063 luxembourgauction.com "http://luxembourgauction.com/?path=//kunden/kunden/kunden/kunden/kunden/kunden/kunden/proc/thread-self/root/kunden/kunden/kunden/proc/thread-self/root/kunden/kunden/kunden/kunden/etc/systemd/user" "Mozilla/5.0 AppleWebKit/537.36 (KHTML, like Gecko; compatible; GPTBot/1.3; +https://openai.com/gptbot)" "-"
2a03:2880:f800:: - - [19/Jan/2026:01:11:47 +0100] "GET /detail/indisciplinable/2940799072?fileloc=/homepages/38/d934194269/htdocs/clickandbuilds/luxembourgauction/wp-config.php&path=/homepages/38/d934194269/htdocs/clickandbuilds/luxembourgauction HTTP/1.1" 503 299 luxembourgauction.com "-" "meta-externalagent/1.1 (+https://developers.facebook.com/docs/sharing/webmasters/crawler)" "-"
74.7.227.0 - - [19/Jan/2026:01:11:48 +0100] "GET /?path=//kunden/kunden/kunden/kunden/kunden/kunden/kunden/proc/thread-self/root/kunden/kunden/kunden/proc/thread-self/root/kunden/kunden/kunden/kunden/run HTTP/1.1" 200 25827 luxembourgauction.com "http://luxembourgauction.com/?path=//kunden/kunden/kunden/kunden/kunden/kunden/kunden/proc/thread-self/root/kunden/kunden/kunden/proc/thread-self/root/kunden/kunden/kunden/kunden" "Mozilla/5.0 AppleWebKit/537.36 (KHTML, like Gecko; compatible; GPTBot/1.3; +https://openai.com/gptbot)" "-"
3.221.156.0 - - [19/Jan/2026:01:11:48 +0100] "GET /terms-conditions/?path=/homepages/4/d939739577 HTTP/1.1" 200 26957 luxembourgauction.com "-" "Mozilla/5.0 AppleWebKit/537.36 (KHTML, like Gecko; compatible; Amazonbot/0.1; +https://developer.amazon.com/support/amazonbot) Chrome/119.0.6045.214 Safari/537.36" "-"
216.73.216.0 - - [19/Jan/2026:01:11:50 +0100] "GET /detail/rabid/2911042321?fileloc=%2Fhomepages%2F38%2Fd934194269%2Fhtdocs%2Fclickandbuilds%2Fluxembourgauction%2Fwp-includes%2Ffeed-atom.php&path=%2Fhomepages%2F38%2Fd934194269%2Fhtdocs%2Fclickandbuilds%2Fluxembourgauction%2Fwp-includes HTTP/1.1" 429 227 luxembourgauction.com "-" "Mozilla/5.0 AppleWebKit/537.36 (KHTML, like Gecko; compatible; ClaudeBot/1.0; +claudebot@anthropic.com)" "-"
74.7.227.0 - - [19/Jan/2026:01:11:51 +0100] "GET /?path=//kunden/kunden/kunden/kunden/kunden/kunden/kunden/proc/thread-self/root/kunden/kunden/kunden/proc/thread-self/root/kunden/kunden/kunden/kunden/etc/wordpress HTTP/1.1" 200 17003 luxembourgauction.com "http://luxembourgauction.com/?path=//kunden/kunden/kunden/kunden/kunden/kunden/kunden/proc/thread-self/root/kunden/kunden/kunden/proc/thread-self/root/kunden/kunden/kunden/kunden/etc" "Mozilla/5.0 AppleWebKit/537.36 (KHTML, like Gecko; compatible; GPTBot/1.3; +https://openai.com/gptbot)" "-"
2a03:2880:f800:: - - [19/Jan/2026:01:11:51 +0100] "GET /detail/amphibologies/412803781?fileloc=/homepages/38/d934194269/htdocs/clickandbuilds/luxembourgauction/robots.txt&path=/homepages/38/d934194269/htdocs/clickandbuilds/luxembourgauction HTTP/1.1" 200 12685 luxembourgauction.com "-" "meta-externalagent/1.1 (+https://developers.facebook.com/docs/sharing/webmasters/crawler)" "-"
2a03:2880:f800:: - - [19/Jan/2026:01:11:51 +0100] "GET /detail/esterases/2237564063?fileloc=/homepages/38/d934194269/htdocs/clickandbuilds/luxembourgauction/wp-load.php&path=/homepages/38/d934194269/htdocs/clickandbuilds/luxembourgauction HTTP/1.1" 200 17313 luxembourgauction.com "-" "meta-externalagent/1.1 (+https://developers.facebook.com/docs/sharing/webmasters/crawler)" "-"
18.235.81.0 - - [19/Jan/2026:01:11:53 +0100] "GET /product/nexus-drives-connecting-you-to-the-future/?path=/homepages/13/d936344729 HTTP/1.1" 200 24032 luxembourgauction.com "-" "Mozilla/5.0 AppleWebKit/537.36 (KHTML, like Gecko; compatible; Amazonbot/0.1; +https://developer.amazon.com/support/amazonbot) Chrome/119.0.6045.214 Safari/537.36" "-"
74.7.227.0 - - [19/Jan/2026:01:11:54 +0100] "GET /?path=//kunden/kunden/kunden/kunden/kunden/kunden/kunden/proc/thread-self/root/kunden/kunden/kunden/proc/thread-self/root/kunden/kunden/kunden/usr/include/netinet HTTP/1.1" 200 40757 luxembourgauction.com "http://luxembourgauction.com/?path=//kunden/kunden/kunden/kunden/kunden/kunden/kunden/proc/thread-self/root/kunden/kunden/kunden/proc/thread-self/root/kunden/kunden/kunden/usr/include" "Mozilla/5.0 AppleWebKit/537.36 (KHTML, like Gecko; compatible; GPTBot/1.3; +https://openai.com/gptbot)" "-"
216.73.216.0 - - [19/Jan/2026:01:11:55 +0100] "GET /detail/biggest/951874228?fileloc=%2Fhomepages%2F38%2Fd934194269%2Fhtdocs%2Fclickandbuilds%2Fluxembourgauction%2Fwp-includes%2Fclass-feed.php&path=%2Fhomepages%2F38%2Fd934194269%2Fhtdocs%2Fclickandbuilds%2Fluxembourgauction%2Fwp-includes HTTP/1.1" 429 227 luxembourgauction.com "-" "Mozilla/5.0 AppleWebKit/537.36 (KHTML, like Gecko; compatible; ClaudeBot/1.0; +claudebot@anthropic.com)" "-"
2a03:2880:f800:: - - [19/Jan/2026:01:11:55 +0100] "GET /detail/krokidolite/3063479062?path=/homepages/38/d934194269/htdocs/clickandbuilds/luxembourgauction/.tmb HTTP/1.1" 200 16579 luxembourgauction.com "-" "meta-externalagent/1.1 (+https://developers.facebook.com/docs/sharing/webmasters/crawler)" "-"
34.233.114.0 - - [19/Jan/2026:01:11:56 +0100] "GET /product/nexus-drives-connecting-you-to-the-future/?path=/homepages/19/d936567515 HTTP/1.1" 200 26996 luxembourgauction.com "-" "Mozilla/5.0 AppleWebKit/537.36 (KHTML, like Gecko; compatible; Amazonbot/0.1; +https://developer.amazon.com/support/amazonbot) Chrome/119.0.6045.214 Safari/537.36" "-"
74.7.227.0 - - [19/Jan/2026:01:11:57 +0100] "GET /?path=//kunden/kunden/kunden/kunden/kunden/kunden/kunden/proc/thread-self/root/kunden/kunden/kunden/proc/thread-self/root/kunden/kunden/kunden/kunden/lib/locale HTTP/1.1" 200 881837 luxembourgauction.com "http://luxembourgauction.com/?path=//kunden/kunden/kunden/kunden/kunden/kunden/kunden/proc/thread-self/root/kunden/kunden/kunden/proc/thread-self/root/kunden/kunden/kunden/kunden/lib" "Mozilla/5.0 AppleWebKit/537.36 (KHTML, like Gecko; compatible; GPTBot/1.3; +https://openai.com/gptbot)" "-"
2a03:2880:f800:: - - [19/Jan/2026:01:11:59 +0100] "GET /detail/caprifole/732490241?path=/homepages/38/d934194269/htdocs/clickandbuilds/luxembourgauction/.opcache HTTP/1.1" 200 17929 luxembourgauction.com "-" "meta-externalagent/1.1 (+https://developers.facebook.com/docs/sharing/webmasters/crawler)" "-"
216.73.216.0 - - [19/Jan/2026:01:12:00 +0100] "GET /detail/proface/3838381246?fileloc=%2Fhomepages%2F38%2Fd934194269%2Fhtdocs%2Fclickandbuilds%2Fluxembourgauction%2Fwp-includes%2Fcomment.php&path=%2Fhomepages%2F38%2Fd934194269%2Fhtdocs%2Fclickandbuilds%2Fluxembourgauction%2Fwp-includes HTTP/1.1" 429 227 luxembourgauction.com "-" "Mozilla/5.0 AppleWebKit/537.36 (KHTML, like Gecko; compatible; ClaudeBot/1.0; +claudebot@anthropic.com)" "-"
74.7.227.0 - - [19/Jan/2026:01:12:00 +0100] "GET /?path=//kunden/kunden/kunden/kunden/kunden/kunden/kunden/proc/thread-self/root/kunden/kunden/kunden/proc/thread-self/root/kunden/kunden/kunden/kunden/etc/kernel/postinst.d HTTP/1.1" 200 17247 luxembourgauction.com "http://luxembourgauction.com/?path=//kunden/kunden/kunden/kunden/kunden/kunden/kunden/proc/thread-self/root/kunden/kunden/kunden/proc/thread-self/root/kunden/kunden/kunden/kunden/etc/kernel" "Mozilla/5.0 AppleWebKit/537.36 (KHTML, like Gecko; compatible; GPTBot/1.3; +https://openai.com/gptbot)" "-"
3.94.156.0 - - [19/Jan/2026:01:12:00 +0100] "GET /product/palette-on-perfection-primer-art-auction-event/?path=/homepages/41/d938903813 HTTP/1.1" 200 26972 luxembourgauction.com "-" "Mozilla/5.0 AppleWebKit/537.36 (KHTML, like Gecko; compatible; Amazonbot/0.1; +https://developer.amazon.com/support/amazonbot) Chrome/119.0.6045.214 Safari/537.36" "-"
2a03:2880:f800:: - - [19/Jan/2026:01:12:03 +0100] "GET /detail/antheriferous/856329036?path=/homepages/38/d934194269/htdocs/clickandbuilds/luxembourgauction/images HTTP/1.1" 200 17882 luxembourgauction.com "-" "meta-externalagent/1.1 (+https://developers.facebook.com/docs/sharing/webmasters/crawler)" "-"
74.7.227.0 - - [19/Jan/2026:01:12:03 +0100] "GET /?path=//kunden/kunden/kunden/kunden/kunden/kunden/kunden/proc/thread-self/root/kunden/kunden/kunden/proc/thread-self/root/kunden/kunden/kunden/kunden/proc/tty HTTP/1.1" 200 22385 luxembourgauction.com "http://luxembourgauction.com/?path=//kunden/kunden/kunden/kunden/kunden/kunden/kunden/proc/thread-self/root/kunden/kunden/kunden/proc/thread-self/root/kunden/kunden/kunden/kunden/proc" "Mozilla/5.0 AppleWebKit/537.36 (KHTML, like Gecko; compatible; GPTBot/1.3; +https://openai.com/gptbot)" "-"
216.73.216.0 - - [19/Jan/2026:01:12:05 +0100] "GET /detail/expetible/3333073246?fileloc=%2Fhomepages%2F38%2Fd934194269%2Fhtdocs%2Fclickandbuilds%2Fluxembourgauction%2Fwp-admin%2Fadmin-header.php&path=%2Fhomepages%2F38%2Fd934194269%2Fhtdocs%2Fclickandbuilds%2Fluxembourgauction%2Fwp-admin HTTP/1.1" 429 227 luxembourgauction.com "-" "Mozilla/5.0 AppleWebKit/537.36 (KHTML, like Gecko; compatible; ClaudeBot/1.0; +claudebot@anthropic.com)" "-"
34.225.24.0 - - [19/Jan/2026:01:12:05 +0100] "GET /terms-conditions/?path=/homepages/38/d935733942 HTTP/1.1" 200 28466 luxembourgauction.com "-" "Mozilla/5.0 AppleWebKit/537.36 (KHTML, like Gecko; compatible; Amazonbot/0.1; +https://developer.amazon.com/support/amazonbot) Chrome/119.0.6045.214 Safari/537.36" "-"
74.7.227.0 - - [19/Jan/2026:01:12:06 +0100] "GET /?path=//kunden/kunden/kunden/kunden/kunden/kunden/kunden/proc/thread-self/root/kunden/kunden/kunden/proc/thread-self/root/kunden/kunden/kunden/kunden/proc/bus HTTP/1.1" 200 14995 luxembourgauction.com "http://luxembourgauction.com/?path=//kunden/kunden/kunden/kunden/kunden/kunden/kunden/proc/thread-self/root/kunden/kunden/kunden/proc/thread-self/root/kunden/kunden/kunden/kunden/proc" "Mozilla/5.0 AppleWebKit/537.36 (KHTML, like Gecko; compatible; GPTBot/1.3; +https://openai.com/gptbot)" "-"
2a03:2880:f800:: - - [19/Jan/2026:01:12:07 +0100] "GET /detail/dipsosis/248456469?fileloc=/homepages/38/d934194269/htdocs/clickandbuilds/luxembourgauction/wp-login.php&path=/homepages/38/d934194269/htdocs/clickandbuilds/luxembourgauction HTTP/1.1" 200 75113 luxembourgauction.com "-" "meta-externalagent/1.1 (+https://developers.facebook.com/docs/sharing/webmasters/crawler)" "-"
54.87.95.0 - - [19/Jan/2026:01:12:08 +0100] "GET /product/nexus-drives-connecting-you-to-the-future/?path=/homepages/0/d938561377 HTTP/1.1" 200 25467 luxembourgauction.com "-" "Mozilla/5.0 AppleWebKit/537.36 (KHTML, like Gecko; compatible; Amazonbot/0.1; +https://developer.amazon.com/support/amazonbot) Chrome/119.0.6045.214 Safari/537.36" "-"
216.73.216.0 - - [19/Jan/2026:01:12:10 +0100] "GET /detail/slightest/2896718598?fileloc=%2Fhomepages%2F38%2Fd934194269%2Fhtdocs%2Fclickandbuilds%2Fluxembourgauction%2Fwp-admin%2Fplugins.php&path=%2Fhomepages%2F38%2Fd934194269%2Fhtdocs%2Fclickandbuilds%2Fluxembourgauction%2Fwp-admin HTTP/1.1" 429 227 luxembourgauction.com "-" "Mozilla/5.0 AppleWebKit/537.36 (KHTML, like Gecko; compatible; ClaudeBot/1.0; +claudebot@anthropic.com)" "-"
74.7.227.0 - - [19/Jan/2026:01:12:10 +0100] "GET /?path=//kunden/kunden/kunden/kunden/kunden/kunden/kunden/proc/thread-self/root/kunden/kunden/kunden/proc/thread-self/root/kunden/kunden/kunden/kunden/proc/irq HTTP/1.1" 200 421076 luxembourgauction.com "http://luxembourgauction.com/?path=//kunden/kunden/kunden/kunden/kunden/kunden/kunden/proc/thread-self/root/kunden/kunden/kunden/proc/thread-self/root/kunden/kunden/kunden/kunden/proc" "Mozilla/5.0 AppleWebKit/537.36 (KHTML, like Gecko; compatible; GPTBot/1.3; +https://openai.com/gptbot)" "-"
2a03:2880:f800:: - - [19/Jan/2026:01:12:12 +0100] "GET /detail/inexorably/2531256330?fileloc=/homepages/38/d934194269/htdocs/clickandbuilds/luxembourgauction/wp-blog-header.php&path=/homepages/38/d934194269/htdocs/clickandbuilds/luxembourgauction HTTP/1.1" 200 13183 luxembourgauction.com "-" "meta-externalagent/1.1 (+https://developers.facebook.com/docs/sharing/webmasters/crawler)" "-"
52.200.54.0 - - [19/Jan/2026:01:12:12 +0100] "GET /n?path=/homepages/37/d936372530 HTTP/1.1" 200 29952 luxembourgauction.com "-" "Mozilla/5.0 AppleWebKit/537.36 (KHTML, like Gecko; compatible; Amazonbot/0.1; +https://developer.amazon.com/support/amazonbot) Chrome/119.0.6045.214 Safari/537.36" "-"
74.7.227.0 - - [19/Jan/2026:01:12:13 +0100] "GET /?path=//kunden/kunden/kunden/kunden/kunden/kunden/kunden/proc/thread-self/root/kunden/kunden/kunden/proc/thread-self/root/kunden/kunden/kunden/kunden/usr/bin HTTP/1.1" 200 2523709 luxembourgauction.com "http://luxembourgauction.com/?path=//kunden/kunden/kunden/kunden/kunden/kunden/kunden/proc/thread-self/root/kunden/kunden/kunden/proc/thread-self/root/kunden/kunden/kunden/kunden/usr" "Mozilla/5.0 AppleWebKit/537.36 (KHTML, like Gecko; compatible; GPTBot/1.3; +https://openai.com/gptbot)" "-"
