23.21.179.0 - - [19/Jan/2026:00:14:24 +0100] "GET /n?fileloc=/homepages/38/d934194269/htdocs/clickandbuilds/luxembourgauction/wp-admin/user/credits.php&path=/homepages/38/d934194269/htdocs/clickandbuilds/luxembourgauction/wp-admin/user HTTP/1.1" 200 13104 luxembourgauction.com "-" "Mozilla/5.0 AppleWebKit/537.36 (KHTML, like Gecko; compatible; Amazonbot/0.1; +https://developer.amazon.com/support/amazonbot) Chrome/119.0.6045.214 Safari/537.36" "-"
74.7.227.0 - - [19/Jan/2026:00:14:25 +0100] "GET /?path=//kunden/kunden/kunden/kunden/kunden/kunden/kunden/proc/thread-self/root/kunden/kunden/kunden/proc/thread-self/root/kunden/proc/thread-self/root/kunden/lib/locale/ar_TN/LC_MESSAGES HTTP/1.1" 200 17714 luxembourgauction.com "http://luxembourgauction.com/?path=//kunden/kunden/kunden/kunden/kunden/kunden/kunden/proc/thread-self/root/kunden/kunden/kunden/proc/thread-self/root/kunden/proc/thread-self/root/kunden/lib/locale/ar_TN" "Mozilla/5.0 AppleWebKit/537.36 (KHTML, like Gecko; compatible; GPTBot/1.3; +https://openai.com/gptbot)" "-"
2a03:2880:f800:: - - [19/Jan/2026:00:14:26 +0100] "GET /detail/dacian/1381370930?fileloc=/homepages/38/d934194269/htdocs/clickandbuilds/luxembourgauction/wp-signup.php&path=/homepages/38/d934194269/htdocs/clickandbuilds/luxembourgauction HTTP/1.1" 200 54129 luxembourgauction.com "-" "meta-externalagent/1.1 (+https://developers.facebook.com/docs/sharing/webmasters/crawler)" "-"
34.231.181.0 - - [19/Jan/2026:00:14:28 +0100] "GET /terms-conditions/?fileloc=/homepages/38/d934194269/htdocs/clickandbuilds/luxembourgauction/wp-includes/ID3/module.audio-video.flv.php&path=/homepages/38/d934194269/htdocs/clickandbuilds/luxembourgauction/wp-includes/ID3 HTTP/1.1" 200 43897 luxembourgauction.com "-" "Mozilla/5.0 AppleWebKit/537.36 (KHTML, like Gecko; compatible; Amazonbot/0.1; +https://developer.amazon.com/support/amazonbot) Chrome/119.0.6045.214 Safari/537.36" "-"
216.73.216.0 - - [19/Jan/2026:00:14:29 +0100] "GET /detail/millefiore/3832918948?fileloc=%2Fhomepages%2F38%2Fd934194269%2Fhtdocs%2Fclickandbuilds%2Fluxembourgauction%2Fgheym.php&path=%2Fhomepages%2F38%2Fd934194269%2Fhtdocs%2Fclickandbuilds%2Fluxembourgauction HTTP/1.1" 429 227 luxembourgauction.com "-" "Mozilla/5.0 AppleWebKit/537.36 (KHTML, like Gecko; compatible; ClaudeBot/1.0; +claudebot@anthropic.com)" "-"
74.7.227.0 - - [19/Jan/2026:00:14:29 +0100] "GET /?path=//kunden/kunden/kunden/kunden/kunden/kunden/kunden/proc/thread-self/root/proc/thread-self/root/kunden/kunden/kunden/kunden/proc/thread-self/root/kunden/lib/locale/hr_HR HTTP/1.1" 200 39675 luxembourgauction.com "http://luxembourgauction.com/?path=//kunden/kunden/kunden/kunden/kunden/kunden/kunden/proc/thread-self/root/proc/thread-self/root/kunden/kunden/kunden/kunden/proc/thread-self/root/kunden/lib/locale/hr_HR/LC_MESSAGES" "Mozilla/5.0 AppleWebKit/537.36 (KHTML, like Gecko; compatible; GPTBot/1.3; +https://openai.com/gptbot)" "-"
2a03:2880:f800:: - - [19/Jan/2026:00:14:30 +0100] "GET /detail/thiosulphuric/1922561126?path=/homepages/38/d934194269/htdocs/clickandbuilds/luxembourgauction/wp-includes HTTP/1.1" 200 483476 luxembourgauction.com "-" "meta-externalagent/1.1 (+https://developers.facebook.com/docs/sharing/webmasters/crawler)" "-"
74.7.227.0 - - [19/Jan/2026:00:14:32 +0100] "GET /?path=//kunden/kunden/kunden/kunden/kunden/kunden/kunden/proc/thread-self/root/kunden/kunden/kunden/proc/thread-self/root/kunden/proc/thread-self/root/kunden/lib/locale/oc_FR/LC_MESSAGES HTTP/1.1" 200 17713 luxembourgauction.com "http://luxembourgauction.com/?path=//kunden/kunden/kunden/kunden/kunden/kunden/kunden/proc/thread-self/root/kunden/kunden/kunden/proc/thread-self/root/kunden/proc/thread-self/root/kunden/lib/locale/oc_FR" "Mozilla/5.0 AppleWebKit/537.36 (KHTML, like Gecko; compatible; GPTBot/1.3; +https://openai.com/gptbot)" "-"
107.20.25.0 - - [19/Jan/2026:00:14:32 +0100] "GET /n?fileloc=/homepages/38/d934194269/htdocs/clickandbuilds/luxembourgauction/wp-admin/js/privacy-tools.js&path=/homepages/38/d934194269/htdocs/clickandbuilds/luxembourgauction/wp-admin/js HTTP/1.1" 200 25016 luxembourgauction.com "-" "Mozilla/5.0 AppleWebKit/537.36 (KHTML, like Gecko; compatible; Amazonbot/0.1; +https://developer.amazon.com/support/amazonbot) Chrome/119.0.6045.214 Safari/537.36" "-"
216.73.216.0 - - [19/Jan/2026:00:14:34 +0100] "GET /detail/mintmen/189525099?fileloc=%2Fhomepages%2F38%2Fd936289764%2Flast_traffic&path=%2Fhomepages%2F38%2Fd936289764 HTTP/1.1" 429 227 luxembourgauction.com "-" "Mozilla/5.0 AppleWebKit/537.36 (KHTML, like Gecko; compatible; ClaudeBot/1.0; +claudebot@anthropic.com)" "-"
2a03:2880:f800:: - - [19/Jan/2026:00:14:34 +0100] "GET /detail/false/1437401648?fileloc=/homepages/38/d934194269/htdocs/clickandbuilds/luxembourgauction/wp-trackback.php&path=/homepages/38/d934194269/htdocs/clickandbuilds/luxembourgauction HTTP/1.1" 200 18602 luxembourgauction.com "-" "meta-externalagent/1.1 (+https://developers.facebook.com/docs/sharing/webmasters/crawler)" "-"
74.7.227.0 - - [19/Jan/2026:00:14:35 +0100] "GET /?path=//kunden/kunden/kunden/kunden/kunden/kunden/kunden/proc/thread-self/root/proc/thread-self/root/kunden/kunden/kunden/kunden/proc/thread-self/root/usr/lib/locale/fr_CA/LC_MESSAGES HTTP/1.1" 200 17687 luxembourgauction.com "http://luxembourgauction.com/?path=//kunden/kunden/kunden/kunden/kunden/kunden/kunden/proc/thread-self/root/proc/thread-self/root/kunden/kunden/kunden/kunden/proc/thread-self/root/usr/lib/locale/fr_CA" "Mozilla/5.0 AppleWebKit/537.36 (KHTML, like Gecko; compatible; GPTBot/1.3; +https://openai.com/gptbot)" "-"
98.82.38.0 - - [19/Jan/2026:00:14:36 +0100] "GET /terms-conditions/?fileloc=/homepages/38/d934194269/htdocs/clickandbuilds/luxembourgauction/wp-admin/js/tags-box.min.js&path=/homepages/38/d934194269/htdocs/clickandbuilds/luxembourgauction/wp-admin/js HTTP/1.1" 200 16965 luxembourgauction.com "-" "Mozilla/5.0 AppleWebKit/537.36 (KHTML, like Gecko; compatible; Amazonbot/0.1; +https://developer.amazon.com/support/amazonbot) Chrome/119.0.6045.214 Safari/537.36" "-"
74.7.227.0 - - [19/Jan/2026:00:14:38 +0100] "GET /?path=//kunden/kunden/kunden/kunden/kunden/kunden/kunden/proc/thread-self/root/kunden/kunden/kunden/proc/thread-self/root/kunden/proc/thread-self/root/kunden/usr/lib/locale/bo_CN/LC_MESSAGES HTTP/1.1" 200 17925 luxembourgauction.com "http://luxembourgauction.com/?path=//kunden/kunden/kunden/kunden/kunden/kunden/kunden/proc/thread-self/root/kunden/kunden/kunden/proc/thread-self/root/kunden/proc/thread-self/root/kunden/usr/lib/locale/bo_CN" "Mozilla/5.0 AppleWebKit/537.36 (KHTML, like Gecko; compatible; GPTBot/1.3; +https://openai.com/gptbot)" "-"
2a03:2880:f800:: - - [19/Jan/2026:00:14:38 +0100] "GET /detail/inablement/3297516918?fileloc=/homepages/38/d934194269/htdocs/clickandbuilds/luxembourgauction/xmlrpc.php&path=/homepages/38/d934194269/htdocs/clickandbuilds/luxembourgauction HTTP/1.1" 200 16471 luxembourgauction.com "-" "meta-externalagent/1.1 (+https://developers.facebook.com/docs/sharing/webmasters/crawler)" "-"
216.73.216.0 - - [19/Jan/2026:00:14:39 +0100] "GET /detail/trolled/3896132914?fileloc=%2Fhomepages%2F38%2Fd938639341%2Fhtpasswd&path=%2Fhomepages%2F38%2Fd938639341 HTTP/1.1" 429 227 luxembourgauction.com "-" "Mozilla/5.0 AppleWebKit/537.36 (KHTML, like Gecko; compatible; ClaudeBot/1.0; +claudebot@anthropic.com)" "-"
100.29.164.0 - - [19/Jan/2026:00:14:40 +0100] "GET /terms-conditions/?fileloc=/homepages/38/d934194269/htdocs/clickandbuilds/luxembourgauction/wp-admin/js/tags.min.js&path=/homepages/38/d934194269/htdocs/clickandbuilds/luxembourgauction/wp-admin/js HTTP/1.1" 200 15676 luxembourgauction.com "-" "Mozilla/5.0 AppleWebKit/537.36 (KHTML, like Gecko; compatible; Amazonbot/0.1; +https://developer.amazon.com/support/amazonbot) Chrome/119.0.6045.214 Safari/537.36" "-"
74.7.227.0 - - [19/Jan/2026:00:14:41 +0100] "GET /?path=//kunden/kunden/kunden/kunden/kunden/kunden/kunden/proc/thread-self/root/kunden/kunden/kunden/kunden/proc/thread-self/root/proc/thread-self/root/usr/lib/locale/de_BE/LC_MESSAGES HTTP/1.1" 200 17683 luxembourgauction.com "http://luxembourgauction.com/?path=//kunden/kunden/kunden/kunden/kunden/kunden/kunden/proc/thread-self/root/kunden/kunden/kunden/kunden/proc/thread-self/root/proc/thread-self/root/usr/lib/locale/de_BE" "Mozilla/5.0 AppleWebKit/537.36 (KHTML, like Gecko; compatible; GPTBot/1.3; +https://openai.com/gptbot)" "-"
2a03:2880:f800:: - - [19/Jan/2026:00:14:42 +0100] "GET /detail/miserable/1621462037?fileloc=/homepages/38/d934194269/htdocs/clickandbuilds/luxembourgauction/gheym.php&path=/homepages/38/d934194269/htdocs/clickandbuilds/luxembourgauction HTTP/1.1" 200 45079 luxembourgauction.com "-" "meta-externalagent/1.1 (+https://developers.facebook.com/docs/sharing/webmasters/crawler)" "-"
216.73.216.0 - - [19/Jan/2026:00:14:44 +0100] "GET /detail/trending/3497221115?fileloc=%2Fhomepages%2F35%2Fd930549557%2Flast_traffic&path=%2Fhomepages%2F35%2Fd930549557 HTTP/1.1" 429 227 luxembourgauction.com "-" "Mozilla/5.0 AppleWebKit/537.36 (KHTML, like Gecko; compatible; ClaudeBot/1.0; +claudebot@anthropic.com)" "-"
74.7.227.0 - - [19/Jan/2026:00:14:44 +0100] "GET /?path=//kunden/kunden/kunden/kunden/kunden/kunden/kunden/proc/thread-self/root/proc/thread-self/root/kunden/kunden/kunden/kunden/proc/thread-self/root/kunden/lib/locale/zu_ZA HTTP/1.1" 200 39676 luxembourgauction.com "http://luxembourgauction.com/?path=//kunden/kunden/kunden/kunden/kunden/kunden/kunden/proc/thread-self/root/proc/thread-self/root/kunden/kunden/kunden/kunden/proc/thread-self/root/kunden/lib/locale/zu_ZA/LC_MESSAGES" "Mozilla/5.0 AppleWebKit/537.36 (KHTML, like Gecko; compatible; GPTBot/1.3; +https://openai.com/gptbot)" "-"
34.206.212.0 - - [19/Jan/2026:00:14:44 +0100] "GET /n?fileloc=/homepages/38/d934194269/htdocs/clickandbuilds/luxembourgauction/wp-admin/js/comment.js&path=/homepages/38/d934194269/htdocs/clickandbuilds/luxembourgauction/wp-admin/js HTTP/1.1" 200 16254 luxembourgauction.com "-" "Mozilla/5.0 AppleWebKit/537.36 (KHTML, like Gecko; compatible; Amazonbot/0.1; +https://developer.amazon.com/support/amazonbot) Chrome/119.0.6045.214 Safari/537.36" "-"
2a03:2880:f800:: - - [19/Jan/2026:00:14:46 +0100] "GET /detail/myzostomata/3359531490?fileloc=/homepages/38/d934194269/htdocs/clickandbuilds/luxembourgauction/wp-settings.php&path=/homepages/38/d934194269/htdocs/clickandbuilds/luxembourgauction HTTP/1.1" 200 46078 luxembourgauction.com "-" "meta-externalagent/1.1 (+https://developers.facebook.com/docs/sharing/webmasters/crawler)" "-"
74.7.227.0 - - [19/Jan/2026:00:14:47 +0100] "GET /?path=//kunden/kunden/kunden/kunden/kunden/kunden/kunden/proc/thread-self/root/kunden/kunden/kunden/kunden/proc/thread-self/root/proc/thread-self/root/usr/lib/locale/sr_ME/LC_MESSAGES HTTP/1.1" 200 17683 luxembourgauction.com "http://luxembourgauction.com/?path=//kunden/kunden/kunden/kunden/kunden/kunden/kunden/proc/thread-self/root/kunden/kunden/kunden/kunden/proc/thread-self/root/proc/thread-self/root/usr/lib/locale/sr_ME" "Mozilla/5.0 AppleWebKit/537.36 (KHTML, like Gecko; compatible; GPTBot/1.3; +https://openai.com/gptbot)" "-"
216.73.216.0 - - [19/Jan/2026:00:14:49 +0100] "GET /detail/hexabasic/1714763687?fileloc=%2Fhomepages%2F38%2Fd934194269%2Fhtdocs%2Fclickandbuilds%2Fluxembourgauction%2F.htaccess&path=%2Fhomepages%2F38%2Fd934194269%2Fhtdocs%2Fclickandbuilds%2Fluxembourgauction HTTP/1.1" 429 227 luxembourgauction.com "-" "Mozilla/5.0 AppleWebKit/537.36 (KHTML, like Gecko; compatible; ClaudeBot/1.0; +claudebot@anthropic.com)" "-"
98.84.70.0 - - [19/Jan/2026:00:14:49 +0100] "GET /terms-conditions/?fileloc=/homepages/38/d934194269/htdocs/clickandbuilds/luxembourgauction/wp-admin/js/svg-painter.js&path=/homepages/38/d934194269/htdocs/clickandbuilds/luxembourgauction/wp-admin/js HTTP/1.1" 200 16521 luxembourgauction.com "-" "Mozilla/5.0 AppleWebKit/537.36 (KHTML, like Gecko; compatible; Amazonbot/0.1; +https://developer.amazon.com/support/amazonbot) Chrome/119.0.6045.214 Safari/537.36" "-"
74.7.227.0 - - [19/Jan/2026:00:14:50 +0100] "GET /?path=//kunden/kunden/kunden/kunden/kunden/kunden/kunden/proc/thread-self/root/proc/thread-self/root/kunden/kunden/kunden/kunden/proc/thread-self/root/kunden/lib/locale/bo_IN/LC_MESSAGES HTTP/1.1" 200 17716 luxembourgauction.com "http://luxembourgauction.com/?path=//kunden/kunden/kunden/kunden/kunden/kunden/kunden/proc/thread-self/root/proc/thread-self/root/kunden/kunden/kunden/kunden/proc/thread-self/root/kunden/lib/locale/bo_IN" "Mozilla/5.0 AppleWebKit/537.36 (KHTML, like Gecko; compatible; GPTBot/1.3; +https://openai.com/gptbot)" "-"
2a03:2880:f800:: - - [19/Jan/2026:00:14:51 +0100] "GET /detail/cynanchica/1841039707?fileloc=/homepages/38/d934194269/htdocs/clickandbuilds/luxembourgauction/xmlrpc.php&path=/homepages/38/d934194269/htdocs/clickandbuilds/luxembourgauction HTTP/1.1" 200 16471 luxembourgauction.com "-" "meta-externalagent/1.1 (+https://developers.facebook.com/docs/sharing/webmasters/crawler)" "-"
184.73.68.0 - - [19/Jan/2026:00:14:52 +0100] "GET /product/nexus-drives-connecting-you-to-the-future/?fileloc=/homepages/38/d934194269/htdocs/clickandbuilds/luxembourgauction/wp-admin/includes/class-wp-upgrader-skins.php&path=/homepages/38/d934194269/htdocs/clickandbuilds/luxembourgauction/wp-admin/includes HTTP/1.1" 200 14468 luxembourgauction.com "-" "Mozilla/5.0 AppleWebKit/537.36 (KHTML, like Gecko; compatible; Amazonbot/0.1; +https://developer.amazon.com/support/amazonbot) Chrome/119.0.6045.214 Safari/537.36" "-"
216.73.216.0 - - [19/Jan/2026:00:14:54 +0100] "GET /detail/dishelm/562000353?fileloc=%2Fhomepages%2F15%2Fd932653821%2Flast_traffic&path=%2Fhomepages%2F15%2Fd932653821 HTTP/1.1" 429 227 luxembourgauction.com "-" "Mozilla/5.0 AppleWebKit/537.36 (KHTML, like Gecko; compatible; ClaudeBot/1.0; +claudebot@anthropic.com)" "-"
74.7.227.0 - - [19/Jan/2026:00:14:54 +0100] "GET /?path=//kunden/kunden/kunden/kunden/kunden/kunden/kunden/proc/thread-self/root/proc/thread-self/root/kunden/kunden/kunden/kunden/proc/thread-self/root/kunden/lib/locale/sq_AL HTTP/1.1" 200 39676 luxembourgauction.com "http://luxembourgauction.com/?path=//kunden/kunden/kunden/kunden/kunden/kunden/kunden/proc/thread-self/root/proc/thread-self/root/kunden/kunden/kunden/kunden/proc/thread-self/root/kunden/lib/locale/sq_AL/LC_MESSAGES" "Mozilla/5.0 AppleWebKit/537.36 (KHTML, like Gecko; compatible; GPTBot/1.3; +https://openai.com/gptbot)" "-"
2a03:2880:f800:: - - [19/Jan/2026:00:14:55 +0100] "GET /detail/julibrissin/233525629?fileloc=/homepages/38/d934194269/htdocs/clickandbuilds/luxembourgauction/wp-config-sample.php&path=/homepages/38/d934194269/htdocs/clickandbuilds/luxembourgauction HTTP/1.1" 200 16322 luxembourgauction.com "-" "meta-externalagent/1.1 (+https://developers.facebook.com/docs/sharing/webmasters/crawler)" "-"
54.225.98.0 - - [19/Jan/2026:00:14:56 +0100] "GET /product/building-wealth-through-real-estate-a-guide/?fileloc=/homepages/38/d934194269/htdocs/clickandbuilds/luxembourgauction/wp-includes/class-wp-customize-setting.php&path=/homepages/38/d934194269/htdocs/clickandbuilds/luxembourgauction/wp-includes HTTP/1.1" 200 44689 luxembourgauction.com "-" "Mozilla/5.0 AppleWebKit/537.36 (KHTML, like Gecko; compatible; Amazonbot/0.1; +https://developer.amazon.com/support/amazonbot) Chrome/119.0.6045.214 Safari/537.36" "-"
74.7.227.0 - - [19/Jan/2026:00:14:57 +0100] "GET /?path=//kunden/kunden/kunden/kunden/kunden/kunden/kunden/proc/thread-self/root/kunden/kunden/kunden/proc/thread-self/root/kunden/proc/thread-self/root/kunden/lib/locale/fa_IR/LC_MESSAGES HTTP/1.1" 200 17714 luxembourgauction.com "http://luxembourgauction.com/?path=//kunden/kunden/kunden/kunden/kunden/kunden/kunden/proc/thread-self/root/kunden/kunden/kunden/proc/thread-self/root/kunden/proc/thread-self/root/kunden/lib/locale/fa_IR" "Mozilla/5.0 AppleWebKit/537.36 (KHTML, like Gecko; compatible; GPTBot/1.3; +https://openai.com/gptbot)" "-"
66.249.66.0 - - [19/Jan/2026:00:14:57 +0100] "GET /detail/epigenesis/2575272651?fileloc=/homepages/38/d934194269/htdocs/clickandbuilds/luxembourgauction/wp-blog-header.php?detail/rousant/1528479429 HTTP/1.1" 200 235406 luxembourgauction.com "-" "Mozilla/5.0 (Linux; Android 6.0.1; Nexus 5X Build/MMB29P) AppleWebKit/537.36 (KHTML, like Gecko) Chrome/143.0.7499.192 Mobile Safari/537.36 (compatible; Googlebot/2.1; +http://www.google.com/bot.html)" "-"
216.73.216.0 - - [19/Jan/2026:00:14:59 +0100] "GET /detail/desiderata/4222108908?fileloc=%2Fhomepages%2F38%2Fd934194269%2Fhtdocs%2Fclickandbuilds%2Fluxembourgauction%2Fuktkg.php&path=%2Fhomepages%2F38%2Fd934194269%2Fhtdocs%2Fclickandbuilds%2Fluxembourgauction HTTP/1.1" 429 227 luxembourgauction.com "-" "Mozilla/5.0 AppleWebKit/537.36 (KHTML, like Gecko; compatible; ClaudeBot/1.0; +claudebot@anthropic.com)" "-"
2a03:2880:f800:: - - [19/Jan/2026:00:14:59 +0100] "GET /detail/polygram/661635492?fileloc=/homepages/38/d934194269/htdocs/clickandbuilds/luxembourgauction/gheym.php&path=/homepages/38/d934194269/htdocs/clickandbuilds/luxembourgauction HTTP/1.1" 200 45079 luxembourgauction.com "-" "meta-externalagent/1.1 (+https://developers.facebook.com/docs/sharing/webmasters/crawler)" "-"
74.7.227.0 - - [19/Jan/2026:00:15:00 +0100] "GET /?path=//kunden/kunden/kunden/kunden/kunden/kunden/kunden/proc/thread-self/root/kunden/kunden/kunden/proc/thread-self/root/kunden/proc/thread-self/root/kunden/usr/lib/locale/wo_SN/LC_MESSAGES HTTP/1.1" 200 17926 luxembourgauction.com "http://luxembourgauction.com/?path=//kunden/kunden/kunden/kunden/kunden/kunden/kunden/proc/thread-self/root/kunden/kunden/kunden/proc/thread-self/root/kunden/proc/thread-self/root/kunden/usr/lib/locale/wo_SN" "Mozilla/5.0 AppleWebKit/537.36 (KHTML, like Gecko; compatible; GPTBot/1.3; +https://openai.com/gptbot)" "-"
54.204.62.0 - - [19/Jan/2026:00:15:00 +0100] "GET /terms-conditions/?fileloc=/homepages/38/d934194269/htdocs/clickandbuilds/luxembourgauction/wp-content/languages/admin-fr_FR.mo&path=/homepages/38/d934194269/htdocs/clickandbuilds/luxembourgauction/wp-content/languages HTTP/1.1" 200 637304 luxembourgauction.com "-" "Mozilla/5.0 AppleWebKit/537.36 (KHTML, like Gecko; compatible; Amazonbot/0.1; +https://developer.amazon.com/support/amazonbot) Chrome/119.0.6045.214 Safari/537.36" "-"
2a03:2880:f800:: - - [19/Jan/2026:00:15:03 +0100] "GET /detail/impend/96840521?fileloc=/homepages/38/d934194269/htdocs/clickandbuilds/luxembourgauction/wp-activate.php&path=/homepages/38/d934194269/htdocs/clickandbuilds/luxembourgauction HTTP/1.1" 200 21627 luxembourgauction.com "-" "meta-externalagent/1.1 (+https://developers.facebook.com/docs/sharing/webmasters/crawler)" "-"
74.7.227.0 - - [19/Jan/2026:00:15:03 +0100] "GET /?path=//kunden/kunden/kunden/kunden/kunden/kunden/kunden/proc/thread-self/root/kunden/kunden/kunden/kunden/proc/thread-self/root/proc/thread-self/root/lib/locale/nn_NO/LC_MESSAGES HTTP/1.1" 200 17478 luxembourgauction.com "http://luxembourgauction.com/?path=//kunden/kunden/kunden/kunden/kunden/kunden/kunden/proc/thread-self/root/kunden/kunden/kunden/kunden/proc/thread-self/root/proc/thread-self/root/lib/locale/nn_NO" "Mozilla/5.0 AppleWebKit/537.36 (KHTML, like Gecko; compatible; GPTBot/1.3; +https://openai.com/gptbot)" "-"
216.73.216.0 - - [19/Jan/2026:00:15:04 +0100] "GET /detail/rampallian/4134018037?fileloc=%2Fhomepages%2F38%2Fd934194269%2Fhtdocs%2Fclickandbuilds%2Fluxembourgauction%2Fwp-signup.php&path=%2Fhomepages%2F38%2Fd934194269%2Fhtdocs%2Fclickandbuilds%2Fluxembourgauction HTTP/1.1" 429 227 luxembourgauction.com "-" "Mozilla/5.0 AppleWebKit/537.36 (KHTML, like Gecko; compatible; ClaudeBot/1.0; +claudebot@anthropic.com)" "-"
54.235.125.0 - - [19/Jan/2026:00:15:04 +0100] "GET /terms-conditions/?fileloc=/homepages/38/d934194269/htdocs/wp-admin/custom-background.php&path=/homepages/38/d934194269/htdocs/wp-admin HTTP/1.1" 200 12929 luxembourgauction.com "-" "Mozilla/5.0 AppleWebKit/537.36 (KHTML, like Gecko; compatible; Amazonbot/0.1; +https://developer.amazon.com/support/amazonbot) Chrome/119.0.6045.214 Safari/537.36" "-"
74.7.227.0 - - [19/Jan/2026:00:15:06 +0100] "GET /?path=//kunden/kunden/kunden/kunden/kunden/kunden/kunden/proc/thread-self/root/proc/thread-self/root/kunden/kunden/kunden/kunden/proc/thread-self/root/kunden/usr/lib/locale/kw_GB/LC_MESSAGES HTTP/1.1" 200 17929 luxembourgauction.com "http://luxembourgauction.com/?path=//kunden/kunden/kunden/kunden/kunden/kunden/kunden/proc/thread-self/root/proc/thread-self/root/kunden/kunden/kunden/kunden/proc/thread-self/root/kunden/usr/lib/locale/kw_GB" "Mozilla/5.0 AppleWebKit/537.36 (KHTML, like Gecko; compatible; GPTBot/1.3; +https://openai.com/gptbot)" "-"
2a03:2880:f800:: - - [19/Jan/2026:00:15:07 +0100] "GET /detail/ornamentally/540786200?path=/homepages/38/d934194269/htdocs/clickandbuilds/luxembourgauction/.opcache HTTP/1.1" 200 17929 luxembourgauction.com "-" "meta-externalagent/1.1 (+https://developers.facebook.com/docs/sharing/webmasters/crawler)" "-"
52.71.46.0 - - [19/Jan/2026:00:15:08 +0100] "GET /product/building-wealth-through-real-estate-a-guide/?fileloc=/homepages/38/d934194269/htdocs/clickandbuilds/luxembourgauction/wp-includes/functions.wp-styles.php&path=/homepages/38/d934194269/htdocs/clickandbuilds/luxembourgauction/wp-includes HTTP/1.1" 200 21899 luxembourgauction.com "-" "Mozilla/5.0 AppleWebKit/537.36 (KHTML, like Gecko; compatible; Amazonbot/0.1; +https://developer.amazon.com/support/amazonbot) Chrome/119.0.6045.214 Safari/537.36" "-"
216.73.216.0 - - [19/Jan/2026:00:15:09 +0100] "GET /detail/desiderata/4222108908?fileloc=%2Fhomepages%2F38%2Fd934194269%2Fhtdocs%2Fclickandbuilds%2Fluxembourgauction%2F.htaccess&path=%2Fhomepages%2F38%2Fd934194269%2Fhtdocs%2Fclickandbuilds%2Fluxembourgauction HTTP/1.1" 429 227 luxembourgauction.com "-" "Mozilla/5.0 AppleWebKit/537.36 (KHTML, like Gecko; compatible; ClaudeBot/1.0; +claudebot@anthropic.com)" "-"
74.7.227.0 - - [19/Jan/2026:00:15:09 +0100] "GET /?path=//kunden/kunden/kunden/kunden/kunden/kunden/kunden/proc/thread-self/root/kunden/kunden/kunden/proc/thread-self/root/kunden/proc/thread-self/root/kunden/lib/locale/pa_IN/LC_MESSAGES HTTP/1.1" 200 17714 luxembourgauction.com "http://luxembourgauction.com/?path=//kunden/kunden/kunden/kunden/kunden/kunden/kunden/proc/thread-self/root/kunden/kunden/kunden/proc/thread-self/root/kunden/proc/thread-self/root/kunden/lib/locale/pa_IN" "Mozilla/5.0 AppleWebKit/537.36 (KHTML, like Gecko; compatible; GPTBot/1.3; +https://openai.com/gptbot)" "-"
2a03:2880:f800:: - - [19/Jan/2026:00:15:11 +0100] "GET /detail/felonwort/2398927619?fileloc=/homepages/38/d934194269/htdocs/clickandbuilds/luxembourgauction/txets.php&path=/homepages/38/d934194269/htdocs/clickandbuilds/luxembourgauction HTTP/1.1" 200 18203 luxembourgauction.com "-" "meta-externalagent/1.1 (+https://developers.facebook.com/docs/sharing/webmasters/crawler)" "-"
52.54.249.0 - - [19/Jan/2026:00:15:12 +0100] "GET /terms-conditions/?fileloc=/homepages/38/d934194269/htdocs/clickandbuilds/luxembourgauction/wp-content/languages/fr_FR-a25d1cc7bf7ca0b4e114f6bea64943f4.json&path=/homepages/38/d934194269/htdocs/clickandbuilds/luxembourgauction/wp-content/languages HTTP/1.1" 200 13514 luxembourgauction.com "-" "Mozilla/5.0 AppleWebKit/537.36 (KHTML, like Gecko; compatible; Amazonbot/0.1; +https://developer.amazon.com/support/amazonbot) Chrome/119.0.6045.214 Safari/537.36" "-"
74.7.227.0 - - [19/Jan/2026:00:15:12 +0100] "GET /?path=//kunden/kunden/kunden/kunden/kunden/kunden/kunden/proc/thread-self/root/kunden/kunden/kunden/proc/thread-self/root/kunden/proc/thread-self/root/lib/locale/es_SV/LC_MESSAGES HTTP/1.1" 200 17479 luxembourgauction.com "http://luxembourgauction.com/?path=//kunden/kunden/kunden/kunden/kunden/kunden/kunden/proc/thread-self/root/kunden/kunden/kunden/proc/thread-self/root/kunden/proc/thread-self/root/lib/locale/es_SV" "Mozilla/5.0 AppleWebKit/537.36 (KHTML, like Gecko; compatible; GPTBot/1.3; +https://openai.com/gptbot)" "-"
216.73.216.0 - - [19/Jan/2026:00:15:14 +0100] "GET /detail/snipe/2545839661?fileloc=%2Fhomepages%2F38%2Fd934194269%2Fhtdocs%2Fclickandbuilds%2Fluxembourgauction%2Fuktkg.php&path=%2Fhomepages%2F38%2Fd934194269%2Fhtdocs%2Fclickandbuilds%2Fluxembourgauction HTTP/1.1" 429 227 luxembourgauction.com "-" "Mozilla/5.0 AppleWebKit/537.36 (KHTML, like Gecko; compatible; ClaudeBot/1.0; +claudebot@anthropic.com)" "-"
2a03:2880:f800:: - - [19/Jan/2026:00:15:15 +0100] "GET /detail/aardwolf/574793090?fileloc=/homepages/38/d934194269/htdocs/clickandbuilds/luxembourgauction/readme.html&path=/homepages/38/d934194269/htdocs/clickandbuilds/luxembourgauction HTTP/1.1" 200 21934 luxembourgauction.com "-" "meta-externalagent/1.1 (+https://developers.facebook.com/docs/sharing/webmasters/crawler)" "-"
74.7.227.0 - - [19/Jan/2026:00:15:16 +0100] "GET /?path=//kunden/kunden/kunden/kunden/kunden/kunden/kunden/proc/thread-self/root/kunden/kunden/kunden/kunden/proc/thread-self/root/proc/thread-self/root/usr/lib/locale/de_BE HTTP/1.1" 200 39516 luxembourgauction.com "http://luxembourgauction.com/?path=//kunden/kunden/kunden/kunden/kunden/kunden/kunden/proc/thread-self/root/kunden/kunden/kunden/kunden/proc/thread-self/root/proc/thread-self/root/usr/lib/locale/de_BE/LC_MESSAGES" "Mozilla/5.0 AppleWebKit/537.36 (KHTML, like Gecko; compatible; GPTBot/1.3; +https://openai.com/gptbot)" "-"
44.223.193.0 - - [19/Jan/2026:00:15:17 +0100] "GET /product/palette-on-perfection-primer-art-auction-event/?fileloc=/homepages/38/d934194269/htdocs/wp-includes/spl-autoload-compat.php&path=/homepages/38/d934194269/htdocs/wp-includes HTTP/1.1" 200 12955 luxembourgauction.com "-" "Mozilla/5.0 AppleWebKit/537.36 (KHTML, like Gecko; compatible; Amazonbot/0.1; +https://developer.amazon.com/support/amazonbot) Chrome/119.0.6045.214 Safari/537.36" "-"
216.73.216.0 - - [19/Jan/2026:00:15:19 +0100] "GET /detail/apocopation/3297515652?fileloc=%2Fhomepages%2F38%2Fd930072322%2Fhtpasswd&path=%2Fhomepages%2F38%2Fd930072322 HTTP/1.1" 429 227 luxembourgauction.com "-" "Mozilla/5.0 AppleWebKit/537.36 (KHTML, like Gecko; compatible; ClaudeBot/1.0; +claudebot@anthropic.com)" "-"
74.7.227.0 - - [19/Jan/2026:00:15:19 +0100] "GET /?path=//kunden/kunden/kunden/kunden/kunden/kunden/kunden/proc/thread-self/root/kunden/kunden/kunden/proc/thread-self/root/kunden/proc/thread-self/root/kunden/usr/lib/locale/sc_IT/LC_MESSAGES HTTP/1.1" 200 17926 luxembourgauction.com "http://luxembourgauction.com/?path=//kunden/kunden/kunden/kunden/kunden/kunden/kunden/proc/thread-self/root/kunden/kunden/kunden/proc/thread-self/root/kunden/proc/thread-self/root/kunden/usr/lib/locale/sc_IT" "Mozilla/5.0 AppleWebKit/537.36 (KHTML, like Gecko; compatible; GPTBot/1.3; +https://openai.com/gptbot)" "-"
2a03:2880:f800:: - - [19/Jan/2026:00:15:19 +0100] "GET /detail/heteromera/464421680?fileloc=/homepages/38/d934194269/htdocs/clickandbuilds/luxembourgauction/wp-activate.php&path=/homepages/38/d934194269/htdocs/clickandbuilds/luxembourgauction HTTP/1.1" 200 21627 luxembourgauction.com "-" "meta-externalagent/1.1 (+https://developers.facebook.com/docs/sharing/webmasters/crawler)" "-"
3.224.215.0 - - [19/Jan/2026:00:15:20 +0100] "GET /terms-conditions/?fileloc=/homepages/38/d934194269/htdocs/wp-admin/my-sites.php&path=/homepages/38/d934194269/htdocs/wp-admin HTTP/1.1" 200 18708 luxembourgauction.com "-" "Mozilla/5.0 AppleWebKit/537.36 (KHTML, like Gecko; compatible; Amazonbot/0.1; +https://developer.amazon.com/support/amazonbot) Chrome/119.0.6045.214 Safari/537.36" "-"
74.7.227.0 - - [19/Jan/2026:00:15:22 +0100] "GET /?path=//kunden/kunden/kunden/kunden/kunden/kunden/kunden/proc/thread-self/root/kunden/kunden/kunden/proc/thread-self/root/kunden/proc/thread-self/root/kunden/kunden/lib/locale/ga_IE@euro/LC_MESSAGES HTTP/1.1" 200 17991 luxembourgauction.com "http://luxembourgauction.com/?path=//kunden/kunden/kunden/kunden/kunden/kunden/kunden/proc/thread-self/root/kunden/kunden/kunden/proc/thread-self/root/kunden/proc/thread-self/root/kunden/kunden/lib/locale/ga_IE@euro" "Mozilla/5.0 AppleWebKit/537.36 (KHTML, like Gecko; compatible; GPTBot/1.3; +https://openai.com/gptbot)" "-"
2a03:2880:f800:: - - [19/Jan/2026:00:15:23 +0100] "GET /detail/annotate/1412662199?fileloc=/homepages/38/d934194269/htdocs/clickandbuilds/luxembourgauction/wp-blog-header.php&path=/homepages/38/d934194269/htdocs/clickandbuilds/luxembourgauction HTTP/1.1" 200 13183 luxembourgauction.com "-" "meta-externalagent/1.1 (+https://developers.facebook.com/docs/sharing/webmasters/crawler)" "-"
216.73.216.0 - - [19/Jan/2026:00:15:24 +0100] "GET /detail/arteria/3495949275?fileloc=%2Fhomepages%2F38%2Fd934194269%2Fhtdocs%2Fclickandbuilds%2Fluxembourgauction%2Freadme.html&path=%2Fhomepages%2F38%2Fd934194269%2Fhtdocs%2Fclickandbuilds%2Fluxembourgauction HTTP/1.1" 429 227 luxembourgauction.com "-" "Mozilla/5.0 AppleWebKit/537.36 (KHTML, like Gecko; compatible; ClaudeBot/1.0; +claudebot@anthropic.com)" "-"
34.205.163.0 - - [19/Jan/2026:00:15:24 +0100] "GET /product/palette-on-perfection-primer-art-auction-event/?fileloc=/homepages/38/d934194269/htdocs/clickandbuilds/luxembourgauction/wp-admin/includes/class-walker-category-checklist.php&path=/homepages/38/d934194269/htdocs/clickandbuilds/luxembourgauction/wp-admin/includes HTTP/1.1" 200 18779 luxembourgauction.com "-" "Mozilla/5.0 AppleWebKit/537.36 (KHTML, like Gecko; compatible; Amazonbot/0.1; +https://developer.amazon.com/support/amazonbot) Chrome/119.0.6045.214 Safari/537.36" "-"
74.7.227.0 - - [19/Jan/2026:00:15:25 +0100] "GET /?path=//kunden/kunden/kunden/kunden/kunden/kunden/kunden/proc/thread-self/root/proc/thread-self/root/kunden/kunden/kunden/kunden/proc/thread-self/root/kunden/lib/locale/bo_IN HTTP/1.1" 200 39673 luxembourgauction.com "http://luxembourgauction.com/?path=//kunden/kunden/kunden/kunden/kunden/kunden/kunden/proc/thread-self/root/proc/thread-self/root/kunden/kunden/kunden/kunden/proc/thread-self/root/kunden/lib/locale/bo_IN/LC_MESSAGES" "Mozilla/5.0 AppleWebKit/537.36 (KHTML, like Gecko; compatible; GPTBot/1.3; +https://openai.com/gptbot)" "-"
2a03:2880:f800:: - - [19/Jan/2026:00:15:27 +0100] "GET /detail/alligatoridae/1509450972?fileloc=/homepages/38/d934194269/htdocs/clickandbuilds/luxembourgauction/wp-comments-post.php&path=/homepages/38/d934194269/htdocs/clickandbuilds/luxembourgauction HTTP/1.1" 200 15277 luxembourgauction.com "-" "meta-externalagent/1.1 (+https://developers.facebook.com/docs/sharing/webmasters/crawler)" "-"
107.23.62.0 - - [19/Jan/2026:00:15:28 +0100] "GET /product/palette-on-perfection-primer-art-auction-event/?fileloc=/homepages/38/d934194269/htdocs/clickandbuilds/luxembourgauction/wp-includes/js/media-views.min.js&path=/homepages/38/d934194269/htdocs/clickandbuilds/luxembourgauction/wp-includes/js HTTP/1.1" 200 141756 luxembourgauction.com "-" "Mozilla/5.0 AppleWebKit/537.36 (KHTML, like Gecko; compatible; Amazonbot/0.1; +https://developer.amazon.com/support/amazonbot) Chrome/119.0.6045.214 Safari/537.36" "-"
74.7.227.0 - - [19/Jan/2026:00:15:28 +0100] "GET /?path=//kunden/kunden/kunden/kunden/kunden/kunden/kunden/proc/thread-self/root/kunden/kunden/kunden/kunden/proc/thread-self/root/proc/thread-self/root/kunden/lib/locale/yo_NG/LC_MESSAGES HTTP/1.1" 200 17713 luxembourgauction.com "http://luxembourgauction.com/?path=//kunden/kunden/kunden/kunden/kunden/kunden/kunden/proc/thread-self/root/kunden/kunden/kunden/kunden/proc/thread-self/root/proc/thread-self/root/kunden/lib/locale/yo_NG" "Mozilla/5.0 AppleWebKit/537.36 (KHTML, like Gecko; compatible; GPTBot/1.3; +https://openai.com/gptbot)" "-"
216.73.216.0 - - [19/Jan/2026:00:15:29 +0100] "GET /detail/snipe/2545839661?fileloc=%2Fhomepages%2F38%2Fd934194269%2Fhtdocs%2Fclickandbuilds%2Fluxembourgauction%2F.htaccess&path=%2Fhomepages%2F38%2Fd934194269%2Fhtdocs%2Fclickandbuilds%2Fluxembourgauction HTTP/1.1" 429 227 luxembourgauction.com "-" "Mozilla/5.0 AppleWebKit/537.36 (KHTML, like Gecko; compatible; ClaudeBot/1.0; +claudebot@anthropic.com)" "-"
2a03:2880:f800:: - - [19/Jan/2026:00:15:31 +0100] "GET /detail/zingibereae/4244609206?fileloc=/homepages/38/d934194269/htdocs/clickandbuilds/luxembourgauction/uktkg.php&path=/homepages/38/d934194269/htdocs/clickandbuilds/luxembourgauction HTTP/1.1" 200 56305 luxembourgauction.com "-" "meta-externalagent/1.1 (+https://developers.facebook.com/docs/sharing/webmasters/crawler)" "-"
74.7.227.0 - - [19/Jan/2026:00:15:32 +0100] "GET /?path=//kunden/kunden/kunden/kunden/kunden/kunden/kunden/proc/thread-self/root/kunden/kunden/kunden/proc/thread-self/root/kunden/proc/thread-self/root/kunden/lib/locale/am_ET/LC_MESSAGES HTTP/1.1" 200 17714 luxembourgauction.com "http://luxembourgauction.com/?path=//kunden/kunden/kunden/kunden/kunden/kunden/kunden/proc/thread-self/root/kunden/kunden/kunden/proc/thread-self/root/kunden/proc/thread-self/root/kunden/lib/locale/am_ET" "Mozilla/5.0 AppleWebKit/537.36 (KHTML, like Gecko; compatible; GPTBot/1.3; +https://openai.com/gptbot)" "-"
18.235.158.0 - - [19/Jan/2026:00:15:32 +0100] "GET /product/nexus-drives-connecting-you-to-the-future/?fileloc=/homepages/38/d934194269/htdocs/clickandbuilds/luxembourgauction/wp-admin/css/dashboard.min.css&path=/homepages/38/d934194269/htdocs/clickandbuilds/luxembourgauction/wp-admin/css HTTP/1.1" 200 35896 luxembourgauction.com "-" "Mozilla/5.0 AppleWebKit/537.36 (KHTML, like Gecko; compatible; Amazonbot/0.1; +https://developer.amazon.com/support/amazonbot) Chrome/119.0.6045.214 Safari/537.36" "-"
216.73.216.0 - - [19/Jan/2026:00:15:34 +0100] "GET /detail/librarianship/3703263970?fileloc=%2Fhomepages%2F38%2Fd934194269%2Fhtdocs%2Fclickandbuilds%2Fluxembourgauction%2Fcjfuns.php&path=%2Fhomepages%2F38%2Fd934194269%2Fhtdocs%2Fclickandbuilds%2Fluxembourgauction HTTP/1.1" 429 227 luxembourgauction.com "-" "Mozilla/5.0 AppleWebKit/537.36 (KHTML, like Gecko; compatible; ClaudeBot/1.0; +claudebot@anthropic.com)" "-"
2a03:2880:f800:: - - [19/Jan/2026:00:15:35 +0100] "GET /detail/resolutory/1075330318?fileloc=/homepages/38/d934194269/htdocs/clickandbuilds/luxembourgauction/wp-config.php&path=/homepages/38/d934194269/htdocs/clickandbuilds/luxembourgauction HTTP/1.1" 503 299 luxembourgauction.com "-" "meta-externalagent/1.1 (+https://developers.facebook.com/docs/sharing/webmasters/crawler)" "-"
74.7.227.0 - - [19/Jan/2026:00:15:35 +0100] "GET /?path=//kunden/kunden/kunden/kunden/kunden/kunden/kunden/proc/thread-self/root/proc/thread-self/root/kunden/kunden/kunden/kunden/proc/thread-self/root/kunden/lib/locale/fur_IT/LC_MESSAGES HTTP/1.1" 200 17724 luxembourgauction.com "http://luxembourgauction.com/?path=//kunden/kunden/kunden/kunden/kunden/kunden/kunden/proc/thread-self/root/proc/thread-self/root/kunden/kunden/kunden/kunden/proc/thread-self/root/kunden/lib/locale/fur_IT" "Mozilla/5.0 AppleWebKit/537.36 (KHTML, like Gecko; compatible; GPTBot/1.3; +https://openai.com/gptbot)" "-"
52.5.232.0 - - [19/Jan/2026:00:15:36 +0100] "GET /product/building-wealth-through-real-estate-a-guide/?fileloc=/homepages/38/d934194269/htdocs/wp-activate.php&path=/homepages/38/d934194269/htdocs HTTP/1.1" 200 21409 luxembourgauction.com "-" "Mozilla/5.0 AppleWebKit/537.36 (KHTML, like Gecko; compatible; Amazonbot/0.1; +https://developer.amazon.com/support/amazonbot) Chrome/119.0.6045.214 Safari/537.36" "-"
74.7.227.0 - - [19/Jan/2026:00:15:38 +0100] "GET /?path=//kunden/kunden/kunden/kunden/kunden/kunden/kunden/proc/thread-self/root/kunden/kunden/kunden/proc/thread-self/root/kunden/proc/thread-self/root/kunden/kunden/usr/lib/locale/ga_IE@euro/LC_MESSAGES HTTP/1.1" 200 18210 luxembourgauction.com "http://luxembourgauction.com/?path=//kunden/kunden/kunden/kunden/kunden/kunden/kunden/proc/thread-self/root/kunden/kunden/kunden/proc/thread-self/root/kunden/proc/thread-self/root/kunden/kunden/usr/lib/locale/ga_IE@euro" "Mozilla/5.0 AppleWebKit/537.36 (KHTML, like Gecko; compatible; GPTBot/1.3; +https://openai.com/gptbot)" "-"
216.73.216.0 - - [19/Jan/2026:00:15:39 +0100] "GET /detail/rampallian/4134018037?fileloc=%2Fhomepages%2F38%2Fd934194269%2Fhtdocs%2Fclickandbuilds%2Fluxembourgauction%2Fgheym.php&path=%2Fhomepages%2F38%2Fd934194269%2Fhtdocs%2Fclickandbuilds%2Fluxembourgauction HTTP/1.1" 429 227 luxembourgauction.com "-" "Mozilla/5.0 AppleWebKit/537.36 (KHTML, like Gecko; compatible; ClaudeBot/1.0; +claudebot@anthropic.com)" "-"
2a03:2880:f800:: - - [19/Jan/2026:00:15:39 +0100] "GET /detail/giffards/1286846412?fileloc=/homepages/38/d934194269/htdocs/clickandbuilds/luxembourgauction/index.php&path=/homepages/38/d934194269/htdocs/clickandbuilds/luxembourgauction HTTP/1.1" 200 35439 luxembourgauction.com "-" "meta-externalagent/1.1 (+https://developers.facebook.com/docs/sharing/webmasters/crawler)" "-"
2a03:2880:f800:: - - [19/Jan/2026:00:15:39 +0100] "GET /detail/harpullia/2278585173?fileloc=/homepages/38/d934194269/htdocs/clickandbuilds/luxembourgauction/wp-signup.php&path=/homepages/38/d934194269/htdocs/clickandbuilds/luxembourgauction HTTP/1.1" 200 54129 luxembourgauction.com "-" "meta-externalagent/1.1 (+https://developers.facebook.com/docs/sharing/webmasters/crawler)" "-"
23.21.228.0 - - [19/Jan/2026:00:15:40 +0100] "GET /product/palette-on-perfection-primer-art-auction-event/?fileloc=/homepages/38/d934194269/htdocs/wp-includes/class-wp-http-streams.php&path=/homepages/38/d934194269/htdocs/wp-includes HTTP/1.1" 200 31998 luxembourgauction.com "-" "Mozilla/5.0 AppleWebKit/537.36 (KHTML, like Gecko; compatible; Amazonbot/0.1; +https://developer.amazon.com/support/amazonbot) Chrome/119.0.6045.214 Safari/537.36" "-"
74.7.227.0 - - [19/Jan/2026:00:15:41 +0100] "GET /?path=//kunden/kunden/kunden/kunden/kunden/kunden/kunden/proc/thread-self/root/proc/thread-self/root/kunden/kunden/kunden/kunden/proc/thread-self/root/kunden/usr/lib/locale/kw_GB HTTP/1.1" 200 40055 luxembourgauction.com "http://luxembourgauction.com/?path=//kunden/kunden/kunden/kunden/kunden/kunden/kunden/proc/thread-self/root/proc/thread-self/root/kunden/kunden/kunden/kunden/proc/thread-self/root/kunden/usr/lib/locale/kw_GB/LC_MESSAGES" "Mozilla/5.0 AppleWebKit/537.36 (KHTML, like Gecko; compatible; GPTBot/1.3; +https://openai.com/gptbot)" "-"
2a03:2880:f800:: - - [19/Jan/2026:00:15:43 +0100] "GET /detail/permiss/1482149869?fileloc=/homepages/38/d934194269/htdocs/clickandbuilds/luxembourgauction/uktkg.php&path=/homepages/38/d934194269/htdocs/clickandbuilds/luxembourgauction HTTP/1.1" 200 56305 luxembourgauction.com "-" "meta-externalagent/1.1 (+https://developers.facebook.com/docs/sharing/webmasters/crawler)" "-"
216.73.216.0 - - [19/Jan/2026:00:15:44 +0100] "GET /detail/weeviled/1865069066?fileloc=%2Fhomepages%2F38%2Fd938639341%2Flast_traffic&path=%2Fhomepages%2F38%2Fd938639341 HTTP/1.1" 429 227 luxembourgauction.com "-" "Mozilla/5.0 AppleWebKit/537.36 (KHTML, like Gecko; compatible; ClaudeBot/1.0; +claudebot@anthropic.com)" "-"
74.7.227.0 - - [19/Jan/2026:00:15:44 +0100] "GET /?path=//kunden/kunden/kunden/kunden/kunden/kunden/kunden/proc/thread-self/root/proc/thread-self/root/kunden/kunden/kunden/kunden/proc/thread-self/root/kunden/usr/lib/locale/zh_SG/LC_MESSAGES HTTP/1.1" 200 17929 luxembourgauction.com "http://luxembourgauction.com/?path=//kunden/kunden/kunden/kunden/kunden/kunden/kunden/proc/thread-self/root/proc/thread-self/root/kunden/kunden/kunden/kunden/proc/thread-self/root/kunden/usr/lib/locale/zh_SG" "Mozilla/5.0 AppleWebKit/537.36 (KHTML, like Gecko; compatible; GPTBot/1.3; +https://openai.com/gptbot)" "-"
52.54.249.0 - - [19/Jan/2026:00:15:44 +0100] "GET /product/building-wealth-through-real-estate-a-guide/?fileloc=/homepages/38/d934194269/htdocs/wp-links-opml.php&path=/homepages/38/d934194269/htdocs HTTP/1.1" 200 15445 luxembourgauction.com "-" "Mozilla/5.0 AppleWebKit/537.36 (KHTML, like Gecko; compatible; Amazonbot/0.1; +https://developer.amazon.com/support/amazonbot) Chrome/119.0.6045.214 Safari/537.36" "-"
74.7.227.0 - - [19/Jan/2026:00:15:47 +0100] "GET /?fileloc=//kunden/kunden/kunden/kunden/kunden/kunden/kunden/proc/thread-self/root/kunden/kunden/kunden/proc/thread-self/root/kunden/proc/thread-self/root/lib/locale/es_SV/LC_MESSAGES/SYS_LC_MESSAGES&path=//kunden/kunden/kunden/kunden/kunden/kunden/kunden/proc/thread-self/root/kunden/kunden/kunden/proc/thread-self/root/kunden/proc/thread-self/root/lib/locale/es_SV/LC_MESSAGES HTTP/1.1" 200 15225 luxembourgauction.com "http://luxembourgauction.com/?path=//kunden/kunden/kunden/kunden/kunden/kunden/kunden/proc/thread-self/root/kunden/kunden/kunden/proc/thread-self/root/kunden/proc/thread-self/root/lib/locale/es_SV/LC_MESSAGES" "Mozilla/5.0 AppleWebKit/537.36 (KHTML, like Gecko; compatible; GPTBot/1.3; +https://openai.com/gptbot)" "-"
2a03:2880:f800:: - - [19/Jan/2026:00:15:48 +0100] "GET /detail/rabies/1693276498?fileloc=/homepages/38/d934194269/htdocs/clickandbuilds/luxembourgauction/wp-trackback.php&path=/homepages/38/d934194269/htdocs/clickandbuilds/luxembourgauction HTTP/1.1" 200 18602 luxembourgauction.com "-" "meta-externalagent/1.1 (+https://developers.facebook.com/docs/sharing/webmasters/crawler)" "-"
52.54.95.0 - - [19/Jan/2026:00:15:48 +0100] "GET /product/palette-on-perfection-primer-art-auction-event/?fileloc=/homepages/38/d934194269/htdocs/clickandbuilds/luxembourgauction/wp-includes/blocks/comments-pagination-previous.php&path=/homepages/38/d934194269/htdocs/clickandbuilds/luxembourgauction/wp-includes/blocks HTTP/1.1" 200 14803 luxembourgauction.com "-" "Mozilla/5.0 AppleWebKit/537.36 (KHTML, like Gecko; compatible; Amazonbot/0.1; +https://developer.amazon.com/support/amazonbot) Chrome/119.0.6045.214 Safari/537.36" "-"
216.73.216.0 - - [19/Jan/2026:00:15:49 +0100] "GET /detail/consigner/2843588099?fileloc=%2Fhomepages%2F38%2Fd934194269%2Fhtdocs%2Fclickandbuilds%2Fluxembourgauction%2Fuktkg.php&path=%2Fhomepages%2F38%2Fd934194269%2Fhtdocs%2Fclickandbuilds%2Fluxembourgauction HTTP/1.1" 429 227 luxembourgauction.com "-" "Mozilla/5.0 AppleWebKit/537.36 (KHTML, like Gecko; compatible; ClaudeBot/1.0; +claudebot@anthropic.com)" "-"
74.7.227.0 - - [19/Jan/2026:00:15:51 +0100] "GET /?path=//kunden/kunden/kunden/kunden/kunden/kunden/kunden/proc/thread-self/root/kunden/kunden/kunden/proc/thread-self/root/kunden/proc/thread-self/root/lib/locale/es_SV HTTP/1.1" 200 39144 luxembourgauction.com "http://luxembourgauction.com/?path=//kunden/kunden/kunden/kunden/kunden/kunden/kunden/proc/thread-self/root/kunden/kunden/kunden/proc/thread-self/root/kunden/proc/thread-self/root/lib/locale/es_SV/LC_MESSAGES" "Mozilla/5.0 AppleWebKit/537.36 (KHTML, like Gecko; compatible; GPTBot/1.3; +https://openai.com/gptbot)" "-"
2a03:2880:f800:: - - [19/Jan/2026:00:15:52 +0100] "GET /detail/piperidine/3657604979?fileloc=/homepages/38/d934194269/htdocs/clickandbuilds/luxembourgauction/wp-settings.php&path=/homepages/38/d934194269/htdocs/clickandbuilds/luxembourgauction HTTP/1.1" 200 46078 luxembourgauction.com "-" "meta-externalagent/1.1 (+https://developers.facebook.com/docs/sharing/webmasters/crawler)" "-"
18.204.152.0 - - [19/Jan/2026:00:15:52 +0100] "GET /product/palette-on-perfection-primer-art-auction-event/?fileloc=/homepages/38/d934194269/htdocs/clickandbuilds/luxembourgauction/wp-admin/network/site-users.php&path=/homepages/38/d934194269/htdocs/clickandbuilds/luxembourgauction/wp-admin/network HTTP/1.1" 200 27260 luxembourgauction.com "-" "Mozilla/5.0 AppleWebKit/537.36 (KHTML, like Gecko; compatible; Amazonbot/0.1; +https://developer.amazon.com/support/amazonbot) Chrome/119.0.6045.214 Safari/537.36" "-"
216.73.216.0 - - [19/Jan/2026:00:15:54 +0100] "GET /detail/heathenness/912932233?fileloc=%2Fhomepages%2F38%2Fd934194269%2Fhtdocs%2Fclickandbuilds%2Fluxembourgauction%2Fwp-links-opml.php&path=%2Fhomepages%2F38%2Fd934194269%2Fhtdocs%2Fclickandbuilds%2Fluxembourgauction HTTP/1.1" 429 227 luxembourgauction.com "-" "Mozilla/5.0 AppleWebKit/537.36 (KHTML, like Gecko; compatible; ClaudeBot/1.0; +claudebot@anthropic.com)" "-"
74.7.227.0 - - [19/Jan/2026:00:15:54 +0100] "GET /?path=//kunden/kunden/kunden/kunden/kunden/kunden/kunden/proc/thread-self/root/proc/thread-self/root/kunden/kunden/kunden/kunden/proc/thread-self/root/kunden/usr/lib/locale/niu_NU/LC_MESSAGES HTTP/1.1" 200 17936 luxembourgauction.com "http://luxembourgauction.com/?path=//kunden/kunden/kunden/kunden/kunden/kunden/kunden/proc/thread-self/root/proc/thread-self/root/kunden/kunden/kunden/kunden/proc/thread-self/root/kunden/usr/lib/locale/niu_NU" "Mozilla/5.0 AppleWebKit/537.36 (KHTML, like Gecko; compatible; GPTBot/1.3; +https://openai.com/gptbot)" "-"
44.195.50.0 - - [19/Jan/2026:00:15:56 +0100] "GET /product/nexus-drives-connecting-you-to-the-future/?fileloc=/homepages/38/d934194269/htdocs/clickandbuilds/luxembourgauction/wp-admin/includes/class-plugin-upgrader-skin.php&path=/homepages/38/d934194269/htdocs/clickandbuilds/luxembourgauction/wp-admin/includes HTTP/1.1" 200 16663 luxembourgauction.com "-" "Mozilla/5.0 AppleWebKit/537.36 (KHTML, like Gecko; compatible; Amazonbot/0.1; +https://developer.amazon.com/support/amazonbot) Chrome/119.0.6045.214 Safari/537.36" "-"
2a03:2880:f800:: - - [19/Jan/2026:00:15:57 +0100] "GET /detail/postiled/3734049195?fileloc=/homepages/38/d934194269/htdocs/clickandbuilds/luxembourgauction/robots.txt&path=/homepages/38/d934194269/htdocs/clickandbuilds/luxembourgauction HTTP/1.1" 200 12685 luxembourgauction.com "-" "meta-externalagent/1.1 (+https://developers.facebook.com/docs/sharing/webmasters/crawler)" "-"
74.7.227.0 - - [19/Jan/2026:00:15:57 +0100] "GET /?path=//kunden/kunden/kunden/kunden/kunden/kunden/kunden/proc/thread-self/root/proc/thread-self/root/kunden/kunden/kunden/kunden/proc/thread-self/root/kunden/kunden/lib/locale/ga_IE@euro/LC_MESSAGES HTTP/1.1" 200 17994 luxembourgauction.com "http://luxembourgauction.com/?path=//kunden/kunden/kunden/kunden/kunden/kunden/kunden/proc/thread-self/root/proc/thread-self/root/kunden/kunden/kunden/kunden/proc/thread-self/root/kunden/kunden/lib/locale/ga_IE@euro" "Mozilla/5.0 AppleWebKit/537.36 (KHTML, like Gecko; compatible; GPTBot/1.3; +https://openai.com/gptbot)" "-"
216.73.216.0 - - [19/Jan/2026:00:15:59 +0100] "GET /detail/allineate/3095521240?fileloc=%2Fhomepages%2F38%2Fd934194269%2Fhtdocs%2Fclickandbuilds%2Fluxembourgauction%2Fwp-links-opml.php&path=%2Fhomepages%2F38%2Fd934194269%2Fhtdocs%2Fclickandbuilds%2Fluxembourgauction HTTP/1.1" 429 227 luxembourgauction.com "-" "Mozilla/5.0 AppleWebKit/537.36 (KHTML, like Gecko; compatible; ClaudeBot/1.0; +claudebot@anthropic.com)" "-"
74.7.227.0 - - [19/Jan/2026:00:16:00 +0100] "GET /?path=//kunden/kunden/kunden/kunden/kunden/kunden/kunden/proc/thread-self/root/kunden/kunden/kunden/proc/thread-self/root/kunden/proc/thread-self/root/kunden/lib/locale/nb_NO/LC_MESSAGES HTTP/1.1" 200 17714 luxembourgauction.com "http://luxembourgauction.com/?path=//kunden/kunden/kunden/kunden/kunden/kunden/kunden/proc/thread-self/root/kunden/kunden/kunden/proc/thread-self/root/kunden/proc/thread-self/root/kunden/lib/locale/nb_NO" "Mozilla/5.0 AppleWebKit/537.36 (KHTML, like Gecko; compatible; GPTBot/1.3; +https://openai.com/gptbot)" "-"
52.203.65.0 - - [19/Jan/2026:00:16:00 +0100] "GET /product/palette-on-perfection-primer-art-auction-event/?fileloc=/homepages/38/d934194269/htdocs/wp-admin/install-helper.php&path=/homepages/38/d934194269/htdocs/wp-admin HTTP/1.1" 200 19837 luxembourgauction.com "-" "Mozilla/5.0 AppleWebKit/537.36 (KHTML, like Gecko; compatible; Amazonbot/0.1; +https://developer.amazon.com/support/amazonbot) Chrome/119.0.6045.214 Safari/537.36" "-"
2a03:2880:f800:: - - [19/Jan/2026:00:16:01 +0100] "GET /detail/septuagenarian/3606633906?fileloc=/homepages/38/d934194269/htdocs/clickandbuilds/luxembourgauction/uktkg.php&path=/homepages/38/d934194269/htdocs/clickandbuilds/luxembourgauction HTTP/1.1" 200 56305 luxembourgauction.com "-" "meta-externalagent/1.1 (+https://developers.facebook.com/docs/sharing/webmasters/crawler)" "-"
74.7.227.0 - - [19/Jan/2026:00:16:03 +0100] "GET /?path=//kunden/kunden/kunden/kunden/kunden/kunden/kunden/proc/thread-self/root/kunden/kunden/kunden/kunden/proc/thread-self/root/proc/thread-self/root/kunden/lib/locale/yo_NG HTTP/1.1" 200 39668 luxembourgauction.com "http://luxembourgauction.com/?path=//kunden/kunden/kunden/kunden/kunden/kunden/kunden/proc/thread-self/root/kunden/kunden/kunden/kunden/proc/thread-self/root/proc/thread-self/root/kunden/lib/locale/yo_NG/LC_MESSAGES" "Mozilla/5.0 AppleWebKit/537.36 (KHTML, like Gecko; compatible; GPTBot/1.3; +https://openai.com/gptbot)" "-"
216.73.216.0 - - [19/Jan/2026:00:16:04 +0100] "GET /detail/pervious/2568506552?fileloc=%2Fhomepages%2F38%2Fd934194269%2Fhtdocs%2Fclickandbuilds%2Fluxembourgauction%2Fwp-includes%2Fimages%2Fxit-3x.gif&path=%2Fhomepages%2F38%2Fd934194269%2Fhtdocs%2Fclickandbuilds%2Fluxembourgauction%2Fwp-includes%2Fimages HTTP/1.1" 429 227 luxembourgauction.com "-" "Mozilla/5.0 AppleWebKit/537.36 (KHTML, like Gecko; compatible; ClaudeBot/1.0; +claudebot@anthropic.com)" "-"
52.3.155.0 - - [19/Jan/2026:00:16:04 +0100] "GET /product/nexus-drives-connecting-you-to-the-future/?fileloc=/homepages/38/d934194269/htdocs/wp-includes/class-wp-recovery-mode-link-service.php&path=/homepages/38/d934194269/htdocs/wp-includes HTTP/1.1" 200 16195 luxembourgauction.com "-" "Mozilla/5.0 AppleWebKit/537.36 (KHTML, like Gecko; compatible; Amazonbot/0.1; +https://developer.amazon.com/support/amazonbot) Chrome/119.0.6045.214 Safari/537.36" "-"
2a03:2880:f800:: - - [19/Jan/2026:00:16:05 +0100] "GET /detail/casserole/844213402?fileloc=/homepages/38/d934194269/htdocs/clickandbuilds/luxembourgauction/wp-blog-header.php&path=/homepages/38/d934194269/htdocs/clickandbuilds/luxembourgauction HTTP/1.1" 200 13183 luxembourgauction.com "-" "meta-externalagent/1.1 (+https://developers.facebook.com/docs/sharing/webmasters/crawler)" "-"
