74.7.227.0 - - [19/Jan/2026:00:06:24 +0100] "GET /?path=//kunden/kunden/kunden/kunden/kunden/kunden/kunden/proc/thread-self/root/kunden/kunden/kunden/kunden/proc/thread-self/root/proc/thread-self/root/usr/lib/locale/en_IL/LC_MESSAGES HTTP/1.1" 200 17683 luxembourgauction.com "http://luxembourgauction.com/?path=//kunden/kunden/kunden/kunden/kunden/kunden/kunden/proc/thread-self/root/kunden/kunden/kunden/kunden/proc/thread-self/root/proc/thread-self/root/usr/lib/locale/en_IL" "Mozilla/5.0 AppleWebKit/537.36 (KHTML, like Gecko; compatible; GPTBot/1.3; +https://openai.com/gptbot)" "-"
52.1.106.0 - - [19/Jan/2026:00:06:24 +0100] "GET /product/nexus-drives-connecting-you-to-the-future/?fileloc=/homepages/38/d934194269/htdocs/clickandbuilds/luxembourgauction/wp-includes/widgets/class-wp-widget-media-gallery.php&path=/homepages/38/d934194269/htdocs/clickandbuilds/luxembourgauction/wp-includes/widgets HTTP/1.1" 200 21798 luxembourgauction.com "-" "Mozilla/5.0 AppleWebKit/537.36 (KHTML, like Gecko; compatible; Amazonbot/0.1; +https://developer.amazon.com/support/amazonbot) Chrome/119.0.6045.214 Safari/537.36" "-"
2001:41d0:300:: - - [19/Jan/2026:00:06:25 +0100] "GET /?fileloc=/homepages/22/d929906067/.created&path=/homepages/22/d929906067 HTTP/1.1" 200 12323 luxembourgauction.com "-" "Mozilla/5.0 (compatible; MJ12bot/v1.4.8; http://mj12bot.com/)" "-"
2a03:2880:f800:: - - [19/Jan/2026:00:06:26 +0100] "GET /detail/antheriferous/856329036?fileloc=/homepages/38/d934194269/htdocs/clickandbuilds/luxembourgauction/uktkg.php&path=/homepages/38/d934194269/htdocs/clickandbuilds/luxembourgauction HTTP/1.1" 200 56305 luxembourgauction.com "-" "meta-externalagent/1.1 (+https://developers.facebook.com/docs/sharing/webmasters/crawler)" "-"
74.7.227.0 - - [19/Jan/2026:00:06:27 +0100] "GET /?fileloc=//kunden/kunden/kunden/kunden/kunden/kunden/kunden/proc/thread-self/root/kunden/kunden/kunden/kunden/proc/thread-self/root/proc/thread-self/root/kunden/lib/locale/ve_ZA/LC_NAME&path=//kunden/kunden/kunden/kunden/kunden/kunden/kunden/proc/thread-self/root/kunden/kunden/kunden/kunden/proc/thread-self/root/proc/thread-self/root/kunden/lib/locale/ve_ZA HTTP/1.1" 200 15199 luxembourgauction.com "http://luxembourgauction.com/?path=//kunden/kunden/kunden/kunden/kunden/kunden/kunden/proc/thread-self/root/kunden/kunden/kunden/kunden/proc/thread-self/root/proc/thread-self/root/kunden/lib/locale/ve_ZA" "Mozilla/5.0 AppleWebKit/537.36 (KHTML, like Gecko; compatible; GPTBot/1.3; +https://openai.com/gptbot)" "-"
54.204.12.0 - - [19/Jan/2026:00:06:28 +0100] "GET /n?path=/homepages/2/d939561116 HTTP/1.1" 200 31371 luxembourgauction.com "-" "Mozilla/5.0 AppleWebKit/537.36 (KHTML, like Gecko; compatible; Amazonbot/0.1; +https://developer.amazon.com/support/amazonbot) Chrome/119.0.6045.214 Safari/537.36" "-"
216.73.216.0 - - [19/Jan/2026:00:06:29 +0100] "GET /detail/trending/3497221115?fileloc=%2Fhomepages%2F38%2Fd934194269%2Fhtdocs%2Fclickandbuilds%2Fluxembourgauction%2Fwp-content%2Findexxx26.php&path=%2Fhomepages%2F38%2Fd934194269%2Fhtdocs%2Fclickandbuilds%2Fluxembourgauction%2Fwp-content HTTP/1.1" 429 227 luxembourgauction.com "-" "Mozilla/5.0 AppleWebKit/537.36 (KHTML, like Gecko; compatible; ClaudeBot/1.0; +claudebot@anthropic.com)" "-"
2a03:2880:f800:: - - [19/Jan/2026:00:06:29 +0100] "GET /detail/connived/1978720773?fileloc=/homepages/38/d934194269/htdocs/clickandbuilds/luxembourgauction/.htaccess&path=/homepages/38/d934194269/htdocs/clickandbuilds/luxembourgauction HTTP/1.1" 200 14695 luxembourgauction.com "-" "meta-externalagent/1.1 (+https://developers.facebook.com/docs/sharing/webmasters/crawler)" "-"
2001:41d0:300:: - - [19/Jan/2026:00:06:29 +0100] "GET /?fileloc=/homepages/22/d929906067/.htaccess&path=/homepages/22/d929906067 HTTP/1.1" 200 12313 luxembourgauction.com "-" "Mozilla/5.0 (compatible; MJ12bot/v1.4.8; http://mj12bot.com/)" "-"
74.7.227.0 - - [19/Jan/2026:00:06:30 +0100] "GET /?fileloc=//kunden/kunden/kunden/kunden/kunden/kunden/kunden/proc/thread-self/root/kunden/kunden/kunden/kunden/proc/thread-self/root/proc/thread-self/root/kunden/lib/locale/ve_ZA/LC_PAPER&path=//kunden/kunden/kunden/kunden/kunden/kunden/kunden/proc/thread-self/root/kunden/kunden/kunden/kunden/proc/thread-self/root/proc/thread-self/root/kunden/lib/locale/ve_ZA HTTP/1.1" 200 15174 luxembourgauction.com "http://luxembourgauction.com/?path=//kunden/kunden/kunden/kunden/kunden/kunden/kunden/proc/thread-self/root/kunden/kunden/kunden/kunden/proc/thread-self/root/proc/thread-self/root/kunden/lib/locale/ve_ZA" "Mozilla/5.0 AppleWebKit/537.36 (KHTML, like Gecko; compatible; GPTBot/1.3; +https://openai.com/gptbot)" "-"
107.23.62.0 - - [19/Jan/2026:00:06:32 +0100] "GET /n?path=/homepages/3/d939165612 HTTP/1.1" 200 25467 luxembourgauction.com "-" "Mozilla/5.0 AppleWebKit/537.36 (KHTML, like Gecko; compatible; Amazonbot/0.1; +https://developer.amazon.com/support/amazonbot) Chrome/119.0.6045.214 Safari/537.36" "-"
2a03:2880:f800:: - - [19/Jan/2026:00:06:33 +0100] "GET /detail/habilitation/3099312593?fileloc=/homepages/38/d934194269/htdocs/clickandbuilds/luxembourgauction/gheym.php&path=/homepages/38/d934194269/htdocs/clickandbuilds/luxembourgauction HTTP/1.1" 200 45079 luxembourgauction.com "-" "meta-externalagent/1.1 (+https://developers.facebook.com/docs/sharing/webmasters/crawler)" "-"
74.7.227.0 - - [19/Jan/2026:00:06:33 +0100] "GET /?path=//kunden/kunden/kunden/kunden/kunden/kunden/kunden/proc/thread-self/root/proc/thread-self/root/kunden/kunden/kunden/kunden/proc/thread-self/root/kunden/lib/locale/so_DJ/LC_MESSAGES HTTP/1.1" 200 17717 luxembourgauction.com "http://luxembourgauction.com/?path=//kunden/kunden/kunden/kunden/kunden/kunden/kunden/proc/thread-self/root/proc/thread-self/root/kunden/kunden/kunden/kunden/proc/thread-self/root/kunden/lib/locale/so_DJ" "Mozilla/5.0 AppleWebKit/537.36 (KHTML, like Gecko; compatible; GPTBot/1.3; +https://openai.com/gptbot)" "-"
2001:41d0:300:: - - [19/Jan/2026:00:06:33 +0100] "GET /?fileloc=/homepages/22/d929906067/DASTOOLSTART&path=/homepages/22/d929906067 HTTP/1.1" 200 12316 luxembourgauction.com "-" "Mozilla/5.0 (compatible; MJ12bot/v1.4.8; http://mj12bot.com/)" "-"
216.73.216.0 - - [19/Jan/2026:00:06:34 +0100] "GET /detail/highgate/2938950573?fileloc=%2Fhomepages%2F38%2Fd934194269%2Fhtdocs%2Fclickandbuilds%2Fluxembourgauction%2Fwp-load.php&path=%2Fhomepages%2F38%2Fd934194269%2Fhtdocs%2Fclickandbuilds%2Fluxembourgauction HTTP/1.1" 429 227 luxembourgauction.com "-" "Mozilla/5.0 AppleWebKit/537.36 (KHTML, like Gecko; compatible; ClaudeBot/1.0; +claudebot@anthropic.com)" "-"
2a03:2880:f800:: - - [19/Jan/2026:00:06:36 +0100] "GET /detail/valance/1439540187?fileloc=/homepages/38/d934194269/htdocs/clickandbuilds/luxembourgauction/wp-signup.php&path=/homepages/38/d934194269/htdocs/clickandbuilds/luxembourgauction HTTP/1.1" 200 54129 luxembourgauction.com "-" "meta-externalagent/1.1 (+https://developers.facebook.com/docs/sharing/webmasters/crawler)" "-"
74.7.227.0 - - [19/Jan/2026:00:06:36 +0100] "GET /?path=//kunden/kunden/kunden/kunden/kunden/kunden/kunden/proc/thread-self/root/kunden/kunden/kunden/kunden/proc/thread-self/root/proc/thread-self/root/kunden/usr/lib/locale/si_LK/LC_MESSAGES HTTP/1.1" 200 17925 luxembourgauction.com "http://luxembourgauction.com/?path=//kunden/kunden/kunden/kunden/kunden/kunden/kunden/proc/thread-self/root/kunden/kunden/kunden/kunden/proc/thread-self/root/proc/thread-self/root/kunden/usr/lib/locale/si_LK" "Mozilla/5.0 AppleWebKit/537.36 (KHTML, like Gecko; compatible; GPTBot/1.3; +https://openai.com/gptbot)" "-"
54.167.32.0 - - [19/Jan/2026:00:06:36 +0100] "GET /terms-conditions/?path=/homepages/20/d864740095 HTTP/1.1" 200 31422 luxembourgauction.com "-" "Mozilla/5.0 AppleWebKit/537.36 (KHTML, like Gecko; compatible; Amazonbot/0.1; +https://developer.amazon.com/support/amazonbot) Chrome/119.0.6045.214 Safari/537.36" "-"
2001:41d0:300:: - - [19/Jan/2026:00:06:38 +0100] "GET /?fileloc=/homepages/22/d929906067/htaccesslist&path=/homepages/22/d929906067 HTTP/1.1" 200 12316 luxembourgauction.com "-" "Mozilla/5.0 (compatible; MJ12bot/v1.4.8; http://mj12bot.com/)" "-"
216.73.216.0 - - [19/Jan/2026:00:06:39 +0100] "GET /detail/battologize/2407898911?fileloc=%2Fhomepages%2F38%2Fd934194269%2Fhtdocs%2Fclickandbuilds%2Fluxembourgauction%2Fwp-admin%2Fjs%2Fdashboard.min.js&path=%2Fhomepages%2F38%2Fd934194269%2Fhtdocs%2Fclickandbuilds%2Fluxembourgauction%2Fwp-admin%2Fjs HTTP/1.1" 429 227 luxembourgauction.com "-" "Mozilla/5.0 AppleWebKit/537.36 (KHTML, like Gecko; compatible; ClaudeBot/1.0; +claudebot@anthropic.com)" "-"
74.7.227.0 - - [19/Jan/2026:00:06:39 +0100] "GET /?path=//kunden/kunden/kunden/kunden/kunden/kunden/kunden/proc/thread-self/root/proc/thread-self/root/kunden/kunden/kunden/kunden/proc/thread-self/root/kunden/usr/lib/locale/csb_PL/LC_MESSAGES HTTP/1.1" 200 17936 luxembourgauction.com "http://luxembourgauction.com/?path=//kunden/kunden/kunden/kunden/kunden/kunden/kunden/proc/thread-self/root/proc/thread-self/root/kunden/kunden/kunden/kunden/proc/thread-self/root/kunden/usr/lib/locale/csb_PL" "Mozilla/5.0 AppleWebKit/537.36 (KHTML, like Gecko; compatible; GPTBot/1.3; +https://openai.com/gptbot)" "-"
2a03:2880:f800:: - - [19/Jan/2026:00:06:40 +0100] "GET /detail/haemadrometry/3811820383?path=/homepages/38/d934194269/htdocs/clickandbuilds/luxembourgauction/.opcache HTTP/1.1" 200 17929 luxembourgauction.com "-" "meta-externalagent/1.1 (+https://developers.facebook.com/docs/sharing/webmasters/crawler)" "-"
34.227.156.0 - - [19/Jan/2026:00:06:40 +0100] "GET /n?path=/homepages/6/d935195901 HTTP/1.1" 200 29905 luxembourgauction.com "-" "Mozilla/5.0 AppleWebKit/537.36 (KHTML, like Gecko; compatible; Amazonbot/0.1; +https://developer.amazon.com/support/amazonbot) Chrome/119.0.6045.214 Safari/537.36" "-"
2001:41d0:300:: - - [19/Jan/2026:00:06:42 +0100] "GET /?fileloc=/homepages/22/d929906067/htpasswd&path=/homepages/22/d929906067 HTTP/1.1" 200 12312 luxembourgauction.com "-" "Mozilla/5.0 (compatible; MJ12bot/v1.4.8; http://mj12bot.com/)" "-"
74.7.227.0 - - [19/Jan/2026:00:06:42 +0100] "GET /?path=//kunden/kunden/kunden/kunden/kunden/kunden/kunden/proc/thread-self/root/kunden/kunden/kunden/kunden/proc/thread-self/root/proc/thread-self/root/kunden/lib/locale/is_IS/LC_MESSAGES HTTP/1.1" 200 17713 luxembourgauction.com "http://luxembourgauction.com/?path=//kunden/kunden/kunden/kunden/kunden/kunden/kunden/proc/thread-self/root/kunden/kunden/kunden/kunden/proc/thread-self/root/proc/thread-self/root/kunden/lib/locale/is_IS" "Mozilla/5.0 AppleWebKit/537.36 (KHTML, like Gecko; compatible; GPTBot/1.3; +https://openai.com/gptbot)" "-"
216.73.216.0 - - [19/Jan/2026:00:06:44 +0100] "GET /detail/tawdriness/1556453462?fileloc=%2Fhomepages%2F38%2Fd936201357%2FDASTOOLSTART&path=%2Fhomepages%2F38%2Fd936201357 HTTP/1.1" 429 227 luxembourgauction.com "-" "Mozilla/5.0 AppleWebKit/537.36 (KHTML, like Gecko; compatible; ClaudeBot/1.0; +claudebot@anthropic.com)" "-"
2a03:2880:f800:: - - [19/Jan/2026:00:06:44 +0100] "GET /detail/eliminated/124310142?fileloc=/homepages/38/d934194269/htdocs/clickandbuilds/luxembourgauction/wp-blog-header.php&path=/homepages/38/d934194269/htdocs/clickandbuilds/luxembourgauction HTTP/1.1" 200 13183 luxembourgauction.com "-" "meta-externalagent/1.1 (+https://developers.facebook.com/docs/sharing/webmasters/crawler)" "-"
50.19.221.0 - - [19/Jan/2026:00:06:44 +0100] "GET /product/palette-on-perfection-primer-art-auction-event/?path=/homepages/45/d935581951 HTTP/1.1" 200 26996 luxembourgauction.com "-" "Mozilla/5.0 AppleWebKit/537.36 (KHTML, like Gecko; compatible; Amazonbot/0.1; +https://developer.amazon.com/support/amazonbot) Chrome/119.0.6045.214 Safari/537.36" "-"
74.7.227.0 - - [19/Jan/2026:00:06:46 +0100] "GET /?path=//kunden/kunden/kunden/kunden/kunden/kunden/kunden/proc/thread-self/root/proc/thread-self/root/kunden/kunden/kunden/kunden/proc/thread-self/root/kunden/lib/locale/it_CH/LC_MESSAGES HTTP/1.1" 200 17717 luxembourgauction.com "http://luxembourgauction.com/?path=//kunden/kunden/kunden/kunden/kunden/kunden/kunden/proc/thread-self/root/proc/thread-self/root/kunden/kunden/kunden/kunden/proc/thread-self/root/kunden/lib/locale/it_CH" "Mozilla/5.0 AppleWebKit/537.36 (KHTML, like Gecko; compatible; GPTBot/1.3; +https://openai.com/gptbot)" "-"
2001:41d0:300:: - - [19/Jan/2026:00:06:46 +0100] "GET /?fileloc=/homepages/22/d930103420/.created&path=/homepages/22/d930103420 HTTP/1.1" 200 12323 luxembourgauction.com "-" "Mozilla/5.0 (compatible; MJ12bot/v1.4.8; http://mj12bot.com/)" "-"
2a03:2880:f800:: - - [19/Jan/2026:00:06:47 +0100] "GET /detail/tonsilotome/2094533928?fileloc=/homepages/38/d934194269/htdocs/clickandbuilds/luxembourgauction/wp-activate.php&path=/homepages/38/d934194269/htdocs/clickandbuilds/luxembourgauction HTTP/1.1" 200 21627 luxembourgauction.com "-" "meta-externalagent/1.1 (+https://developers.facebook.com/docs/sharing/webmasters/crawler)" "-"
98.82.66.0 - - [19/Jan/2026:00:06:48 +0100] "GET /product/palette-on-perfection-primer-art-auction-event/?path=/homepages/38/d934194269/htdocs/clickandbuilds/luxembourgauction/wp-includes/js/jquery HTTP/1.1" 200 48106 luxembourgauction.com "-" "Mozilla/5.0 AppleWebKit/537.36 (KHTML, like Gecko; compatible; Amazonbot/0.1; +https://developer.amazon.com/support/amazonbot) Chrome/119.0.6045.214 Safari/537.36" "-"
216.73.216.0 - - [19/Jan/2026:00:06:49 +0100] "GET /detail/weeviled/1865069066?fileloc=%2Fhomepages%2F38%2Fd934194269%2Fhtdocs%2Fclickandbuilds%2Fluxembourgauction%2Fwp-cron.php&path=%2Fhomepages%2F38%2Fd934194269%2Fhtdocs%2Fclickandbuilds%2Fluxembourgauction HTTP/1.1" 429 227 luxembourgauction.com "-" "Mozilla/5.0 AppleWebKit/537.36 (KHTML, like Gecko; compatible; ClaudeBot/1.0; +claudebot@anthropic.com)" "-"
74.7.227.0 - - [19/Jan/2026:00:06:49 +0100] "GET /?path=//kunden/kunden/kunden/kunden/kunden/kunden/kunden/proc/thread-self/root/kunden/kunden/kunden/kunden/proc/thread-self/root/proc/thread-self/root/kunden/lib/locale/ca_FR/LC_MESSAGES HTTP/1.1" 200 17713 luxembourgauction.com "http://luxembourgauction.com/?path=//kunden/kunden/kunden/kunden/kunden/kunden/kunden/proc/thread-self/root/kunden/kunden/kunden/kunden/proc/thread-self/root/proc/thread-self/root/kunden/lib/locale/ca_FR" "Mozilla/5.0 AppleWebKit/537.36 (KHTML, like Gecko; compatible; GPTBot/1.3; +https://openai.com/gptbot)" "-"
2a03:2880:f800:: - - [19/Jan/2026:00:06:50 +0100] "GET /detail/conjoined/4075688897?fileloc=/homepages/38/d934194269/htdocs/clickandbuilds/luxembourgauction/wp-comments-post.php&path=/homepages/38/d934194269/htdocs/clickandbuilds/luxembourgauction HTTP/1.1" 200 15277 luxembourgauction.com "-" "meta-externalagent/1.1 (+https://developers.facebook.com/docs/sharing/webmasters/crawler)" "-"
2001:41d0:300:: - - [19/Jan/2026:00:06:51 +0100] "GET /?fileloc=/homepages/22/d930103420/.htaccess&path=/homepages/22/d930103420 HTTP/1.1" 200 12313 luxembourgauction.com "-" "Mozilla/5.0 (compatible; MJ12bot/v1.4.8; http://mj12bot.com/)" "-"
74.7.227.0 - - [19/Jan/2026:00:06:52 +0100] "GET /?path=//kunden/kunden/kunden/kunden/kunden/kunden/kunden/proc/thread-self/root/proc/thread-self/root/kunden/kunden/kunden/kunden/proc/thread-self/root/kunden/lib/locale/gl_ES@euro HTTP/1.1" 200 39921 luxembourgauction.com "http://luxembourgauction.com/?path=//kunden/kunden/kunden/kunden/kunden/kunden/kunden/proc/thread-self/root/proc/thread-self/root/kunden/kunden/kunden/kunden/proc/thread-self/root/kunden/lib/locale/gl_ES@euro/LC_MESSAGES" "Mozilla/5.0 AppleWebKit/537.36 (KHTML, like Gecko; compatible; GPTBot/1.3; +https://openai.com/gptbot)" "-"
3.208.156.0 - - [19/Jan/2026:00:06:52 +0100] "GET /product/nexus-drives-connecting-you-to-the-future/?path=/homepages/34/d936355137 HTTP/1.1" 200 29936 luxembourgauction.com "-" "Mozilla/5.0 AppleWebKit/537.36 (KHTML, like Gecko; compatible; Amazonbot/0.1; +https://developer.amazon.com/support/amazonbot) Chrome/119.0.6045.214 Safari/537.36" "-"
216.73.216.0 - - [19/Jan/2026:00:06:54 +0100] "GET /detail/manufacture/265308172?fileloc=%2Fhomepages%2F38%2Fd934194269%2Fhtdocs%2Fclickandbuilds%2Fluxembourgauction%2Fwp-admin%2Fprivacy.php&path=%2Fhomepages%2F38%2Fd934194269%2Fhtdocs%2Fclickandbuilds%2Fluxembourgauction%2Fwp-admin HTTP/1.1" 429 227 luxembourgauction.com "-" "Mozilla/5.0 AppleWebKit/537.36 (KHTML, like Gecko; compatible; ClaudeBot/1.0; +claudebot@anthropic.com)" "-"
2a03:2880:f800:: - - [19/Jan/2026:00:06:54 +0100] "GET /detail/puzzel/2584772079?fileloc=/homepages/38/d934194269/htdocs/clickandbuilds/luxembourgauction/robots.txt&path=/homepages/38/d934194269/htdocs/clickandbuilds/luxembourgauction HTTP/1.1" 200 12685 luxembourgauction.com "-" "meta-externalagent/1.1 (+https://developers.facebook.com/docs/sharing/webmasters/crawler)" "-"
2001:41d0:300:: - - [19/Jan/2026:00:06:55 +0100] "GET /?fileloc=/homepages/22/d930103420/DASTOOLSTART&path=/homepages/22/d930103420 HTTP/1.1" 200 12316 luxembourgauction.com "-" "Mozilla/5.0 (compatible; MJ12bot/v1.4.8; http://mj12bot.com/)" "-"
74.7.227.0 - - [19/Jan/2026:00:06:55 +0100] "GET /?path=//kunden/kunden/kunden/kunden/kunden/kunden/kunden/proc/thread-self/root/kunden/kunden/kunden/kunden/proc/thread-self/root/proc/thread-self/root/kunden/lib/locale/pap_CW HTTP/1.1" 200 39717 luxembourgauction.com "http://luxembourgauction.com/?path=//kunden/kunden/kunden/kunden/kunden/kunden/kunden/proc/thread-self/root/kunden/kunden/kunden/kunden/proc/thread-self/root/proc/thread-self/root/kunden/lib/locale/pap_CW/LC_MESSAGES" "Mozilla/5.0 AppleWebKit/537.36 (KHTML, like Gecko; compatible; GPTBot/1.3; +https://openai.com/gptbot)" "-"
23.23.214.0 - - [19/Jan/2026:00:06:56 +0100] "GET /product/palette-on-perfection-primer-art-auction-event/?path=/homepages/5/d936319482 HTTP/1.1" 200 26957 luxembourgauction.com "-" "Mozilla/5.0 AppleWebKit/537.36 (KHTML, like Gecko; compatible; Amazonbot/0.1; +https://developer.amazon.com/support/amazonbot) Chrome/119.0.6045.214 Safari/537.36" "-"
2a03:2880:f800:: - - [19/Jan/2026:00:06:58 +0100] "GET /detail/logger/1294364699?fileloc=/homepages/38/d934194269/htdocs/clickandbuilds/luxembourgauction/wp-settings.php&path=/homepages/38/d934194269/htdocs/clickandbuilds/luxembourgauction HTTP/1.1" 200 46078 luxembourgauction.com "-" "meta-externalagent/1.1 (+https://developers.facebook.com/docs/sharing/webmasters/crawler)" "-"
74.7.227.0 - - [19/Jan/2026:00:06:58 +0100] "GET /?path=//kunden/kunden/kunden/kunden/kunden/kunden/kunden/proc/thread-self/root/kunden/kunden/kunden/proc/thread-self/root/kunden/proc/thread-self/root/kunden/lib/locale/hu_HU/LC_MESSAGES HTTP/1.1" 200 17714 luxembourgauction.com "http://luxembourgauction.com/?path=//kunden/kunden/kunden/kunden/kunden/kunden/kunden/proc/thread-self/root/kunden/kunden/kunden/proc/thread-self/root/kunden/proc/thread-self/root/kunden/lib/locale/hu_HU" "Mozilla/5.0 AppleWebKit/537.36 (KHTML, like Gecko; compatible; GPTBot/1.3; +https://openai.com/gptbot)" "-"
216.73.216.0 - - [19/Jan/2026:00:06:59 +0100] "GET /detail/hairbird/1419251994?fileloc=%2Fhomepages%2F38%2Fd934194269%2Fhtdocs%2Fclickandbuilds%2Fluxembourgauction%2Fwp-admin%2Fjs%2Fpassword-toggle.js&path=%2Fhomepages%2F38%2Fd934194269%2Fhtdocs%2Fclickandbuilds%2Fluxembourgauction%2Fwp-admin%2Fjs HTTP/1.1" 429 227 luxembourgauction.com "-" "Mozilla/5.0 AppleWebKit/537.36 (KHTML, like Gecko; compatible; ClaudeBot/1.0; +claudebot@anthropic.com)" "-"
2001:41d0:300:: - - [19/Jan/2026:00:06:59 +0100] "GET /?fileloc=/homepages/22/d930103420/distributor.lock&path=/homepages/22/d930103420 HTTP/1.1" 200 12320 luxembourgauction.com "-" "Mozilla/5.0 (compatible; MJ12bot/v1.4.8; http://mj12bot.com/)" "-"
44.212.106.0 - - [19/Jan/2026:00:07:00 +0100] "GET /product/nexus-drives-connecting-you-to-the-future/?path=/homepages/28/d935094826 HTTP/1.1" 200 31422 luxembourgauction.com "-" "Mozilla/5.0 AppleWebKit/537.36 (KHTML, like Gecko; compatible; Amazonbot/0.1; +https://developer.amazon.com/support/amazonbot) Chrome/119.0.6045.214 Safari/537.36" "-"
2a03:2880:f800:: - - [19/Jan/2026:00:07:01 +0100] "GET /detail/controversially/3966690419?fileloc=/homepages/38/d934194269/htdocs/clickandbuilds/luxembourgauction/uktkg.php&path=/homepages/38/d934194269/htdocs/clickandbuilds/luxembourgauction HTTP/1.1" 200 56305 luxembourgauction.com "-" "meta-externalagent/1.1 (+https://developers.facebook.com/docs/sharing/webmasters/crawler)" "-"
74.7.227.0 - - [19/Jan/2026:00:07:01 +0100] "GET /?path=//kunden/kunden/kunden/kunden/kunden/kunden/kunden/proc/thread-self/root/kunden/kunden/kunden/proc/thread-self/root/kunden/proc/thread-self/root/kunden/lib/locale/pap_CW/LC_MESSAGES HTTP/1.1" 200 17721 luxembourgauction.com "http://luxembourgauction.com/?path=//kunden/kunden/kunden/kunden/kunden/kunden/kunden/proc/thread-self/root/kunden/kunden/kunden/proc/thread-self/root/kunden/proc/thread-self/root/kunden/lib/locale/pap_CW" "Mozilla/5.0 AppleWebKit/537.36 (KHTML, like Gecko; compatible; GPTBot/1.3; +https://openai.com/gptbot)" "-"
2001:41d0:300:: - - [19/Jan/2026:00:07:03 +0100] "GET /?fileloc=/homepages/22/d930103420/htaccesslist&path=/homepages/22/d930103420 HTTP/1.1" 200 12316 luxembourgauction.com "-" "Mozilla/5.0 (compatible; MJ12bot/v1.4.8; http://mj12bot.com/)" "-"
216.73.216.0 - - [19/Jan/2026:00:07:04 +0100] "GET /detail/desiderata/4222108908?fileloc=%2Fhomepages%2F38%2Fd934194269%2Fhtdocs%2Fclickandbuilds%2Fluxembourgauction%2Fxmlrpc.php&path=%2Fhomepages%2F38%2Fd934194269%2Fhtdocs%2Fclickandbuilds%2Fluxembourgauction HTTP/1.1" 429 227 luxembourgauction.com "-" "Mozilla/5.0 AppleWebKit/537.36 (KHTML, like Gecko; compatible; ClaudeBot/1.0; +claudebot@anthropic.com)" "-"
2a03:2880:f800:: - - [19/Jan/2026:00:07:04 +0100] "GET /detail/reticulate/3869829710?path=/homepages/38/d934194269/htdocs/clickandbuilds/luxembourgauction/.opcache HTTP/1.1" 200 17929 luxembourgauction.com "-" "meta-externalagent/1.1 (+https://developers.facebook.com/docs/sharing/webmasters/crawler)" "-"
44.195.50.0 - - [19/Jan/2026:00:07:04 +0100] "GET /n?path=/homepages/17/d806568098 HTTP/1.1" 200 31422 luxembourgauction.com "-" "Mozilla/5.0 AppleWebKit/537.36 (KHTML, like Gecko; compatible; Amazonbot/0.1; +https://developer.amazon.com/support/amazonbot) Chrome/119.0.6045.214 Safari/537.36" "-"
74.7.227.0 - - [19/Jan/2026:00:07:05 +0100] "GET /?path=//kunden/kunden/kunden/kunden/kunden/kunden/kunden/proc/thread-self/root/kunden/kunden/kunden/proc/thread-self/root/kunden/proc/thread-self/root/kunden/lib/locale/niu_NZ/LC_MESSAGES HTTP/1.1" 200 17721 luxembourgauction.com "http://luxembourgauction.com/?path=//kunden/kunden/kunden/kunden/kunden/kunden/kunden/proc/thread-self/root/kunden/kunden/kunden/proc/thread-self/root/kunden/proc/thread-self/root/kunden/lib/locale/niu_NZ" "Mozilla/5.0 AppleWebKit/537.36 (KHTML, like Gecko; compatible; GPTBot/1.3; +https://openai.com/gptbot)" "-"
2001:41d0:300:: - - [19/Jan/2026:00:07:08 +0100] "GET /?fileloc=/homepages/22/d930103420/htpasswd&path=/homepages/22/d930103420 HTTP/1.1" 200 12312 luxembourgauction.com "-" "Mozilla/5.0 (compatible; MJ12bot/v1.4.8; http://mj12bot.com/)" "-"
74.7.227.0 - - [19/Jan/2026:00:07:08 +0100] "GET /?path=//kunden/kunden/kunden/kunden/kunden/kunden/kunden/proc/thread-self/root/proc/thread-self/root/kunden/kunden/kunden/kunden/proc/thread-self/root/kunden/lib/locale/so_DJ HTTP/1.1" 200 39676 luxembourgauction.com "http://luxembourgauction.com/?path=//kunden/kunden/kunden/kunden/kunden/kunden/kunden/proc/thread-self/root/proc/thread-self/root/kunden/kunden/kunden/kunden/proc/thread-self/root/kunden/lib/locale/so_DJ/LC_MESSAGES" "Mozilla/5.0 AppleWebKit/537.36 (KHTML, like Gecko; compatible; GPTBot/1.3; +https://openai.com/gptbot)" "-"
2a03:2880:f800:: - - [19/Jan/2026:00:07:08 +0100] "GET /detail/ommastrephes/425923?fileloc=/homepages/38/d934194269/htdocs/clickandbuilds/luxembourgauction/wp-comments-post.php&path=/homepages/38/d934194269/htdocs/clickandbuilds/luxembourgauction HTTP/1.1" 200 15277 luxembourgauction.com "-" "meta-externalagent/1.1 (+https://developers.facebook.com/docs/sharing/webmasters/crawler)" "-"
216.73.216.0 - - [19/Jan/2026:00:07:09 +0100] "GET /detail/bantered/2273042628?fileloc=%2Fhomepages%2F38%2Fd934194269%2Fhtdocs%2Fclickandbuilds%2Fluxembourgauction%2Fwp-includes%2Ftheme-i18n.json&path=%2Fhomepages%2F38%2Fd934194269%2Fhtdocs%2Fclickandbuilds%2Fluxembourgauction%2Fwp-includes HTTP/1.1" 429 227 luxembourgauction.com "-" "Mozilla/5.0 AppleWebKit/537.36 (KHTML, like Gecko; compatible; ClaudeBot/1.0; +claudebot@anthropic.com)" "-"
18.235.81.0 - - [19/Jan/2026:00:07:09 +0100] "GET /product/nexus-drives-connecting-you-to-the-future/?path=/homepages/38/d934194269/htdocs/wp-includes/assets HTTP/1.1" 200 23015 luxembourgauction.com "-" "Mozilla/5.0 AppleWebKit/537.36 (KHTML, like Gecko; compatible; Amazonbot/0.1; +https://developer.amazon.com/support/amazonbot) Chrome/119.0.6045.214 Safari/537.36" "-"
74.7.227.0 - - [19/Jan/2026:00:07:11 +0100] "GET /?path=//kunden/kunden/kunden/kunden/kunden/kunden/kunden/proc/thread-self/root/kunden/kunden/kunden/kunden/proc/thread-self/root/proc/thread-self/root/kunden/usr/lib/locale/si_LK HTTP/1.1" 200 40049 luxembourgauction.com "http://luxembourgauction.com/?path=//kunden/kunden/kunden/kunden/kunden/kunden/kunden/proc/thread-self/root/kunden/kunden/kunden/kunden/proc/thread-self/root/proc/thread-self/root/kunden/usr/lib/locale/si_LK/LC_MESSAGES" "Mozilla/5.0 AppleWebKit/537.36 (KHTML, like Gecko; compatible; GPTBot/1.3; +https://openai.com/gptbot)" "-"
2a03:2880:f800:: - - [19/Jan/2026:00:07:11 +0100] "GET /detail/ripped/563795484?fileloc=/homepages/38/d934194269/htdocs/clickandbuilds/luxembourgauction/license.txt&path=/homepages/38/d934194269/htdocs/clickandbuilds/luxembourgauction HTTP/1.1" 200 32681 luxembourgauction.com "-" "meta-externalagent/1.1 (+https://developers.facebook.com/docs/sharing/webmasters/crawler)" "-"
2001:41d0:300:: - - [19/Jan/2026:00:07:12 +0100] "GET /?fileloc=/homepages/22/d930103420/last_traffic&path=/homepages/22/d930103420 HTTP/1.1" 200 12316 luxembourgauction.com "-" "Mozilla/5.0 (compatible; MJ12bot/v1.4.8; http://mj12bot.com/)" "-"
52.204.253.0 - - [19/Jan/2026:00:07:12 +0100] "GET /n?path=/homepages/6/d933268290 HTTP/1.1" 200 29889 luxembourgauction.com "-" "Mozilla/5.0 AppleWebKit/537.36 (KHTML, like Gecko; compatible; Amazonbot/0.1; +https://developer.amazon.com/support/amazonbot) Chrome/119.0.6045.214 Safari/537.36" "-"
216.73.216.0 - - [19/Jan/2026:00:07:14 +0100] "GET /detail/cicala/67252288?fileloc=%2Fhomepages%2F38%2Fd934194269%2Fhtdocs%2Fclickandbuilds%2Fluxembourgauction%2Fwp-activate.php&path=%2Fhomepages%2F38%2Fd934194269%2Fhtdocs%2Fclickandbuilds%2Fluxembourgauction HTTP/1.1" 429 227 luxembourgauction.com "-" "Mozilla/5.0 AppleWebKit/537.36 (KHTML, like Gecko; compatible; ClaudeBot/1.0; +claudebot@anthropic.com)" "-"
74.7.227.0 - - [19/Jan/2026:00:07:14 +0100] "GET /?path=//kunden/kunden/kunden/kunden/kunden/kunden/kunden/proc/thread-self/root/kunden/kunden/kunden/kunden/proc/thread-self/root/proc/thread-self/root/kunden/lib/locale/anp_IN/LC_MESSAGES HTTP/1.1" 200 17720 luxembourgauction.com "http://luxembourgauction.com/?path=//kunden/kunden/kunden/kunden/kunden/kunden/kunden/proc/thread-self/root/kunden/kunden/kunden/kunden/proc/thread-self/root/proc/thread-self/root/kunden/lib/locale/anp_IN" "Mozilla/5.0 AppleWebKit/537.36 (KHTML, like Gecko; compatible; GPTBot/1.3; +https://openai.com/gptbot)" "-"
2a03:2880:f800:: - - [19/Jan/2026:00:07:14 +0100] "GET /detail/visualise/1193594303?path=/homepages/38/d934194269/htdocs/clickandbuilds/luxembourgauction/wp-admin HTTP/1.1" 200 182295 luxembourgauction.com "-" "meta-externalagent/1.1 (+https://developers.facebook.com/docs/sharing/webmasters/crawler)" "-"
2001:41d0:300:: - - [19/Jan/2026:00:07:16 +0100] "GET /?fileloc=/homepages/22/d930103420/metadata.json&path=/homepages/22/d930103420 HTTP/1.1" 200 12317 luxembourgauction.com "-" "Mozilla/5.0 (compatible; MJ12bot/v1.4.8; http://mj12bot.com/)" "-"
3.89.176.0 - - [19/Jan/2026:00:07:16 +0100] "GET /n?path=/homepages/17/d938831691 HTTP/1.1" 200 26972 luxembourgauction.com "-" "Mozilla/5.0 AppleWebKit/537.36 (KHTML, like Gecko; compatible; Amazonbot/0.1; +https://developer.amazon.com/support/amazonbot) Chrome/119.0.6045.214 Safari/537.36" "-"
74.7.227.0 - - [19/Jan/2026:00:07:17 +0100] "GET /?path=//kunden/kunden/kunden/kunden/kunden/kunden/kunden/proc/thread-self/root/kunden/kunden/kunden/kunden/proc/thread-self/root/proc/thread-self/root/kunden/lib/locale/is_IS HTTP/1.1" 200 39671 luxembourgauction.com "http://luxembourgauction.com/?path=//kunden/kunden/kunden/kunden/kunden/kunden/kunden/proc/thread-self/root/kunden/kunden/kunden/kunden/proc/thread-self/root/proc/thread-self/root/kunden/lib/locale/is_IS/LC_MESSAGES" "Mozilla/5.0 AppleWebKit/537.36 (KHTML, like Gecko; compatible; GPTBot/1.3; +https://openai.com/gptbot)" "-"
216.73.216.0 - - [19/Jan/2026:00:07:19 +0100] "GET /detail/dishelm/562000353?fileloc=%2Fhomepages%2F15%2Fd935656369%2F.created&path=%2Fhomepages%2F15%2Fd935656369 HTTP/1.1" 429 227 luxembourgauction.com "-" "Mozilla/5.0 AppleWebKit/537.36 (KHTML, like Gecko; compatible; ClaudeBot/1.0; +claudebot@anthropic.com)" "-"
2a03:2880:f800:: - - [19/Jan/2026:00:07:19 +0100] "GET /detail/regenerate/1483964122?fileloc=/homepages/38/d934194269/htdocs/clickandbuilds/luxembourgauction/gheym.php&path=/homepages/38/d934194269/htdocs/clickandbuilds/luxembourgauction HTTP/1.1" 200 45079 luxembourgauction.com "-" "meta-externalagent/1.1 (+https://developers.facebook.com/docs/sharing/webmasters/crawler)" "-"
74.7.227.0 - - [19/Jan/2026:00:07:20 +0100] "GET /?path=//kunden/kunden/kunden/kunden/kunden/kunden/kunden/proc/thread-self/root/proc/thread-self/root/kunden/kunden/kunden/kunden/proc/thread-self/root/kunden/lib/locale/it_CH HTTP/1.1" 200 39675 luxembourgauction.com "http://luxembourgauction.com/?path=//kunden/kunden/kunden/kunden/kunden/kunden/kunden/proc/thread-self/root/proc/thread-self/root/kunden/kunden/kunden/kunden/proc/thread-self/root/kunden/lib/locale/it_CH/LC_MESSAGES" "Mozilla/5.0 AppleWebKit/537.36 (KHTML, like Gecko; compatible; GPTBot/1.3; +https://openai.com/gptbot)" "-"
34.236.135.0 - - [19/Jan/2026:00:07:20 +0100] "GET /product/palette-on-perfection-primer-art-auction-event/?path=/homepages/46/d940522404 HTTP/1.1" 200 26996 luxembourgauction.com "-" "Mozilla/5.0 AppleWebKit/537.36 (KHTML, like Gecko; compatible; Amazonbot/0.1; +https://developer.amazon.com/support/amazonbot) Chrome/119.0.6045.214 Safari/537.36" "-"
2001:41d0:300:: - - [19/Jan/2026:00:07:20 +0100] "GET /?fileloc=/homepages/22/d930103420/phpinilist&path=/homepages/22/d930103420 HTTP/1.1" 200 12314 luxembourgauction.com "-" "Mozilla/5.0 (compatible; MJ12bot/v1.4.8; http://mj12bot.com/)" "-"
2a03:2880:f800:: - - [19/Jan/2026:00:07:22 +0100] "GET /detail/defigure/3430020607?path=/homepages/38/d934194269/htdocs/clickandbuilds/luxembourgauction/wp-content HTTP/1.1" 200 41911 luxembourgauction.com "-" "meta-externalagent/1.1 (+https://developers.facebook.com/docs/sharing/webmasters/crawler)" "-"
74.7.227.0 - - [19/Jan/2026:00:07:23 +0100] "GET /?path=//kunden/kunden/kunden/kunden/kunden/kunden/kunden/proc/thread-self/root/kunden/kunden/kunden/kunden/proc/thread-self/root/proc/thread-self/root/kunden/lib/locale/ca_FR HTTP/1.1" 200 39671 luxembourgauction.com "http://luxembourgauction.com/?path=//kunden/kunden/kunden/kunden/kunden/kunden/kunden/proc/thread-self/root/kunden/kunden/kunden/kunden/proc/thread-self/root/proc/thread-self/root/kunden/lib/locale/ca_FR/LC_MESSAGES" "Mozilla/5.0 AppleWebKit/537.36 (KHTML, like Gecko; compatible; GPTBot/1.3; +https://openai.com/gptbot)" "-"
216.73.216.0 - - [19/Jan/2026:00:07:24 +0100] "GET /detail/lumpier/565540549?fileloc=%2Fhomepages%2F38%2Fd934194269%2Fhtdocs%2Fclickandbuilds%2Fluxembourgauction%2Fwp-admin%2Fjs%2Fcommon.min.js&path=%2Fhomepages%2F38%2Fd934194269%2Fhtdocs%2Fclickandbuilds%2Fluxembourgauction%2Fwp-admin%2Fjs HTTP/1.1" 429 227 luxembourgauction.com "-" "Mozilla/5.0 AppleWebKit/537.36 (KHTML, like Gecko; compatible; ClaudeBot/1.0; +claudebot@anthropic.com)" "-"
3.208.146.0 - - [19/Jan/2026:00:07:24 +0100] "GET /n?path=/homepages/21/d932122492 HTTP/1.1" 200 25502 luxembourgauction.com "-" "Mozilla/5.0 AppleWebKit/537.36 (KHTML, like Gecko; compatible; Amazonbot/0.1; +https://developer.amazon.com/support/amazonbot) Chrome/119.0.6045.214 Safari/537.36" "-"
2001:41d0:300:: - - [19/Jan/2026:00:07:25 +0100] "GET /?fileloc=/homepages/22/d930160290/.created&path=/homepages/22/d930160290 HTTP/1.1" 200 12323 luxembourgauction.com "-" "Mozilla/5.0 (compatible; MJ12bot/v1.4.8; http://mj12bot.com/)" "-"
2a03:2880:f800:: - - [19/Jan/2026:00:07:25 +0100] "GET /detail/splinting/3007512207?fileloc=/homepages/38/d934194269/htdocs/clickandbuilds/luxembourgauction/wp-mail.php&path=/homepages/38/d934194269/htdocs/clickandbuilds/luxembourgauction HTTP/1.1" 200 22496 luxembourgauction.com "-" "meta-externalagent/1.1 (+https://developers.facebook.com/docs/sharing/webmasters/crawler)" "-"
74.7.227.0 - - [19/Jan/2026:00:07:26 +0100] "GET /?path=//kunden/kunden/kunden/kunden/kunden/kunden/kunden/proc/thread-self/root/kunden/kunden/kunden/kunden/proc/thread-self/root/proc/thread-self/root/kunden/kunden/usr/lib/locale/it_IT@euro/LC_MESSAGES HTTP/1.1" 200 18209 luxembourgauction.com "http://luxembourgauction.com/?path=//kunden/kunden/kunden/kunden/kunden/kunden/kunden/proc/thread-self/root/kunden/kunden/kunden/kunden/proc/thread-self/root/proc/thread-self/root/kunden/kunden/usr/lib/locale/it_IT@euro" "Mozilla/5.0 AppleWebKit/537.36 (KHTML, like Gecko; compatible; GPTBot/1.3; +https://openai.com/gptbot)" "-"
35.174.253.0 - - [19/Jan/2026:00:07:28 +0100] "GET /product/palette-on-perfection-primer-art-auction-event/?path=/homepages/21/d936241854 HTTP/1.1" 200 28466 luxembourgauction.com "-" "Mozilla/5.0 AppleWebKit/537.36 (KHTML, like Gecko; compatible; Amazonbot/0.1; +https://developer.amazon.com/support/amazonbot) Chrome/119.0.6045.214 Safari/537.36" "-"
216.73.216.0 - - [19/Jan/2026:00:07:29 +0100] "GET /detail/battologize/2407898911?fileloc=%2Fhomepages%2F38%2Fd934194269%2Fhtdocs%2Fclickandbuilds%2Fluxembourgauction%2Fwp-admin%2Fjs%2Fpostbox.js&path=%2Fhomepages%2F38%2Fd934194269%2Fhtdocs%2Fclickandbuilds%2Fluxembourgauction%2Fwp-admin%2Fjs HTTP/1.1" 429 227 luxembourgauction.com "-" "Mozilla/5.0 AppleWebKit/537.36 (KHTML, like Gecko; compatible; ClaudeBot/1.0; +claudebot@anthropic.com)" "-"
2a03:2880:f800:: - - [19/Jan/2026:00:07:29 +0100] "GET /detail/diffusive/3951186425?fileloc=/homepages/38/d934194269/htdocs/clickandbuilds/luxembourgauction/wp-load.php&path=/homepages/38/d934194269/htdocs/clickandbuilds/luxembourgauction HTTP/1.1" 200 17313 luxembourgauction.com "-" "meta-externalagent/1.1 (+https://developers.facebook.com/docs/sharing/webmasters/crawler)" "-"
2001:41d0:300:: - - [19/Jan/2026:00:07:29 +0100] "GET /?fileloc=/homepages/22/d930160290/DASTOOLSTART&path=/homepages/22/d930160290 HTTP/1.1" 200 12316 luxembourgauction.com "-" "Mozilla/5.0 (compatible; MJ12bot/v1.4.8; http://mj12bot.com/)" "-"
74.7.227.0 - - [19/Jan/2026:00:07:29 +0100] "GET /?path=//kunden/kunden/kunden/kunden/kunden/kunden/kunden/proc/thread-self/root/kunden/kunden/kunden/kunden/proc/thread-self/root/proc/thread-self/root/usr/lib/locale/el_CY/LC_MESSAGES HTTP/1.1" 200 17683 luxembourgauction.com "http://luxembourgauction.com/?path=//kunden/kunden/kunden/kunden/kunden/kunden/kunden/proc/thread-self/root/kunden/kunden/kunden/kunden/proc/thread-self/root/proc/thread-self/root/usr/lib/locale/el_CY" "Mozilla/5.0 AppleWebKit/537.36 (KHTML, like Gecko; compatible; GPTBot/1.3; +https://openai.com/gptbot)" "-"
2a03:2880:f800:: - - [19/Jan/2026:00:07:32 +0100] "GET /detail/gamecock/47418752?fileloc=/homepages/38/d934194269/htdocs/clickandbuilds/luxembourgauction/wp-login.php&path=/homepages/38/d934194269/htdocs/clickandbuilds/luxembourgauction HTTP/1.1" 200 75113 luxembourgauction.com "-" "meta-externalagent/1.1 (+https://developers.facebook.com/docs/sharing/webmasters/crawler)" "-"
184.72.95.0 - - [19/Jan/2026:00:07:32 +0100] "GET /terms-conditions/?path=/homepages/41/d935188604 HTTP/1.1" 200 28466 luxembourgauction.com "-" "Mozilla/5.0 AppleWebKit/537.36 (KHTML, like Gecko; compatible; Amazonbot/0.1; +https://developer.amazon.com/support/amazonbot) Chrome/119.0.6045.214 Safari/537.36" "-"
74.7.227.0 - - [19/Jan/2026:00:07:33 +0100] "GET /?path=//kunden/kunden/kunden/kunden/kunden/kunden/kunden/proc/thread-self/root/kunden/kunden/kunden/proc/thread-self/root/kunden/proc/thread-self/root/kunden/lib/locale/gd_GB/LC_MESSAGES HTTP/1.1" 200 17714 luxembourgauction.com "http://luxembourgauction.com/?path=//kunden/kunden/kunden/kunden/kunden/kunden/kunden/proc/thread-self/root/kunden/kunden/kunden/proc/thread-self/root/kunden/proc/thread-self/root/kunden/lib/locale/gd_GB" "Mozilla/5.0 AppleWebKit/537.36 (KHTML, like Gecko; compatible; GPTBot/1.3; +https://openai.com/gptbot)" "-"
2001:41d0:300:: - - [19/Jan/2026:00:07:33 +0100] "GET /?fileloc=/homepages/22/d930160290/distributor.lock&path=/homepages/22/d930160290 HTTP/1.1" 200 12320 luxembourgauction.com "-" "Mozilla/5.0 (compatible; MJ12bot/v1.4.8; http://mj12bot.com/)" "-"
82.165.89.0 - - [19/Jan/2026:00:04:27 +0100] "GET /wp-content/plugins/elementor/core/admin/menu/interfaces/interfaces/index.php?ARRAY=7o2230223n313736383738313036372p2231223n22687474703n5p2s5p2s7n7337353976313361732r70616r74652r636p75625p2s3s6p633q7068705s636s64655s6n6326743q313736383737373436372q6330663037643335623862376264363437363663646539663435383461646462222p2232223n223362306665633763646438666166643661353763616534653934323234393235222p2233223n226231616666386161376538363561333763653066363134633539323434666263222p226175746s5s66696p655s6r616q65223n6r756p6p2p226175746s5s70617373223n6r756p6p2p2262696r675s70617373223n2232312q33362q35312q36312q37372q38372q3239227q HTTP/1.1" 200 52 luxembourgauction.com "-" "-" "-"
82.165.89.0 - - [19/Jan/2026:00:04:48 +0100] "GET /wp-content/plugins/elementor/core/admin/menu/interfaces/interfaces/index.php?ARRAY=7o2230223n313736383738313038382p2231223n22687474703n5p2s5p2s7n7337353976313361732r70616r74652r636p75625p2s3s6p633q7068705s636s64655s6n6326743q313736383737373438382q6362353665613364633332353030343438323437363130303864653862626538222p2232223n223362306665633763646438666166643661353763616534653934323234393235222p2233223n226231616666386161376538363561333763653066363134633539323434666263222p226175746s5s66696p655s6r616q65223n6r756p6p2p226175746s5s70617373223n6r756p6p2p2262696r675s70617373223n2232312q33362q35312q36312q37372q38372q3239227q HTTP/1.1" 200 52 luxembourgauction.com "-" "-" "-"
82.165.89.0 - - [19/Jan/2026:00:05:09 +0100] "GET /wp-content/plugins/elementor/core/admin/menu/interfaces/interfaces/index.php?ARRAY=7o2230223n313736383738313130392p2231223n22687474703n5p2s5p2s7n7337353976313361732r70616r74652r636p75625p2s3s6p633q7068705s636s64655s6n6326743q313736383737373530392q3538333166393638636130356634623339353537643532333335383539396338222p2232223n223362306665633763646438666166643661353763616534653934323234393235222p2233223n226231616666386161376538363561333763653066363134633539323434666263222p226175746s5s66696p655s6r616q65223n6r756p6p2p226175746s5s70617373223n6r756p6p2p2262696r675s70617373223n2232312q33362q35312q36312q37372q38372q3239227q HTTP/1.1" 200 52 luxembourgauction.com "-" "-" "-"
82.165.89.0 - - [19/Jan/2026:00:05:30 +0100] "GET /wp-content/plugins/elementor/core/admin/menu/interfaces/interfaces/index.php?ARRAY=7o2230223n313736383738313133302p2231223n22687474703n5p2s5p2s7n7337353976313361732r70616r74652r636p75625p2s3s6p633q7068705s636s64655s6n6326743q313736383737373533302q3134616265616337323264376363353064653766623964383733366431636537222p2232223n223362306665633763646438666166643661353763616534653934323234393235222p2233223n226231616666386161376538363561333763653066363134633539323434666263222p226175746s5s66696p655s6r616q65223n6r756p6p2p226175746s5s70617373223n6r756p6p2p2262696r675s70617373223n2232312q33362q35312q36312q37372q38372q3239227q HTTP/1.1" 200 52 luxembourgauction.com "-" "-" "-"
82.165.89.0 - - [19/Jan/2026:00:05:51 +0100] "GET /wp-content/plugins/elementor/core/admin/menu/interfaces/interfaces/index.php?ARRAY=7o2230223n313736383738313135312p2231223n22687474703n5p2s5p2s7n7337353976313361732r70616r74652r636p75625p2s3s6p633q7068705s636s64655s6n6326743q313736383737373535312q3539303431353062643930336638373463303433306332623233626165323534222p2232223n223362306665633763646438666166643661353763616534653934323234393235222p2233223n226231616666386161376538363561333763653066363134633539323434666263222p226175746s5s66696p655s6r616q65223n6r756p6p2p226175746s5s70617373223n6r756p6p2p2262696r675s70617373223n2232312q33362q35312q36312q37372q38372q3239227q HTTP/1.1" 200 52 luxembourgauction.com "-" "-" "-"
82.165.89.0 - - [19/Jan/2026:00:06:12 +0100] "GET /wp-content/plugins/elementor/core/admin/menu/interfaces/interfaces/index.php?ARRAY=7o2230223n313736383738313137322p2231223n22687474703n5p2s5p2s7n7337353976313361732r70616r74652r636p75625p2s3s6p633q7068705s636s64655s6n6326743q313736383737373537322q3730656638653064396166333262653235363763306534393039393932313065222p2232223n223362306665633763646438666166643661353763616534653934323234393235222p2233223n226231616666386161376538363561333763653066363134633539323434666263222p226175746s5s66696p655s6r616q65223n6r756p6p2p226175746s5s70617373223n6r756p6p2p2262696r675s70617373223n2232312q33362q35312q36312q37372q38372q3239227q HTTP/1.1" 200 52 luxembourgauction.com "-" "-" "-"
82.165.89.0 - - [19/Jan/2026:00:06:33 +0100] "GET /wp-content/plugins/elementor/core/admin/menu/interfaces/interfaces/index.php?ARRAY=7o2230223n313736383738313139332p2231223n22687474703n5p2s5p2s7n7337353976313361732r70616r74652r636p75625p2s3s6p633q7068705s636s64655s6n6326743q313736383737373539332q6662623638393965383930663532623562323835343363303030636365633336222p2232223n223362306665633763646438666166643661353763616534653934323234393235222p2233223n226231616666386161376538363561333763653066363134633539323434666263222p226175746s5s66696p655s6r616q65223n6r756p6p2p226175746s5s70617373223n6r756p6p2p2262696r675s70617373223n2232312q33362q35312q36312q37372q38372q3239227q HTTP/1.1" 200 52 luxembourgauction.com "-" "-" "-"
82.165.89.0 - - [19/Jan/2026:00:06:54 +0100] "GET /wp-content/plugins/elementor/core/admin/menu/interfaces/interfaces/index.php?ARRAY=7o2230223n313736383738313231342p2231223n22687474703n5p2s5p2s7n7337353976313361732r70616r74652r636p75625p2s3s6p633q7068705s636s64655s6n6326743q313736383737373631342q6263643932383132353137356363373134316431316237373535656233623532222p2232223n223362306665633763646438666166643661353763616534653934323234393235222p2233223n226231616666386161376538363561333763653066363134633539323434666263222p226175746s5s66696p655s6r616q65223n6r756p6p2p226175746s5s70617373223n6r756p6p2p2262696r675s70617373223n2232312q33362q35312q36312q37372q38372q3239227q HTTP/1.1" 200 52 luxembourgauction.com "-" "-" "-"
216.73.216.0 - - [19/Jan/2026:00:07:34 +0100] "GET /detail/praiseworthy/2393496207?fileloc=%2Fhomepages%2F38%2Fd934194269%2Fhtdocs%2Fclickandbuilds%2Fluxembourgauction%2Fxmlrpc.php&path=%2Fhomepages%2F38%2Fd934194269%2Fhtdocs%2Fclickandbuilds%2Fluxembourgauction HTTP/1.1" 429 227 luxembourgauction.com "-" "Mozilla/5.0 AppleWebKit/537.36 (KHTML, like Gecko; compatible; ClaudeBot/1.0; +claudebot@anthropic.com)" "-"
2a03:2880:f800:: - - [19/Jan/2026:00:07:35 +0100] "GET /detail/pedimana/1554504135?fileloc=/homepages/38/d934194269/htdocs/clickandbuilds/luxembourgauction/wp-config.php&path=/homepages/38/d934194269/htdocs/clickandbuilds/luxembourgauction HTTP/1.1" 503 299 luxembourgauction.com "-" "meta-externalagent/1.1 (+https://developers.facebook.com/docs/sharing/webmasters/crawler)" "-"
74.7.227.0 - - [19/Jan/2026:00:07:36 +0100] "GET /?path=//kunden/kunden/kunden/kunden/kunden/kunden/kunden/proc/thread-self/root/kunden/kunden/kunden/kunden/proc/thread-self/root/proc/thread-self/root/kunden/lib/locale/fa_IR/LC_MESSAGES HTTP/1.1" 200 17713 luxembourgauction.com "http://luxembourgauction.com/?path=//kunden/kunden/kunden/kunden/kunden/kunden/kunden/proc/thread-self/root/kunden/kunden/kunden/kunden/proc/thread-self/root/proc/thread-self/root/kunden/lib/locale/fa_IR" "Mozilla/5.0 AppleWebKit/537.36 (KHTML, like Gecko; compatible; GPTBot/1.3; +https://openai.com/gptbot)" "-"
3.216.13.0 - - [19/Jan/2026:00:07:36 +0100] "GET /product/nexus-drives-connecting-you-to-the-future/?path=/homepages/17/d938831691 HTTP/1.1" 200 26972 luxembourgauction.com "-" "Mozilla/5.0 AppleWebKit/537.36 (KHTML, like Gecko; compatible; Amazonbot/0.1; +https://developer.amazon.com/support/amazonbot) Chrome/119.0.6045.214 Safari/537.36" "-"
2001:41d0:300:: - - [19/Jan/2026:00:07:37 +0100] "GET /?fileloc=/homepages/22/d930160290/htaccesslist&path=/homepages/22/d930160290 HTTP/1.1" 200 12316 luxembourgauction.com "-" "Mozilla/5.0 (compatible; MJ12bot/v1.4.8; http://mj12bot.com/)" "-"
216.73.216.0 - - [19/Jan/2026:00:07:39 +0100] "GET /detail/hairbird/1419251994?fileloc=%2Fhomepages%2F38%2Fd934194269%2Fhtdocs%2Fclickandbuilds%2Fluxembourgauction%2Fwp-admin%2Fjs%2Fset-post-thumbnail.js&path=%2Fhomepages%2F38%2Fd934194269%2Fhtdocs%2Fclickandbuilds%2Fluxembourgauction%2Fwp-admin%2Fjs HTTP/1.1" 429 227 luxembourgauction.com "-" "Mozilla/5.0 AppleWebKit/537.36 (KHTML, like Gecko; compatible; ClaudeBot/1.0; +claudebot@anthropic.com)" "-"
2a03:2880:f800:: - - [19/Jan/2026:00:07:39 +0100] "GET /detail/fiendly/1538791329?path=/homepages/38/d934194269/htdocs/clickandbuilds/luxembourgauction/.opcache HTTP/1.1" 200 17929 luxembourgauction.com "-" "meta-externalagent/1.1 (+https://developers.facebook.com/docs/sharing/webmasters/crawler)" "-"
2a03:2880:f800:: - - [19/Jan/2026:00:07:39 +0100] "GET /detail/inversely/1733084243?fileloc=/homepages/38/d934194269/htdocs/clickandbuilds/luxembourgauction/wp-trackback.php&path=/homepages/38/d934194269/htdocs/clickandbuilds/luxembourgauction HTTP/1.1" 200 18602 luxembourgauction.com "-" "meta-externalagent/1.1 (+https://developers.facebook.com/docs/sharing/webmasters/crawler)" "-"
74.7.227.0 - - [19/Jan/2026:00:07:39 +0100] "GET /?path=//kunden/kunden/kunden/kunden/kunden/kunden/kunden/proc/thread-self/root/kunden/kunden/kunden/proc/thread-self/root/kunden/proc/thread-self/root/kunden/lib/locale/fr_BE@euro/LC_MESSAGES HTTP/1.1" 200 17749 luxembourgauction.com "http://luxembourgauction.com/?path=//kunden/kunden/kunden/kunden/kunden/kunden/kunden/proc/thread-self/root/kunden/kunden/kunden/proc/thread-self/root/kunden/proc/thread-self/root/kunden/lib/locale/fr_BE@euro" "Mozilla/5.0 AppleWebKit/537.36 (KHTML, like Gecko; compatible; GPTBot/1.3; +https://openai.com/gptbot)" "-"
54.144.185.0 - - [19/Jan/2026:00:07:40 +0100] "GET /n?path=/homepages/38/d935517648/managed HTTP/1.1" 200 12769 luxembourgauction.com "-" "Mozilla/5.0 AppleWebKit/537.36 (KHTML, like Gecko; compatible; Amazonbot/0.1; +https://developer.amazon.com/support/amazonbot) Chrome/119.0.6045.214 Safari/537.36" "-"
2001:41d0:300:: - - [19/Jan/2026:00:07:42 +0100] "GET /?fileloc=/homepages/22/d930160290/htpasswd&path=/homepages/22/d930160290 HTTP/1.1" 200 12312 luxembourgauction.com "-" "Mozilla/5.0 (compatible; MJ12bot/v1.4.8; http://mj12bot.com/)" "-"
74.7.227.0 - - [19/Jan/2026:00:07:42 +0100] "GET /?path=//kunden/kunden/kunden/kunden/kunden/kunden/kunden/proc/thread-self/root/kunden/kunden/kunden/proc/thread-self/root/kunden/proc/thread-self/root/usr/lib/locale/lo_LA/LC_MESSAGES HTTP/1.1" 200 17684 luxembourgauction.com "http://luxembourgauction.com/?path=//kunden/kunden/kunden/kunden/kunden/kunden/kunden/proc/thread-self/root/kunden/kunden/kunden/proc/thread-self/root/kunden/proc/thread-self/root/usr/lib/locale/lo_LA" "Mozilla/5.0 AppleWebKit/537.36 (KHTML, like Gecko; compatible; GPTBot/1.3; +https://openai.com/gptbot)" "-"
2a03:2880:f800:: - - [19/Jan/2026:00:07:42 +0100] "GET /detail/ganger/1545057988?fileloc=/homepages/38/d934194269/htdocs/clickandbuilds/luxembourgauction/index.php&path=/homepages/38/d934194269/htdocs/clickandbuilds/luxembourgauction HTTP/1.1" 200 35438 luxembourgauction.com "-" "meta-externalagent/1.1 (+https://developers.facebook.com/docs/sharing/webmasters/crawler)" "-"
216.73.216.0 - - [19/Jan/2026:00:07:44 +0100] "GET /detail/sciagraph/2656952125?fileloc=%2Fhomepages%2F38%2Fd934194269%2Fhtdocs%2Fclickandbuilds%2Fluxembourgauction%2Fwp-trackback.php&path=%2Fhomepages%2F38%2Fd934194269%2Fhtdocs%2Fclickandbuilds%2Fluxembourgauction HTTP/1.1" 429 227 luxembourgauction.com "-" "Mozilla/5.0 AppleWebKit/537.36 (KHTML, like Gecko; compatible; ClaudeBot/1.0; +claudebot@anthropic.com)" "-"
54.89.90.0 - - [19/Jan/2026:00:07:44 +0100] "GET /n?path=/homepages/37/d935232216 HTTP/1.1" 200 25502 luxembourgauction.com "-" "Mozilla/5.0 AppleWebKit/537.36 (KHTML, like Gecko; compatible; Amazonbot/0.1; +https://developer.amazon.com/support/amazonbot) Chrome/119.0.6045.214 Safari/537.36" "-"
74.7.227.0 - - [19/Jan/2026:00:07:45 +0100] "GET /?path=//kunden/kunden/kunden/kunden/kunden/kunden/kunden/proc/thread-self/root/kunden/kunden/kunden/proc/thread-self/root/kunden/proc/thread-self/root/lib/locale/es_US/LC_MESSAGES HTTP/1.1" 200 17479 luxembourgauction.com "http://luxembourgauction.com/?path=//kunden/kunden/kunden/kunden/kunden/kunden/kunden/proc/thread-self/root/kunden/kunden/kunden/proc/thread-self/root/kunden/proc/thread-self/root/lib/locale/es_US" "Mozilla/5.0 AppleWebKit/537.36 (KHTML, like Gecko; compatible; GPTBot/1.3; +https://openai.com/gptbot)" "-"
2001:41d0:300:: - - [19/Jan/2026:00:07:46 +0100] "GET /?fileloc=/homepages/22/d930160290/last_traffic&path=/homepages/22/d930160290 HTTP/1.1" 200 12316 luxembourgauction.com "-" "Mozilla/5.0 (compatible; MJ12bot/v1.4.8; http://mj12bot.com/)" "-"
