44.223.116.0 - - [19/Jan/2026:00:58:24 +0100] "GET /product/palette-on-perfection-primer-art-auction-event/?fileloc=//bin/c99&path=//bin HTTP/1.1" 200 12675 luxembourgauction.com "-" "Mozilla/5.0 AppleWebKit/537.36 (KHTML, like Gecko; compatible; Amazonbot/0.1; +https://developer.amazon.com/support/amazonbot) Chrome/119.0.6045.214 Safari/537.36" "-"
216.73.216.0 - - [19/Jan/2026:00:58:26 +0100] "GET /detail/arteria/3495949275?fileloc=%2Fhomepages%2F38%2Fd934194269%2Fhtdocs%2Fclickandbuilds%2Fluxembourgauction%2Fwp-admin%2Foptions-head.php&path=%2Fhomepages%2F38%2Fd934194269%2Fhtdocs%2Fclickandbuilds%2Fluxembourgauction%2Fwp-admin HTTP/1.1" 200 13468 luxembourgauction.com "-" "Mozilla/5.0 AppleWebKit/537.36 (KHTML, like Gecko; compatible; ClaudeBot/1.0; +claudebot@anthropic.com)" "-"
2a03:2880:f800:: - - [19/Jan/2026:00:58:26 +0100] "GET /detail/paterero/1021488237?fileloc=/homepages/38/d934194269/htdocs/clickandbuilds/luxembourgauction/wp-load.php&path=/homepages/38/d934194269/htdocs/clickandbuilds/luxembourgauction HTTP/1.1" 200 17313 luxembourgauction.com "-" "meta-externalagent/1.1 (+https://developers.facebook.com/docs/sharing/webmasters/crawler)" "-"
74.7.227.0 - - [19/Jan/2026:00:58:27 +0100] "GET /?path=//kunden/kunden/kunden/kunden/kunden/kunden/kunden/proc/thread-self/root/kunden/kunden/kunden/proc/thread-self/root/kunden/kunden/run/lock HTTP/1.1" 200 14631 luxembourgauction.com "http://luxembourgauction.com/?path=//kunden/kunden/kunden/kunden/kunden/kunden/kunden/proc/thread-self/root/kunden/kunden/kunden/proc/thread-self/root/kunden/kunden/run" "Mozilla/5.0 AppleWebKit/537.36 (KHTML, like Gecko; compatible; GPTBot/1.3; +https://openai.com/gptbot)" "-"
34.205.170.0 - - [19/Jan/2026:00:58:28 +0100] "GET /n?fileloc=//bin/pydoc3&path=//bin HTTP/1.1" 200 12275 luxembourgauction.com "-" "Mozilla/5.0 AppleWebKit/537.36 (KHTML, like Gecko; compatible; Amazonbot/0.1; +https://developer.amazon.com/support/amazonbot) Chrome/119.0.6045.214 Safari/537.36" "-"
2a03:2880:f800:: - - [19/Jan/2026:00:58:29 +0100] "GET /detail/syllidian/977986155?fileloc=/homepages/38/d934194269/htdocs/clickandbuilds/luxembourgauction/wp-activate.php&path=/homepages/38/d934194269/htdocs/clickandbuilds/luxembourgauction HTTP/1.1" 200 21627 luxembourgauction.com "-" "meta-externalagent/1.1 (+https://developers.facebook.com/docs/sharing/webmasters/crawler)" "-"
216.73.216.0 - - [19/Jan/2026:00:58:29 +0100] "GET /detail/arteria/3495949275?fileloc=%2Fhomepages%2F38%2Fd934194269%2Fhtdocs%2Fclickandbuilds%2Fluxembourgauction%2Fwp-admin%2Fms-sites.php&path=%2Fhomepages%2F38%2Fd934194269%2Fhtdocs%2Fclickandbuilds%2Fluxembourgauction%2Fwp-admin HTTP/1.1" 200 12950 luxembourgauction.com "-" "Mozilla/5.0 AppleWebKit/537.36 (KHTML, like Gecko; compatible; ClaudeBot/1.0; +claudebot@anthropic.com)" "-"
74.7.227.0 - - [19/Jan/2026:00:58:30 +0100] "GET /?path=//kunden/kunden/kunden/kunden/kunden/kunden/kunden/proc/thread-self/root/kunden/kunden/kunden/proc/thread-self/root/kunden/kunden/etc/perl HTTP/1.1" 200 17989 luxembourgauction.com "http://luxembourgauction.com/?path=//kunden/kunden/kunden/kunden/kunden/kunden/kunden/proc/thread-self/root/kunden/kunden/kunden/proc/thread-self/root/kunden/kunden/etc" "Mozilla/5.0 AppleWebKit/537.36 (KHTML, like Gecko; compatible; GPTBot/1.3; +https://openai.com/gptbot)" "-"
192.121.134.0 - - [19/Jan/2026:00:58:31 +0100] "GET / HTTP/1.1" 200 59651 luxembourgauction.com "-" "Mozilla/5.0 (Windows NT 10.0; Win64; x64) AppleWebKit/537.36 (KHTML, like Gecko) Chrome/122.0.0.0 Safari/537.3" "-"
216.73.216.0 - - [19/Jan/2026:00:58:32 +0100] "GET /detail/arteria/3495949275?fileloc=%2Fhomepages%2F38%2Fd934194269%2Fhtdocs%2Fclickandbuilds%2Fluxembourgauction%2Fwp-admin%2Fms-upgrade-network.php&path=%2Fhomepages%2F38%2Fd934194269%2Fhtdocs%2Fclickandbuilds%2Fluxembourgauction%2Fwp-admin HTTP/1.1" 200 12964 luxembourgauction.com "-" "Mozilla/5.0 AppleWebKit/537.36 (KHTML, like Gecko; compatible; ClaudeBot/1.0; +claudebot@anthropic.com)" "-"
2a03:2880:f800:: - - [19/Jan/2026:00:58:33 +0100] "GET /detail/webfingered/97450466?fileloc=/homepages/38/d934194269/htdocs/clickandbuilds/luxembourgauction/robots.txt&path=/homepages/38/d934194269/htdocs/clickandbuilds/luxembourgauction HTTP/1.1" 200 12685 luxembourgauction.com "-" "meta-externalagent/1.1 (+https://developers.facebook.com/docs/sharing/webmasters/crawler)" "-"
44.193.102.0 - - [19/Jan/2026:00:58:33 +0100] "GET /product/palette-on-perfection-primer-art-auction-event/?fileloc=//bin/ppmmake&path=//bin HTTP/1.1" 200 27577 luxembourgauction.com "-" "Mozilla/5.0 AppleWebKit/537.36 (KHTML, like Gecko; compatible; Amazonbot/0.1; +https://developer.amazon.com/support/amazonbot) Chrome/119.0.6045.214 Safari/537.36" "-"
74.7.227.0 - - [19/Jan/2026:00:58:33 +0100] "GET /?path=//kunden/kunden/kunden/kunden/kunden/kunden/kunden/proc/thread-self/root/kunden/kunden/kunden/proc/thread-self/root/kunden/kunden/etc/skel HTTP/1.1" 200 22295 luxembourgauction.com "http://luxembourgauction.com/?path=//kunden/kunden/kunden/kunden/kunden/kunden/kunden/proc/thread-self/root/kunden/kunden/kunden/proc/thread-self/root/kunden/kunden/etc" "Mozilla/5.0 AppleWebKit/537.36 (KHTML, like Gecko; compatible; GPTBot/1.3; +https://openai.com/gptbot)" "-"
216.73.216.0 - - [19/Jan/2026:00:58:35 +0100] "GET /detail/arteria/3495949275?fileloc=%2Fhomepages%2F38%2Fd934194269%2Fhtdocs%2Fclickandbuilds%2Fluxembourgauction%2Fwp-admin%2Fabout.php&path=%2Fhomepages%2F38%2Fd934194269%2Fhtdocs%2Fclickandbuilds%2Fluxembourgauction%2Fwp-admin HTTP/1.1" 200 37291 luxembourgauction.com "-" "Mozilla/5.0 AppleWebKit/537.36 (KHTML, like Gecko; compatible; ClaudeBot/1.0; +claudebot@anthropic.com)" "-"
2a03:2880:f800:: - - [19/Jan/2026:00:58:36 +0100] "GET /detail/estreated/1241189375?fileloc=/homepages/38/d934194269/htdocs/clickandbuilds/luxembourgauction/wp-mail.php&path=/homepages/38/d934194269/htdocs/clickandbuilds/luxembourgauction HTTP/1.1" 200 22496 luxembourgauction.com "-" "meta-externalagent/1.1 (+https://developers.facebook.com/docs/sharing/webmasters/crawler)" "-"
34.193.2.0 - - [19/Jan/2026:00:58:36 +0100] "GET /product/nexus-drives-connecting-you-to-the-future/?path=//etc/libpaper.d HTTP/1.1" 200 12652 luxembourgauction.com "-" "Mozilla/5.0 AppleWebKit/537.36 (KHTML, like Gecko; compatible; Amazonbot/0.1; +https://developer.amazon.com/support/amazonbot) Chrome/119.0.6045.214 Safari/537.36" "-"
74.7.227.0 - - [19/Jan/2026:00:58:37 +0100] "GET /?path=//kunden/kunden/kunden/kunden/kunden/kunden/kunden/proc/thread-self/root/kunden/kunden/kunden/proc/thread-self/root/kunden/kunden/var/cron HTTP/1.1" 200 14631 luxembourgauction.com "http://luxembourgauction.com/?path=//kunden/kunden/kunden/kunden/kunden/kunden/kunden/proc/thread-self/root/kunden/kunden/kunden/proc/thread-self/root/kunden/kunden/var" "Mozilla/5.0 AppleWebKit/537.36 (KHTML, like Gecko; compatible; GPTBot/1.3; +https://openai.com/gptbot)" "-"
216.73.216.0 - - [19/Jan/2026:00:58:38 +0100] "GET /detail/arteria/3495949275?fileloc=%2Fhomepages%2F38%2Fd934194269%2Fhtdocs%2Fclickandbuilds%2Fluxembourgauction%2Fwp-admin%2Foptions-reading.php&path=%2Fhomepages%2F38%2Fd934194269%2Fhtdocs%2Fclickandbuilds%2Fluxembourgauction%2Fwp-admin HTTP/1.1" 200 26665 luxembourgauction.com "-" "Mozilla/5.0 AppleWebKit/537.36 (KHTML, like Gecko; compatible; ClaudeBot/1.0; +claudebot@anthropic.com)" "-"
2a03:2880:f800:: - - [19/Jan/2026:00:58:39 +0100] "GET /detail/clergyman/3404100089?fileloc=/homepages/38/d934194269/htdocs/clickandbuilds/luxembourgauction/wp-login.php&path=/homepages/38/d934194269/htdocs/clickandbuilds/luxembourgauction HTTP/1.1" 200 75113 luxembourgauction.com "-" "meta-externalagent/1.1 (+https://developers.facebook.com/docs/sharing/webmasters/crawler)" "-"
74.7.227.0 - - [19/Jan/2026:00:58:40 +0100] "GET /?path=//kunden/kunden/kunden/kunden/kunden/kunden/kunden/proc/thread-self/root/kunden/kunden/kunden/proc/thread-self/root/kunden/kunden/etc/opt HTTP/1.1" 200 14629 luxembourgauction.com "http://luxembourgauction.com/?path=//kunden/kunden/kunden/kunden/kunden/kunden/kunden/proc/thread-self/root/kunden/kunden/kunden/proc/thread-self/root/kunden/kunden/etc" "Mozilla/5.0 AppleWebKit/537.36 (KHTML, like Gecko; compatible; GPTBot/1.3; +https://openai.com/gptbot)" "-"
18.213.102.0 - - [19/Jan/2026:00:58:40 +0100] "GET /n?fileloc=//bin/stream-im6&path=//bin HTTP/1.1" 200 27475 luxembourgauction.com "-" "Mozilla/5.0 AppleWebKit/537.36 (KHTML, like Gecko; compatible; Amazonbot/0.1; +https://developer.amazon.com/support/amazonbot) Chrome/119.0.6045.214 Safari/537.36" "-"
216.73.216.0 - - [19/Jan/2026:00:58:41 +0100] "GET /detail/arteria/3495949275?fileloc=%2Fhomepages%2F38%2Fd934194269%2Fhtdocs%2Fclickandbuilds%2Fluxembourgauction%2Fwp-admin%2Findex.php&path=%2Fhomepages%2F38%2Fd934194269%2Fhtdocs%2Fclickandbuilds%2Fluxembourgauction%2Fwp-admin HTTP/1.1" 200 22590 luxembourgauction.com "-" "Mozilla/5.0 AppleWebKit/537.36 (KHTML, like Gecko; compatible; ClaudeBot/1.0; +claudebot@anthropic.com)" "-"
2a03:2880:f800:: - - [19/Jan/2026:00:58:42 +0100] "GET /detail/tentacular/3461043814 HTTP/1.1" 200 59651 luxembourgauction.com "-" "meta-externalagent/1.1 (+https://developers.facebook.com/docs/sharing/webmasters/crawler)" "-"
74.7.227.0 - - [19/Jan/2026:00:58:43 +0100] "GET /?path=//kunden/kunden/kunden/kunden/kunden/kunden/kunden/proc/thread-self/root/kunden/kunden/kunden/proc/thread-self/root/kunden/kunden/var/run/lock HTTP/1.1" 200 14797 luxembourgauction.com "http://luxembourgauction.com/?path=//kunden/kunden/kunden/kunden/kunden/kunden/kunden/proc/thread-self/root/kunden/kunden/kunden/proc/thread-self/root/kunden/kunden/var/run" "Mozilla/5.0 AppleWebKit/537.36 (KHTML, like Gecko; compatible; GPTBot/1.3; +https://openai.com/gptbot)" "-"
52.3.104.0 - - [19/Jan/2026:00:58:44 +0100] "GET /n?fileloc=//bin/sensible-editor&path=//bin HTTP/1.1" 200 13859 luxembourgauction.com "-" "Mozilla/5.0 AppleWebKit/537.36 (KHTML, like Gecko; compatible; Amazonbot/0.1; +https://developer.amazon.com/support/amazonbot) Chrome/119.0.6045.214 Safari/537.36" "-"
216.73.216.0 - - [19/Jan/2026:00:58:44 +0100] "GET /detail/arteria/3495949275?fileloc=%2Fhomepages%2F38%2Fd934194269%2Fhtdocs%2Fclickandbuilds%2Fluxembourgauction%2Fwp-admin%2Foptions-general.php&path=%2Fhomepages%2F38%2Fd934194269%2Fhtdocs%2Fclickandbuilds%2Fluxembourgauction%2Fwp-admin HTTP/1.1" 200 41811 luxembourgauction.com "-" "Mozilla/5.0 AppleWebKit/537.36 (KHTML, like Gecko; compatible; ClaudeBot/1.0; +claudebot@anthropic.com)" "-"
2a03:2880:f800:: - - [19/Jan/2026:00:58:46 +0100] "GET /detail/nethermost/2219604059?fileloc=/homepages/38/d934194269/htdocs/clickandbuilds/luxembourgauction/wp-signup.php&path=/homepages/38/d934194269/htdocs/clickandbuilds/luxembourgauction HTTP/1.1" 200 54129 luxembourgauction.com "-" "meta-externalagent/1.1 (+https://developers.facebook.com/docs/sharing/webmasters/crawler)" "-"
74.7.227.0 - - [19/Jan/2026:00:58:46 +0100] "GET /?path=//kunden/kunden/kunden/kunden/kunden/kunden/kunden/proc/thread-self/root/kunden/kunden/kunden/proc/thread-self/root/kunden/kunden/etc/ssl/private HTTP/1.1" 200 14803 luxembourgauction.com "http://luxembourgauction.com/?path=//kunden/kunden/kunden/kunden/kunden/kunden/kunden/proc/thread-self/root/kunden/kunden/kunden/proc/thread-self/root/kunden/kunden/etc/ssl" "Mozilla/5.0 AppleWebKit/537.36 (KHTML, like Gecko; compatible; GPTBot/1.3; +https://openai.com/gptbot)" "-"
216.73.216.0 - - [19/Jan/2026:00:58:47 +0100] "GET /detail/arteria/3495949275?fileloc=%2Fhomepages%2F38%2Fd934194269%2Fhtdocs%2Fclickandbuilds%2Fluxembourgauction%2Fwp-admin%2Fmoderation.php&path=%2Fhomepages%2F38%2Fd934194269%2Fhtdocs%2Fclickandbuilds%2Fluxembourgauction%2Fwp-admin HTTP/1.1" 200 13044 luxembourgauction.com "-" "Mozilla/5.0 AppleWebKit/537.36 (KHTML, like Gecko; compatible; ClaudeBot/1.0; +claudebot@anthropic.com)" "-"
52.54.95.0 - - [19/Jan/2026:00:58:48 +0100] "GET /n?fileloc=//bin/pamcut&path=//bin HTTP/1.1" 200 34276 luxembourgauction.com "-" "Mozilla/5.0 AppleWebKit/537.36 (KHTML, like Gecko; compatible; Amazonbot/0.1; +https://developer.amazon.com/support/amazonbot) Chrome/119.0.6045.214 Safari/537.36" "-"
74.7.227.0 - - [19/Jan/2026:00:58:49 +0100] "GET /?path=//kunden/kunden/kunden/kunden/kunden/kunden/kunden/proc/thread-self/root/kunden/kunden/kunden/proc/thread-self/root/kunden/kunden/usr/include HTTP/1.1" 200 297773 luxembourgauction.com "http://luxembourgauction.com/?path=//kunden/kunden/kunden/kunden/kunden/kunden/kunden/proc/thread-self/root/kunden/kunden/kunden/proc/thread-self/root/kunden/kunden/usr" "Mozilla/5.0 AppleWebKit/537.36 (KHTML, like Gecko; compatible; GPTBot/1.3; +https://openai.com/gptbot)" "-"
2a03:2880:f800:: - - [19/Jan/2026:00:58:50 +0100] "GET /detail/lovesong/4271700461?fileloc=/homepages/38/d934194269/htdocs/clickandbuilds/luxembourgauction/wp-trackback.php&path=/homepages/38/d934194269/htdocs/clickandbuilds/luxembourgauction HTTP/1.1" 200 18602 luxembourgauction.com "-" "meta-externalagent/1.1 (+https://developers.facebook.com/docs/sharing/webmasters/crawler)" "-"
216.73.216.0 - - [19/Jan/2026:00:58:50 +0100] "GET /detail/arteria/3495949275?fileloc=%2Fhomepages%2F38%2Fd934194269%2Fhtdocs%2Fclickandbuilds%2Fluxembourgauction%2Fwp-admin%2Frevision.php&path=%2Fhomepages%2F38%2Fd934194269%2Fhtdocs%2Fclickandbuilds%2Fluxembourgauction%2Fwp-admin HTTP/1.1" 200 19843 luxembourgauction.com "-" "Mozilla/5.0 AppleWebKit/537.36 (KHTML, like Gecko; compatible; ClaudeBot/1.0; +claudebot@anthropic.com)" "-"
54.83.56.0 - - [19/Jan/2026:00:58:52 +0100] "GET /product/palette-on-perfection-primer-art-auction-event/?fileloc=//bin/zgrep&path=//bin HTTP/1.1" 200 21850 luxembourgauction.com "-" "Mozilla/5.0 AppleWebKit/537.36 (KHTML, like Gecko; compatible; Amazonbot/0.1; +https://developer.amazon.com/support/amazonbot) Chrome/119.0.6045.214 Safari/537.36" "-"
74.7.227.0 - - [19/Jan/2026:00:58:52 +0100] "GET /?path=//kunden/kunden/kunden/kunden/kunden/kunden/kunden/proc/thread-self/root/kunden/kunden/kunden/proc/thread-self/root/kunden/kunden/kunden/bin HTTP/1.1" 200 2467255 luxembourgauction.com "http://luxembourgauction.com/?path=//kunden/kunden/kunden/kunden/kunden/kunden/kunden/proc/thread-self/root/kunden/kunden/kunden/proc/thread-self/root/kunden/kunden/kunden" "Mozilla/5.0 AppleWebKit/537.36 (KHTML, like Gecko; compatible; GPTBot/1.3; +https://openai.com/gptbot)" "-"
2a03:2880:f800:: - - [19/Jan/2026:00:58:53 +0100] "GET /detail/beneficence/1437977751?fileloc=/homepages/38/d934194269/htdocs/clickandbuilds/luxembourgauction/robots.txt&path=/homepages/38/d934194269/htdocs/clickandbuilds/luxembourgauction HTTP/1.1" 200 12685 luxembourgauction.com "-" "meta-externalagent/1.1 (+https://developers.facebook.com/docs/sharing/webmasters/crawler)" "-"
216.73.216.0 - - [19/Jan/2026:00:58:53 +0100] "GET /detail/arteria/3495949275?fileloc=%2Fhomepages%2F38%2Fd934194269%2Fhtdocs%2Fclickandbuilds%2Fluxembourgauction%2Fwp-admin%2Fpost.php&path=%2Fhomepages%2F38%2Fd934194269%2Fhtdocs%2Fclickandbuilds%2Fluxembourgauction%2Fwp-admin HTTP/1.1" 200 24534 luxembourgauction.com "-" "Mozilla/5.0 AppleWebKit/537.36 (KHTML, like Gecko; compatible; ClaudeBot/1.0; +claudebot@anthropic.com)" "-"
74.7.227.0 - - [19/Jan/2026:00:58:56 +0100] "GET /?path=//kunden/kunden/kunden/kunden/kunden/kunden/kunden/proc/thread-self/root/kunden/kunden/kunden/proc/thread-self/root/kunden/kunden/kunden/usr HTTP/1.1" 200 34946 luxembourgauction.com "http://luxembourgauction.com/?path=//kunden/kunden/kunden/kunden/kunden/kunden/kunden/proc/thread-self/root/kunden/kunden/kunden/proc/thread-self/root/kunden/kunden/kunden" "Mozilla/5.0 AppleWebKit/537.36 (KHTML, like Gecko; compatible; GPTBot/1.3; +https://openai.com/gptbot)" "-"
2a03:2880:f800:: - - [19/Jan/2026:00:58:56 +0100] "GET /detail/rejuvenize/3664170775?fileloc=/homepages/38/d934194269/htdocs/clickandbuilds/luxembourgauction/index.php&path=/homepages/38/d934194269/htdocs/clickandbuilds/luxembourgauction HTTP/1.1" 200 35439 luxembourgauction.com "-" "meta-externalagent/1.1 (+https://developers.facebook.com/docs/sharing/webmasters/crawler)" "-"
216.73.216.0 - - [19/Jan/2026:00:58:56 +0100] "GET /detail/arteria/3495949275?fileloc=%2Fhomepages%2F38%2Fd934194269%2Fhtdocs%2Fclickandbuilds%2Fluxembourgauction%2Fwp-admin%2Fpress-this.php&path=%2Fhomepages%2F38%2Fd934194269%2Fhtdocs%2Fclickandbuilds%2Fluxembourgauction%2Fwp-admin HTTP/1.1" 200 15632 luxembourgauction.com "-" "Mozilla/5.0 AppleWebKit/537.36 (KHTML, like Gecko; compatible; ClaudeBot/1.0; +claudebot@anthropic.com)" "-"
3.93.98.0 - - [19/Jan/2026:00:58:56 +0100] "GET /n?fileloc=//bin/svnadmin&path=//bin HTTP/1.1" 200 173600 luxembourgauction.com "-" "Mozilla/5.0 AppleWebKit/537.36 (KHTML, like Gecko; compatible; Amazonbot/0.1; +https://developer.amazon.com/support/amazonbot) Chrome/119.0.6045.214 Safari/537.36" "-"
2a03:2880:f800:: - - [19/Jan/2026:00:58:59 +0100] "GET /detail/kicker/3191109150?fileloc=/homepages/38/d934194269/htdocs/clickandbuilds/luxembourgauction/wp-config.php&path=/homepages/38/d934194269/htdocs/clickandbuilds/luxembourgauction HTTP/1.1" 503 299 luxembourgauction.com "-" "meta-externalagent/1.1 (+https://developers.facebook.com/docs/sharing/webmasters/crawler)" "-"
74.7.227.0 - - [19/Jan/2026:00:58:59 +0100] "GET /?path=//kunden/kunden/kunden/kunden/kunden/kunden/kunden/proc/thread-self/root/kunden/kunden/kunden/proc/thread-self/root/kunden/kunden/proc/fs/nfsd HTTP/1.1" 200 14798 luxembourgauction.com "http://luxembourgauction.com/?path=//kunden/kunden/kunden/kunden/kunden/kunden/kunden/proc/thread-self/root/kunden/kunden/kunden/proc/thread-self/root/kunden/kunden/proc/fs" "Mozilla/5.0 AppleWebKit/537.36 (KHTML, like Gecko; compatible; GPTBot/1.3; +https://openai.com/gptbot)" "-"
216.73.216.0 - - [19/Jan/2026:00:58:59 +0100] "GET /detail/arteria/3495949275?fileloc=%2Fhomepages%2F38%2Fd934194269%2Fhtdocs%2Fclickandbuilds%2Fluxembourgauction%2Fwp-admin%2Finstall-helper.php&path=%2Fhomepages%2F38%2Fd934194269%2Fhtdocs%2Fclickandbuilds%2Fluxembourgauction%2Fwp-admin HTTP/1.1" 200 20088 luxembourgauction.com "-" "Mozilla/5.0 AppleWebKit/537.36 (KHTML, like Gecko; compatible; ClaudeBot/1.0; +claudebot@anthropic.com)" "-"
54.156.248.0 - - [19/Jan/2026:00:59:00 +0100] "GET /n?fileloc=//bin/pgrep&path=//bin HTTP/1.1" 200 52119 luxembourgauction.com "-" "Mozilla/5.0 AppleWebKit/537.36 (KHTML, like Gecko; compatible; Amazonbot/0.1; +https://developer.amazon.com/support/amazonbot) Chrome/119.0.6045.214 Safari/537.36" "-"
74.7.227.0 - - [19/Jan/2026:00:59:02 +0100] "GET /?path=//kunden/kunden/kunden/kunden/kunden/kunden/kunden/proc/thread-self/root/kunden/kunden/kunden/proc/thread-self/root/kunden/kunden/kunden/mnt HTTP/1.1" 200 18020 luxembourgauction.com "http://luxembourgauction.com/?path=//kunden/kunden/kunden/kunden/kunden/kunden/kunden/proc/thread-self/root/kunden/kunden/kunden/proc/thread-self/root/kunden/kunden/kunden" "Mozilla/5.0 AppleWebKit/537.36 (KHTML, like Gecko; compatible; GPTBot/1.3; +https://openai.com/gptbot)" "-"
216.73.216.0 - - [19/Jan/2026:00:59:02 +0100] "GET /detail/arteria/3495949275?fileloc=%2Fhomepages%2F38%2Fd934194269%2Fhtdocs%2Fclickandbuilds%2Fluxembourgauction%2Fwp-admin%2Fcustom-background.php&path=%2Fhomepages%2F38%2Fd934194269%2Fhtdocs%2Fclickandbuilds%2Fluxembourgauction%2Fwp-admin HTTP/1.1" 200 13278 luxembourgauction.com "-" "Mozilla/5.0 AppleWebKit/537.36 (KHTML, like Gecko; compatible; ClaudeBot/1.0; +claudebot@anthropic.com)" "-"
2a03:2880:f800:: - - [19/Jan/2026:00:59:03 +0100] "GET /detail/pranker/173664643?fileloc=/homepages/38/d934194269/htdocs/clickandbuilds/luxembourgauction/wp-config-sample.php&path=/homepages/38/d934194269/htdocs/clickandbuilds/luxembourgauction HTTP/1.1" 200 16322 luxembourgauction.com "-" "meta-externalagent/1.1 (+https://developers.facebook.com/docs/sharing/webmasters/crawler)" "-"
2a03:2880:f800:: - - [19/Jan/2026:00:59:03 +0100] "GET /detail/collation/1949377636?fileloc=/homepages/38/d934194269/htdocs/clickandbuilds/luxembourgauction/wp-load.php&path=/homepages/38/d934194269/htdocs/clickandbuilds/luxembourgauction HTTP/1.1" 200 17313 luxembourgauction.com "-" "meta-externalagent/1.1 (+https://developers.facebook.com/docs/sharing/webmasters/crawler)" "-"
52.45.77.0 - - [19/Jan/2026:00:59:04 +0100] "GET /n?fileloc=//bin/rrdcreate&path=//bin HTTP/1.1" 200 257980 luxembourgauction.com "-" "Mozilla/5.0 AppleWebKit/537.36 (KHTML, like Gecko; compatible; Amazonbot/0.1; +https://developer.amazon.com/support/amazonbot) Chrome/119.0.6045.214 Safari/537.36" "-"
74.7.227.0 - - [19/Jan/2026:00:59:05 +0100] "GET /?path=//kunden/kunden/kunden/kunden/kunden/kunden/kunden/proc/thread-self/root/kunden/kunden/kunden/proc/thread-self/root/kunden/kunden/kunden/boot HTTP/1.1" 200 14640 luxembourgauction.com "http://luxembourgauction.com/?path=//kunden/kunden/kunden/kunden/kunden/kunden/kunden/proc/thread-self/root/kunden/kunden/kunden/proc/thread-self/root/kunden/kunden/kunden" "Mozilla/5.0 AppleWebKit/537.36 (KHTML, like Gecko; compatible; GPTBot/1.3; +https://openai.com/gptbot)" "-"
216.73.216.0 - - [19/Jan/2026:00:59:05 +0100] "GET /detail/arteria/3495949275?fileloc=%2Fhomepages%2F38%2Fd934194269%2Fhtdocs%2Fclickandbuilds%2Fluxembourgauction%2Fwp-admin%2Fload-styles.php&path=%2Fhomepages%2F38%2Fd934194269%2Fhtdocs%2Fclickandbuilds%2Fluxembourgauction%2Fwp-admin HTTP/1.1" 200 16323 luxembourgauction.com "-" "Mozilla/5.0 AppleWebKit/537.36 (KHTML, like Gecko; compatible; ClaudeBot/1.0; +claudebot@anthropic.com)" "-"
2a03:2880:f800:: - - [19/Jan/2026:00:59:07 +0100] "GET /detail/stylographically/3227123402 HTTP/1.1" 200 59651 luxembourgauction.com "-" "meta-externalagent/1.1 (+https://developers.facebook.com/docs/sharing/webmasters/crawler)" "-"
74.7.227.0 - - [19/Jan/2026:00:59:08 +0100] "GET /?path=//kunden/kunden/kunden/kunden/kunden/kunden/kunden/proc/thread-self/root/kunden/kunden/kunden/proc/thread-self/root/kunden/kunden/run/screen HTTP/1.1" 200 14635 luxembourgauction.com "http://luxembourgauction.com/?path=//kunden/kunden/kunden/kunden/kunden/kunden/kunden/proc/thread-self/root/kunden/kunden/kunden/proc/thread-self/root/kunden/kunden/run" "Mozilla/5.0 AppleWebKit/537.36 (KHTML, like Gecko; compatible; GPTBot/1.3; +https://openai.com/gptbot)" "-"
54.157.99.0 - - [19/Jan/2026:00:59:08 +0100] "GET /product/palette-on-perfection-primer-art-auction-event/?fileloc=//bin/sshpass&path=//bin HTTP/1.1" 200 34847 luxembourgauction.com "-" "Mozilla/5.0 AppleWebKit/537.36 (KHTML, like Gecko; compatible; Amazonbot/0.1; +https://developer.amazon.com/support/amazonbot) Chrome/119.0.6045.214 Safari/537.36" "-"
216.73.216.0 - - [19/Jan/2026:00:59:08 +0100] "GET /detail/arteria/3495949275?fileloc=%2Fhomepages%2F38%2Fd934194269%2Fhtdocs%2Fclickandbuilds%2Fluxembourgauction%2Fwp-admin%2Foptions.php&path=%2Fhomepages%2F38%2Fd934194269%2Fhtdocs%2Fclickandbuilds%2Fluxembourgauction%2Fwp-admin HTTP/1.1" 200 29833 luxembourgauction.com "-" "Mozilla/5.0 AppleWebKit/537.36 (KHTML, like Gecko; compatible; ClaudeBot/1.0; +claudebot@anthropic.com)" "-"
2a03:2880:f800:: - - [19/Jan/2026:00:59:10 +0100] "GET /detail/subjectivist/1923773225?fileloc=/homepages/38/d934194269/htdocs/clickandbuilds/luxembourgauction/wp-signup.php&path=/homepages/38/d934194269/htdocs/clickandbuilds/luxembourgauction HTTP/1.1" 200 54129 luxembourgauction.com "-" "meta-externalagent/1.1 (+https://developers.facebook.com/docs/sharing/webmasters/crawler)" "-"
74.7.227.0 - - [19/Jan/2026:00:59:11 +0100] "GET /?path=//kunden/kunden/kunden/kunden/kunden/kunden/kunden/proc/thread-self/root/kunden/kunden/kunden/proc/thread-self/root/kunden/kunden/kunden/root HTTP/1.1" 200 14640 luxembourgauction.com "http://luxembourgauction.com/?path=//kunden/kunden/kunden/kunden/kunden/kunden/kunden/proc/thread-self/root/kunden/kunden/kunden/proc/thread-self/root/kunden/kunden/kunden" "Mozilla/5.0 AppleWebKit/537.36 (KHTML, like Gecko; compatible; GPTBot/1.3; +https://openai.com/gptbot)" "-"
216.73.216.0 - - [19/Jan/2026:00:59:11 +0100] "GET /detail/arteria/3495949275?fileloc=%2Fhomepages%2F38%2Fd934194269%2Fhtdocs%2Fclickandbuilds%2Fluxembourgauction%2Fwp-admin%2Fadmin-ajax.php&path=%2Fhomepages%2F38%2Fd934194269%2Fhtdocs%2Fclickandbuilds%2Fluxembourgauction%2Fwp-admin HTTP/1.1" 200 19329 luxembourgauction.com "-" "Mozilla/5.0 AppleWebKit/537.36 (KHTML, like Gecko; compatible; ClaudeBot/1.0; +claudebot@anthropic.com)" "-"
23.23.103.0 - - [19/Jan/2026:00:59:12 +0100] "GET /n?fileloc=//bin/zeisstopnm&path=//bin HTTP/1.1" 200 28262 luxembourgauction.com "-" "Mozilla/5.0 AppleWebKit/537.36 (KHTML, like Gecko; compatible; Amazonbot/0.1; +https://developer.amazon.com/support/amazonbot) Chrome/119.0.6045.214 Safari/537.36" "-"
2a03:2880:f800:: - - [19/Jan/2026:00:59:14 +0100] "GET /detail/inanimated/1562897546?path=/homepages/38/d934194269/htdocs/clickandbuilds/luxembourgauction/.tmb HTTP/1.1" 200 16579 luxembourgauction.com "-" "meta-externalagent/1.1 (+https://developers.facebook.com/docs/sharing/webmasters/crawler)" "-"
74.7.227.0 - - [19/Jan/2026:00:59:14 +0100] "GET /?path=//kunden/kunden/kunden/kunden/kunden/kunden/kunden/proc/thread-self/root/kunden/kunden/kunden/proc/thread-self/root/kunden/kunden/etc/fonts HTTP/1.1" 200 19963 luxembourgauction.com "http://luxembourgauction.com/?path=//kunden/kunden/kunden/kunden/kunden/kunden/kunden/proc/thread-self/root/kunden/kunden/kunden/proc/thread-self/root/kunden/kunden/etc" "Mozilla/5.0 AppleWebKit/537.36 (KHTML, like Gecko; compatible; GPTBot/1.3; +https://openai.com/gptbot)" "-"
216.73.216.0 - - [19/Jan/2026:00:59:14 +0100] "GET /detail/arteria/3495949275?fileloc=%2Fhomepages%2F38%2Fd934194269%2Fhtdocs%2Fclickandbuilds%2Fluxembourgauction%2Fwp-admin%2Fprofile.php&path=%2Fhomepages%2F38%2Fd934194269%2Fhtdocs%2Fclickandbuilds%2Fluxembourgauction%2Fwp-admin HTTP/1.1" 200 13017 luxembourgauction.com "-" "Mozilla/5.0 AppleWebKit/537.36 (KHTML, like Gecko; compatible; ClaudeBot/1.0; +claudebot@anthropic.com)" "-"
98.82.38.0 - - [19/Jan/2026:00:59:16 +0100] "GET /n?fileloc=//bin/tjbench&path=//bin HTTP/1.1" 200 76555 luxembourgauction.com "-" "Mozilla/5.0 AppleWebKit/537.36 (KHTML, like Gecko; compatible; Amazonbot/0.1; +https://developer.amazon.com/support/amazonbot) Chrome/119.0.6045.214 Safari/537.36" "-"
216.73.216.0 - - [19/Jan/2026:00:59:17 +0100] "GET /detail/arteria/3495949275?fileloc=%2Fhomepages%2F38%2Fd934194269%2Fhtdocs%2Fclickandbuilds%2Fluxembourgauction%2Fwp-admin%2Fupgrade-functions.php&path=%2Fhomepages%2F38%2Fd934194269%2Fhtdocs%2Fclickandbuilds%2Fluxembourgauction%2Fwp-admin HTTP/1.1" 200 13095 luxembourgauction.com "-" "Mozilla/5.0 AppleWebKit/537.36 (KHTML, like Gecko; compatible; ClaudeBot/1.0; +claudebot@anthropic.com)" "-"
74.7.227.0 - - [19/Jan/2026:00:59:17 +0100] "GET /?path=//kunden/kunden/kunden/kunden/kunden/kunden/kunden/proc/thread-self/root/kunden/kunden/kunden/proc/thread-self/root/kunden/kunden/var/run/screen HTTP/1.1" 200 14801 luxembourgauction.com "http://luxembourgauction.com/?path=//kunden/kunden/kunden/kunden/kunden/kunden/kunden/proc/thread-self/root/kunden/kunden/kunden/proc/thread-self/root/kunden/kunden/var/run" "Mozilla/5.0 AppleWebKit/537.36 (KHTML, like Gecko; compatible; GPTBot/1.3; +https://openai.com/gptbot)" "-"
2a03:2880:f800:: - - [19/Jan/2026:00:59:17 +0100] "GET /detail/indebtment/2432192549?fileloc=/homepages/38/d934194269/htdocs/clickandbuilds/luxembourgauction/wp-signup.php&path=/homepages/38/d934194269/htdocs/clickandbuilds/luxembourgauction HTTP/1.1" 200 54129 luxembourgauction.com "-" "meta-externalagent/1.1 (+https://developers.facebook.com/docs/sharing/webmasters/crawler)" "-"
18.208.11.0 - - [19/Jan/2026:00:59:20 +0100] "GET /product/palette-on-perfection-primer-art-auction-event/?fileloc=//bin/pdf2ps&path=//bin HTTP/1.1" 200 13253 luxembourgauction.com "-" "Mozilla/5.0 AppleWebKit/537.36 (KHTML, like Gecko; compatible; Amazonbot/0.1; +https://developer.amazon.com/support/amazonbot) Chrome/119.0.6045.214 Safari/537.36" "-"
74.7.227.0 - - [19/Jan/2026:00:59:21 +0100] "GET /?path=//kunden/kunden/kunden/kunden/kunden/kunden/kunden/proc/thread-self/root/kunden/kunden/kunden/proc/thread-self/root/kunden/kunden/kunden/opt HTTP/1.1" 200 14638 luxembourgauction.com "http://luxembourgauction.com/?path=//kunden/kunden/kunden/kunden/kunden/kunden/kunden/proc/thread-self/root/kunden/kunden/kunden/proc/thread-self/root/kunden/kunden/kunden" "Mozilla/5.0 AppleWebKit/537.36 (KHTML, like Gecko; compatible; GPTBot/1.3; +https://openai.com/gptbot)" "-"
2a03:2880:f800:: - - [19/Jan/2026:00:59:21 +0100] "GET /detail/gallon/1427981114?path=/homepages/38/d934194269/htdocs/clickandbuilds/luxembourgauction/.opcache HTTP/1.1" 200 17929 luxembourgauction.com "-" "meta-externalagent/1.1 (+https://developers.facebook.com/docs/sharing/webmasters/crawler)" "-"
74.7.227.0 - - [19/Jan/2026:00:59:24 +0100] "GET /?fileloc=//kunden/kunden/kunden/kunden/kunden/kunden/kunden/proc/thread-self/root/kunden/kunden/kunden/proc/thread-self/root/kunden/kunden/usr/include/tgmath.h&path=//kunden/kunden/kunden/kunden/kunden/kunden/kunden/proc/thread-self/root/kunden/kunden/kunden/proc/thread-self/root/kunden/kunden/usr/include HTTP/1.1" 200 52092 luxembourgauction.com "http://luxembourgauction.com/?path=//kunden/kunden/kunden/kunden/kunden/kunden/kunden/proc/thread-self/root/kunden/kunden/kunden/proc/thread-self/root/kunden/kunden/usr/include" "Mozilla/5.0 AppleWebKit/537.36 (KHTML, like Gecko; compatible; GPTBot/1.3; +https://openai.com/gptbot)" "-"
3.93.211.0 - - [19/Jan/2026:00:59:24 +0100] "GET /n?fileloc=//bin/errno&path=//bin HTTP/1.1" 200 37302 luxembourgauction.com "-" "Mozilla/5.0 AppleWebKit/537.36 (KHTML, like Gecko; compatible; Amazonbot/0.1; +https://developer.amazon.com/support/amazonbot) Chrome/119.0.6045.214 Safari/537.36" "-"
2a03:2880:f800:: - - [19/Jan/2026:00:59:25 +0100] "GET /detail/prescuta/3951477731?fileloc=/homepages/38/d934194269/htdocs/clickandbuilds/luxembourgauction/gheym.php&path=/homepages/38/d934194269/htdocs/clickandbuilds/luxembourgauction HTTP/1.1" 200 45079 luxembourgauction.com "-" "meta-externalagent/1.1 (+https://developers.facebook.com/docs/sharing/webmasters/crawler)" "-"
74.7.227.0 - - [19/Jan/2026:00:59:27 +0100] "GET /?fileloc=//kunden/kunden/kunden/kunden/kunden/kunden/kunden/proc/thread-self/root/kunden/kunden/kunden/proc/thread-self/root/kunden/kunden/kunden/bin/perlthanks&path=//kunden/kunden/kunden/kunden/kunden/kunden/kunden/proc/thread-self/root/kunden/kunden/kunden/proc/thread-self/root/kunden/kunden/kunden/bin HTTP/1.1" 200 65006 luxembourgauction.com "http://luxembourgauction.com/?path=//kunden/kunden/kunden/kunden/kunden/kunden/kunden/proc/thread-self/root/kunden/kunden/kunden/proc/thread-self/root/kunden/kunden/kunden/bin" "Mozilla/5.0 AppleWebKit/537.36 (KHTML, like Gecko; compatible; GPTBot/1.3; +https://openai.com/gptbot)" "-"
54.91.122.0 - - [19/Jan/2026:00:59:28 +0100] "GET /product/palette-on-perfection-primer-art-auction-event/?fileloc=//bin/lzless&path=//bin HTTP/1.1" 200 14200 luxembourgauction.com "-" "Mozilla/5.0 AppleWebKit/537.36 (KHTML, like Gecko; compatible; Amazonbot/0.1; +https://developer.amazon.com/support/amazonbot) Chrome/119.0.6045.214 Safari/537.36" "-"
2a03:2880:f800:: - - [19/Jan/2026:00:59:29 +0100] "GET /detail/pottered/1227139042?fileloc=/homepages/38/d934194269/htdocs/clickandbuilds/luxembourgauction/txets.php&path=/homepages/38/d934194269/htdocs/clickandbuilds/luxembourgauction HTTP/1.1" 200 18203 luxembourgauction.com "-" "meta-externalagent/1.1 (+https://developers.facebook.com/docs/sharing/webmasters/crawler)" "-"
74.7.227.0 - - [19/Jan/2026:00:59:30 +0100] "GET /?fileloc=//kunden/kunden/kunden/kunden/kunden/kunden/kunden/proc/thread-self/root/kunden/kunden/kunden/proc/thread-self/root/kunden/kunden/kunden/bin/mariadb_config&path=//kunden/kunden/kunden/kunden/kunden/kunden/kunden/proc/thread-self/root/kunden/kunden/kunden/proc/thread-self/root/kunden/kunden/kunden/bin HTTP/1.1" 200 31411 luxembourgauction.com "http://luxembourgauction.com/?path=//kunden/kunden/kunden/kunden/kunden/kunden/kunden/proc/thread-self/root/kunden/kunden/kunden/proc/thread-self/root/kunden/kunden/kunden/bin" "Mozilla/5.0 AppleWebKit/537.36 (KHTML, like Gecko; compatible; GPTBot/1.3; +https://openai.com/gptbot)" "-"
2a03:2880:f800:: - - [19/Jan/2026:00:59:32 +0100] "GET /detail/bryozoa/993736728 HTTP/1.1" 200 59651 luxembourgauction.com "-" "meta-externalagent/1.1 (+https://developers.facebook.com/docs/sharing/webmasters/crawler)" "-"
44.218.6.0 - - [19/Jan/2026:00:59:32 +0100] "GET /product/palette-on-perfection-primer-art-auction-event/?fileloc=//bin/mariadb-optimize&path=//bin HTTP/1.1" 200 5026519 luxembourgauction.com "-" "Mozilla/5.0 AppleWebKit/537.36 (KHTML, like Gecko; compatible; Amazonbot/0.1; +https://developer.amazon.com/support/amazonbot) Chrome/119.0.6045.214 Safari/537.36" "-"
74.7.227.0 - - [19/Jan/2026:00:59:33 +0100] "GET /?fileloc=//kunden/kunden/kunden/kunden/kunden/kunden/kunden/proc/thread-self/root/kunden/kunden/kunden/proc/thread-self/root/kunden/kunden/kunden/bin/apropos&path=//kunden/kunden/kunden/kunden/kunden/kunden/kunden/proc/thread-self/root/kunden/kunden/kunden/proc/thread-self/root/kunden/kunden/kunden/bin HTTP/1.1" 200 86264 luxembourgauction.com "http://luxembourgauction.com/?path=//kunden/kunden/kunden/kunden/kunden/kunden/kunden/proc/thread-self/root/kunden/kunden/kunden/proc/thread-self/root/kunden/kunden/kunden/bin" "Mozilla/5.0 AppleWebKit/537.36 (KHTML, like Gecko; compatible; GPTBot/1.3; +https://openai.com/gptbot)" "-"
216.73.216.0 - - [19/Jan/2026:00:59:34 +0100] "GET /detail/arteria/3495949275?fileloc=%2Fhomepages%2F38%2Fd934194269%2Fhtdocs%2Fclickandbuilds%2Fluxembourgauction%2Fwp-admin%2Fpost-new.php&path=%2Fhomepages%2F38%2Fd934194269%2Fhtdocs%2Fclickandbuilds%2Fluxembourgauction%2Fwp-admin HTTP/1.1" 200 15855 luxembourgauction.com "-" "Mozilla/5.0 AppleWebKit/537.36 (KHTML, like Gecko; compatible; ClaudeBot/1.0; +claudebot@anthropic.com)" "-"
2a03:2880:f800:: - - [19/Jan/2026:00:59:35 +0100] "GET /detail/irremoval/1741658323?path=/homepages/38/d934194269/htdocs/clickandbuilds/luxembourgauction/.opcache HTTP/1.1" 200 17929 luxembourgauction.com "-" "meta-externalagent/1.1 (+https://developers.facebook.com/docs/sharing/webmasters/crawler)" "-"
74.7.227.0 - - [19/Jan/2026:00:59:36 +0100] "GET /?fileloc=//kunden/kunden/kunden/kunden/kunden/kunden/kunden/proc/thread-self/root/kunden/kunden/kunden/proc/thread-self/root/kunden/kunden/kunden/bin/rlog&path=//kunden/kunden/kunden/kunden/kunden/kunden/kunden/proc/thread-self/root/kunden/kunden/kunden/proc/thread-self/root/kunden/kunden/kunden/bin HTTP/1.1" 200 15213 luxembourgauction.com "http://luxembourgauction.com/?path=//kunden/kunden/kunden/kunden/kunden/kunden/kunden/proc/thread-self/root/kunden/kunden/kunden/proc/thread-self/root/kunden/kunden/kunden/bin" "Mozilla/5.0 AppleWebKit/537.36 (KHTML, like Gecko; compatible; GPTBot/1.3; +https://openai.com/gptbot)" "-"
3.221.222.0 - - [19/Jan/2026:00:59:36 +0100] "GET /product/palette-on-perfection-primer-art-auction-event/?fileloc=//bin/ppmshadow&path=//bin HTTP/1.1" 200 19605 luxembourgauction.com "-" "Mozilla/5.0 AppleWebKit/537.36 (KHTML, like Gecko; compatible; Amazonbot/0.1; +https://developer.amazon.com/support/amazonbot) Chrome/119.0.6045.214 Safari/537.36" "-"
216.73.216.0 - - [19/Jan/2026:00:59:37 +0100] "GET /detail/arteria/3495949275?fileloc=%2Fhomepages%2F38%2Fd934194269%2Fhtdocs%2Fclickandbuilds%2Fluxembourgauction%2Fwp-admin%2Fthemes.php&path=%2Fhomepages%2F38%2Fd934194269%2Fhtdocs%2Fclickandbuilds%2Fluxembourgauction%2Fwp-admin HTTP/1.1" 200 76267 luxembourgauction.com "-" "Mozilla/5.0 AppleWebKit/537.36 (KHTML, like Gecko; compatible; ClaudeBot/1.0; +claudebot@anthropic.com)" "-"
2a03:2880:f800:: - - [19/Jan/2026:00:59:39 +0100] "GET /detail/cocainization/744445900?fileloc=/homepages/38/d934194269/htdocs/clickandbuilds/luxembourgauction/wp-comments-post.php&path=/homepages/38/d934194269/htdocs/clickandbuilds/luxembourgauction HTTP/1.1" 200 15277 luxembourgauction.com "-" "meta-externalagent/1.1 (+https://developers.facebook.com/docs/sharing/webmasters/crawler)" "-"
74.7.227.0 - - [19/Jan/2026:00:59:39 +0100] "GET /?fileloc=//kunden/kunden/kunden/kunden/kunden/kunden/kunden/proc/thread-self/root/kunden/kunden/kunden/proc/thread-self/root/kunden/kunden/kunden/bin/dash&path=//kunden/kunden/kunden/kunden/kunden/kunden/kunden/proc/thread-self/root/kunden/kunden/kunden/proc/thread-self/root/kunden/kunden/kunden/bin HTTP/1.1" 200 203911 luxembourgauction.com "http://luxembourgauction.com/?path=//kunden/kunden/kunden/kunden/kunden/kunden/kunden/proc/thread-self/root/kunden/kunden/kunden/proc/thread-self/root/kunden/kunden/kunden/bin" "Mozilla/5.0 AppleWebKit/537.36 (KHTML, like Gecko; compatible; GPTBot/1.3; +https://openai.com/gptbot)" "-"
216.73.216.0 - - [19/Jan/2026:00:59:40 +0100] "GET /detail/arteria/3495949275?fileloc=%2Fhomepages%2F38%2Fd934194269%2Fhtdocs%2Fclickandbuilds%2Fluxembourgauction%2Fwp-admin%2Fmedia.php&path=%2Fhomepages%2F38%2Fd934194269%2Fhtdocs%2Fclickandbuilds%2Fluxembourgauction%2Fwp-admin HTTP/1.1" 200 13675 luxembourgauction.com "-" "Mozilla/5.0 AppleWebKit/537.36 (KHTML, like Gecko; compatible; ClaudeBot/1.0; +claudebot@anthropic.com)" "-"
54.152.163.0 - - [19/Jan/2026:00:59:41 +0100] "GET /product/palette-on-perfection-primer-art-auction-event/?fileloc=//bin/ssh-add&path=//bin HTTP/1.1" 200 562119 luxembourgauction.com "-" "Mozilla/5.0 AppleWebKit/537.36 (KHTML, like Gecko; compatible; Amazonbot/0.1; +https://developer.amazon.com/support/amazonbot) Chrome/119.0.6045.214 Safari/537.36" "-"
2a03:2880:f800:: - - [19/Jan/2026:00:59:42 +0100] "GET /detail/meteorometer/40448467?fileloc=/homepages/38/d934194269/htdocs/clickandbuilds/luxembourgauction/robots.txt&path=/homepages/38/d934194269/htdocs/clickandbuilds/luxembourgauction HTTP/1.1" 200 12685 luxembourgauction.com "-" "meta-externalagent/1.1 (+https://developers.facebook.com/docs/sharing/webmasters/crawler)" "-"
74.7.227.0 - - [19/Jan/2026:00:59:43 +0100] "GET /?fileloc=//kunden/kunden/kunden/kunden/kunden/kunden/kunden/proc/thread-self/root/kunden/kunden/kunden/proc/thread-self/root/kunden/kunden/kunden/bin/tic&path=//kunden/kunden/kunden/kunden/kunden/kunden/kunden/proc/thread-self/root/kunden/kunden/kunden/proc/thread-self/root/kunden/kunden/kunden/bin HTTP/1.1" 200 144879 luxembourgauction.com "http://luxembourgauction.com/?path=//kunden/kunden/kunden/kunden/kunden/kunden/kunden/proc/thread-self/root/kunden/kunden/kunden/proc/thread-self/root/kunden/kunden/kunden/bin" "Mozilla/5.0 AppleWebKit/537.36 (KHTML, like Gecko; compatible; GPTBot/1.3; +https://openai.com/gptbot)" "-"
216.73.216.0 - - [19/Jan/2026:00:59:43 +0100] "GET /detail/arteria/3495949275?fileloc=%2Fhomepages%2F38%2Fd934194269%2Fhtdocs%2Fclickandbuilds%2Fluxembourgauction%2Fwp-admin%2Fnav-menus.php&path=%2Fhomepages%2F38%2Fd934194269%2Fhtdocs%2Fclickandbuilds%2Fluxembourgauction%2Fwp-admin HTTP/1.1" 200 72831 luxembourgauction.com "-" "Mozilla/5.0 AppleWebKit/537.36 (KHTML, like Gecko; compatible; ClaudeBot/1.0; +claudebot@anthropic.com)" "-"
3.222.190.0 - - [19/Jan/2026:00:59:44 +0100] "GET /product/palette-on-perfection-primer-art-auction-event/?fileloc=//sbin/init&path=//sbin HTTP/1.1" 200 65193 luxembourgauction.com "-" "Mozilla/5.0 AppleWebKit/537.36 (KHTML, like Gecko; compatible; Amazonbot/0.1; +https://developer.amazon.com/support/amazonbot) Chrome/119.0.6045.214 Safari/537.36" "-"
216.73.216.0 - - [19/Jan/2026:00:59:46 +0100] "GET /detail/arteria/3495949275?fileloc=%2Fhomepages%2F38%2Fd934194269%2Fhtdocs%2Fclickandbuilds%2Fluxembourgauction%2Fwp-admin%2Flink-manager.php&path=%2Fhomepages%2F38%2Fd934194269%2Fhtdocs%2Fclickandbuilds%2Fluxembourgauction%2Fwp-admin HTTP/1.1" 200 18317 luxembourgauction.com "-" "Mozilla/5.0 AppleWebKit/537.36 (KHTML, like Gecko; compatible; ClaudeBot/1.0; +claudebot@anthropic.com)" "-"
74.7.227.0 - - [19/Jan/2026:00:59:46 +0100] "GET /?fileloc=//kunden/kunden/kunden/kunden/kunden/kunden/kunden/proc/thread-self/root/kunden/kunden/kunden/proc/thread-self/root/kunden/kunden/kunden/bin/paste&path=//kunden/kunden/kunden/kunden/kunden/kunden/kunden/proc/thread-self/root/kunden/kunden/kunden/proc/thread-self/root/kunden/kunden/kunden/bin HTTP/1.1" 200 73887 luxembourgauction.com "http://luxembourgauction.com/?path=//kunden/kunden/kunden/kunden/kunden/kunden/kunden/proc/thread-self/root/kunden/kunden/kunden/proc/thread-self/root/kunden/kunden/kunden/bin" "Mozilla/5.0 AppleWebKit/537.36 (KHTML, like Gecko; compatible; GPTBot/1.3; +https://openai.com/gptbot)" "-"
2a03:2880:f800:: - - [19/Jan/2026:00:59:46 +0100] "GET /detail/overcrop/1407785818?fileloc=/homepages/38/d934194269/htdocs/clickandbuilds/luxembourgauction/gheym.php&path=/homepages/38/d934194269/htdocs/clickandbuilds/luxembourgauction HTTP/1.1" 200 45079 luxembourgauction.com "-" "meta-externalagent/1.1 (+https://developers.facebook.com/docs/sharing/webmasters/crawler)" "-"
52.3.127.0 - - [19/Jan/2026:00:59:48 +0100] "GET /n?fileloc=//bin/ncftpspooler&path=//bin HTTP/1.1" 200 343122 luxembourgauction.com "-" "Mozilla/5.0 AppleWebKit/537.36 (KHTML, like Gecko; compatible; Amazonbot/0.1; +https://developer.amazon.com/support/amazonbot) Chrome/119.0.6045.214 Safari/537.36" "-"
216.73.216.0 - - [19/Jan/2026:00:59:49 +0100] "GET /detail/arteria/3495949275?fileloc=%2Fhomepages%2F38%2Fd934194269%2Fhtdocs%2Fclickandbuilds%2Fluxembourgauction%2Fwp-admin%2Foptions-privacy.php&path=%2Fhomepages%2F38%2Fd934194269%2Fhtdocs%2Fclickandbuilds%2Fluxembourgauction%2Fwp-admin HTTP/1.1" 200 25410 luxembourgauction.com "-" "Mozilla/5.0 AppleWebKit/537.36 (KHTML, like Gecko; compatible; ClaudeBot/1.0; +claudebot@anthropic.com)" "-"
74.7.227.0 - - [19/Jan/2026:00:59:49 +0100] "GET /?path=//kunden/kunden/kunden/kunden/kunden/kunden/kunden/proc/thread-self/root/kunden/kunden/kunden/proc/thread-self/root/kunden/kunden/usr/include/netipx HTTP/1.1" 200 16755 luxembourgauction.com "http://luxembourgauction.com/?path=//kunden/kunden/kunden/kunden/kunden/kunden/kunden/proc/thread-self/root/kunden/kunden/kunden/proc/thread-self/root/kunden/kunden/usr/include" "Mozilla/5.0 AppleWebKit/537.36 (KHTML, like Gecko; compatible; GPTBot/1.3; +https://openai.com/gptbot)" "-"
2a03:2880:f800:: - - [19/Jan/2026:00:59:49 +0100] "GET /detail/jailer/2928027916?fileloc=/homepages/38/d934194269/htdocs/clickandbuilds/luxembourgauction/index.php&path=/homepages/38/d934194269/htdocs/clickandbuilds/luxembourgauction HTTP/1.1" 200 35439 luxembourgauction.com "-" "meta-externalagent/1.1 (+https://developers.facebook.com/docs/sharing/webmasters/crawler)" "-"
216.73.216.0 - - [19/Jan/2026:00:59:52 +0100] "GET /detail/arteria/3495949275?fileloc=%2Fhomepages%2F38%2Fd934194269%2Fhtdocs%2Fclickandbuilds%2Fluxembourgauction%2Fwp-admin%2Fcontribute.php&path=%2Fhomepages%2F38%2Fd934194269%2Fhtdocs%2Fclickandbuilds%2Fluxembourgauction%2Fwp-admin HTTP/1.1" 200 20470 luxembourgauction.com "-" "Mozilla/5.0 AppleWebKit/537.36 (KHTML, like Gecko; compatible; ClaudeBot/1.0; +claudebot@anthropic.com)" "-"
74.7.227.0 - - [19/Jan/2026:00:59:52 +0100] "GET /?path=//kunden/kunden/kunden/kunden/kunden/kunden/kunden/proc/thread-self/root/kunden/kunden/kunden/proc/thread-self/root/kunden/kunden/kunden/usr/sbin HTTP/1.1" 200 382759 luxembourgauction.com "http://luxembourgauction.com/?path=//kunden/kunden/kunden/kunden/kunden/kunden/kunden/proc/thread-self/root/kunden/kunden/kunden/proc/thread-self/root/kunden/kunden/kunden/usr" "Mozilla/5.0 AppleWebKit/537.36 (KHTML, like Gecko; compatible; GPTBot/1.3; +https://openai.com/gptbot)" "-"
54.89.90.0 - - [19/Jan/2026:00:59:53 +0100] "GET /n?fileloc=//etc/debian_chroot&path=//etc HTTP/1.1" 200 12203 luxembourgauction.com "-" "Mozilla/5.0 AppleWebKit/537.36 (KHTML, like Gecko; compatible; Amazonbot/0.1; +https://developer.amazon.com/support/amazonbot) Chrome/119.0.6045.214 Safari/537.36" "-"
2a03:2880:f800:: - - [19/Jan/2026:00:59:53 +0100] "GET /detail/viverridae/3719279434?fileloc=/homepages/38/d934194269/htdocs/clickandbuilds/luxembourgauction/wp-load.php&path=/homepages/38/d934194269/htdocs/clickandbuilds/luxembourgauction HTTP/1.1" 200 17313 luxembourgauction.com "-" "meta-externalagent/1.1 (+https://developers.facebook.com/docs/sharing/webmasters/crawler)" "-"
216.73.216.0 - - [19/Jan/2026:00:59:55 +0100] "GET /detail/arteria/3495949275?fileloc=%2Fhomepages%2F38%2Fd934194269%2Fhtdocs%2Fclickandbuilds%2Fluxembourgauction%2Fwp-admin%2Fms-themes.php&path=%2Fhomepages%2F38%2Fd934194269%2Fhtdocs%2Fclickandbuilds%2Fluxembourgauction%2Fwp-admin HTTP/1.1" 200 12953 luxembourgauction.com "-" "Mozilla/5.0 AppleWebKit/537.36 (KHTML, like Gecko; compatible; ClaudeBot/1.0; +claudebot@anthropic.com)" "-"
74.7.227.0 - - [19/Jan/2026:00:59:55 +0100] "GET /?path=//kunden/kunden/kunden/kunden/kunden/kunden/kunden/proc/thread-self/root/kunden/kunden/kunden/proc/thread-self/root/kunden/kunden/kunden/usr/lib HTTP/1.1" 200 119414 luxembourgauction.com "http://luxembourgauction.com/?path=//kunden/kunden/kunden/kunden/kunden/kunden/kunden/proc/thread-self/root/kunden/kunden/kunden/proc/thread-self/root/kunden/kunden/kunden/usr" "Mozilla/5.0 AppleWebKit/537.36 (KHTML, like Gecko; compatible; GPTBot/1.3; +https://openai.com/gptbot)" "-"
3.223.134.0 - - [19/Jan/2026:00:59:56 +0100] "GET /n?fileloc=//bin/lto-dump-10&path=//bin HTTP/1.1" 200 38136890 luxembourgauction.com "-" "Mozilla/5.0 AppleWebKit/537.36 (KHTML, like Gecko; compatible; Amazonbot/0.1; +https://developer.amazon.com/support/amazonbot) Chrome/119.0.6045.214 Safari/537.36" "-"
2a03:2880:f800:: - - [19/Jan/2026:00:59:57 +0100] "GET /detail/sturdiness/4077853487?fileloc=/homepages/38/d934194269/htdocs/clickandbuilds/luxembourgauction/wp-comments-post.php&path=/homepages/38/d934194269/htdocs/clickandbuilds/luxembourgauction HTTP/1.1" 200 15277 luxembourgauction.com "-" "meta-externalagent/1.1 (+https://developers.facebook.com/docs/sharing/webmasters/crawler)" "-"
216.73.216.0 - - [19/Jan/2026:00:59:58 +0100] "GET /detail/ictiobus/2140763098?fileloc=%2Fhomepages%2F38%2Fd934194269%2Fhtdocs%2Fclickandbuilds%2Fluxembourgauction%2Fwp-includes%2Fsitemaps%2F.htaccess&path=%2Fhomepages%2F38%2Fd934194269%2Fhtdocs%2Fclickandbuilds%2Fluxembourgauction%2Fwp-includes%2Fsitemaps HTTP/1.1" 200 12991 luxembourgauction.com "-" "Mozilla/5.0 AppleWebKit/537.36 (KHTML, like Gecko; compatible; ClaudeBot/1.0; +claudebot@anthropic.com)" "-"
74.7.227.0 - - [19/Jan/2026:00:59:58 +0100] "GET /?path=//kunden/kunden/kunden/kunden/kunden/kunden/kunden/proc/thread-self/root/kunden/kunden/kunden/proc/thread-self/root/kunden/kunden/kunden/usr/bin HTTP/1.1" 200 2487824 luxembourgauction.com "http://luxembourgauction.com/?path=//kunden/kunden/kunden/kunden/kunden/kunden/kunden/proc/thread-self/root/kunden/kunden/kunden/proc/thread-self/root/kunden/kunden/kunden/usr" "Mozilla/5.0 AppleWebKit/537.36 (KHTML, like Gecko; compatible; GPTBot/1.3; +https://openai.com/gptbot)" "-"
2a03:2880:f800:: - - [19/Jan/2026:01:00:00 +0100] "GET /detail/panegyrizing/1560473348?fileloc=/homepages/38/d934194269/htdocs/clickandbuilds/luxembourgauction/wp-activate.php&path=/homepages/38/d934194269/htdocs/clickandbuilds/luxembourgauction HTTP/1.1" 200 21627 luxembourgauction.com "-" "meta-externalagent/1.1 (+https://developers.facebook.com/docs/sharing/webmasters/crawler)" "-"
52.7.13.0 - - [19/Jan/2026:01:00:00 +0100] "GET /product/nexus-drives-connecting-you-to-the-future/?fileloc=//bin/rsync&path=//bin HTTP/1.1" 200 767571 luxembourgauction.com "-" "Mozilla/5.0 AppleWebKit/537.36 (KHTML, like Gecko; compatible; Amazonbot/0.1; +https://developer.amazon.com/support/amazonbot) Chrome/119.0.6045.214 Safari/537.36" "-"
216.73.216.0 - - [19/Jan/2026:01:00:01 +0100] "GET /detail/arteria/3495949275?fileloc=%2Fhomepages%2F38%2Fd934194269%2Fhtdocs%2Fclickandbuilds%2Fluxembourgauction%2Fwp-admin%2Fprivacy-policy-guide.php&path=%2Fhomepages%2F38%2Fd934194269%2Fhtdocs%2Fclickandbuilds%2Fluxembourgauction%2Fwp-admin HTTP/1.1" 200 17445 luxembourgauction.com "-" "Mozilla/5.0 AppleWebKit/537.36 (KHTML, like Gecko; compatible; ClaudeBot/1.0; +claudebot@anthropic.com)" "-"
74.7.227.0 - - [19/Jan/2026:01:00:01 +0100] "GET /?path=//kunden/kunden/kunden/kunden/kunden/kunden/kunden/proc/thread-self/root/kunden/kunden/kunden/proc/thread-self/root/kunden/kunden/kunden/var HTTP/1.1" 200 34934 luxembourgauction.com "http://luxembourgauction.com/?path=//kunden/kunden/kunden/kunden/kunden/kunden/kunden/proc/thread-self/root/kunden/kunden/kunden/proc/thread-self/root/kunden/kunden/kunden" "Mozilla/5.0 AppleWebKit/537.36 (KHTML, like Gecko; compatible; GPTBot/1.3; +https://openai.com/gptbot)" "-"
2a03:2880:f800:: - - [19/Jan/2026:01:00:03 +0100] "GET /detail/bricklayers/1408482805?fileloc=/homepages/38/d934194269/htdocs/clickandbuilds/luxembourgauction/wp-settings.php&path=/homepages/38/d934194269/htdocs/clickandbuilds/luxembourgauction HTTP/1.1" 200 46078 luxembourgauction.com "-" "meta-externalagent/1.1 (+https://developers.facebook.com/docs/sharing/webmasters/crawler)" "-"
216.73.216.0 - - [19/Jan/2026:01:00:04 +0100] "GET /detail/arteria/3495949275?fileloc=%2Fhomepages%2F38%2Fd934194269%2Fhtdocs%2Fclickandbuilds%2Fluxembourgauction%2Fwp-admin%2Fadmin-footer.php&path=%2Fhomepages%2F38%2Fd934194269%2Fhtdocs%2Fclickandbuilds%2Fluxembourgauction%2Fwp-admin HTTP/1.1" 200 16123 luxembourgauction.com "-" "Mozilla/5.0 AppleWebKit/537.36 (KHTML, like Gecko; compatible; ClaudeBot/1.0; +claudebot@anthropic.com)" "-"
52.7.13.0 - - [19/Jan/2026:01:00:04 +0100] "GET /product/palette-on-perfection-primer-art-auction-event/?fileloc=//bin/bzip2recover&path=//bin HTTP/1.1" 200 33957 luxembourgauction.com "-" "Mozilla/5.0 AppleWebKit/537.36 (KHTML, like Gecko; compatible; Amazonbot/0.1; +https://developer.amazon.com/support/amazonbot) Chrome/119.0.6045.214 Safari/537.36" "-"
