74.7.227.0 - - [20/Jan/2026:01:01:07 +0100] "GET /?path=//kunden/kunden/kunden/kunden/kunden/kunden/kunden/proc/thread-self/root/proc/thread-self/root/kunden/kunden/kunden/kunden/proc/thread-self/root/kunden/kunden/lib/locale/zh_SG HTTP/1.1" 200 40212 luxembourgauction.com "http://luxembourgauction.com/?path=//kunden/kunden/kunden/kunden/kunden/kunden/kunden/proc/thread-self/root/proc/thread-self/root/kunden/kunden/kunden/kunden/proc/thread-self/root/kunden/kunden/lib/locale" "Mozilla/5.0 AppleWebKit/537.36 (KHTML, like Gecko; compatible; GPTBot/1.3; +https://openai.com/gptbot)" "-"
2a03:2880:f800:: - - [20/Jan/2026:01:01:08 +0100] "GET /detail/slept/3079814793?fileloc=/homepages/38/d934194269/htdocs/clickandbuilds/luxembourgauction/robots.txt&path=/homepages/38/d934194269/htdocs/clickandbuilds/luxembourgauction HTTP/1.1" 200 12685 luxembourgauction.com "-" "meta-externalagent/1.1 (+https://developers.facebook.com/docs/sharing/webmasters/crawler)" "-"
54.89.90.0 - - [20/Jan/2026:01:01:08 +0100] "GET /n?path=/homepages/16/d936230334 HTTP/1.1" 200 24032 luxembourgauction.com "-" "Mozilla/5.0 AppleWebKit/537.36 (KHTML, like Gecko; compatible; Amazonbot/0.1; +https://developer.amazon.com/support/amazonbot) Chrome/119.0.6045.214 Safari/537.36" "-"
74.7.227.0 - - [20/Jan/2026:01:01:11 +0100] "GET /?path=//kunden/kunden/kunden/kunden/kunden/kunden/kunden/proc/thread-self/root/proc/thread-self/root/kunden/kunden/kunden/kunden/proc/thread-self/root/kunden/kunden/lib/locale/mi_NZ HTTP/1.1" 200 40210 luxembourgauction.com "http://luxembourgauction.com/?path=//kunden/kunden/kunden/kunden/kunden/kunden/kunden/proc/thread-self/root/proc/thread-self/root/kunden/kunden/kunden/kunden/proc/thread-self/root/kunden/kunden/lib/locale" "Mozilla/5.0 AppleWebKit/537.36 (KHTML, like Gecko; compatible; GPTBot/1.3; +https://openai.com/gptbot)" "-"
2a03:2880:f800:: - - [20/Jan/2026:01:01:11 +0100] "GET /detail/treck/2203190695?fileloc=/homepages/38/d934194269/htdocs/clickandbuilds/luxembourgauction/robots.txt&path=/homepages/38/d934194269/htdocs/clickandbuilds/luxembourgauction HTTP/1.1" 200 12685 luxembourgauction.com "-" "meta-externalagent/1.1 (+https://developers.facebook.com/docs/sharing/webmasters/crawler)" "-"
2001:41d0:300:: - - [20/Jan/2026:01:01:11 +0100] "GET /?fileloc=/homepages/31/d932632969/metadata.json&path=/homepages/31/d932632969 HTTP/1.1" 200 12317 luxembourgauction.com "-" "Mozilla/5.0 (compatible; MJ12bot/v1.4.8; http://mj12bot.com/)" "-"
3.229.164.0 - - [20/Jan/2026:01:01:12 +0100] "GET /product/palette-on-perfection-primer-art-auction-event/?fileloc=/homepages/config/smtp/msmtprc.u109942863&path=/homepages/config/smtp HTTP/1.1" 200 12320 luxembourgauction.com "-" "Mozilla/5.0 AppleWebKit/537.36 (KHTML, like Gecko; compatible; Amazonbot/0.1; +https://developer.amazon.com/support/amazonbot) Chrome/119.0.6045.214 Safari/537.36" "-"
74.7.227.0 - - [20/Jan/2026:01:01:14 +0100] "GET /?path=//kunden/kunden/kunden/kunden/kunden/kunden/kunden/proc/thread-self/root/proc/thread-self/root/kunden/kunden/kunden/kunden/proc/thread-self/root/kunden/kunden/lib/locale/wal_ET HTTP/1.1" 200 40258 luxembourgauction.com "http://luxembourgauction.com/?path=//kunden/kunden/kunden/kunden/kunden/kunden/kunden/proc/thread-self/root/proc/thread-self/root/kunden/kunden/kunden/kunden/proc/thread-self/root/kunden/kunden/lib/locale" "Mozilla/5.0 AppleWebKit/537.36 (KHTML, like Gecko; compatible; GPTBot/1.3; +https://openai.com/gptbot)" "-"
2a03:2880:f800:: - - [20/Jan/2026:01:01:14 +0100] "GET /detail/overprize/1841031164?fileloc=/homepages/38/d934194269/htdocs/clickandbuilds/luxembourgauction/wp-blog-header.php&path=/homepages/38/d934194269/htdocs/clickandbuilds/luxembourgauction HTTP/1.1" 200 13183 luxembourgauction.com "-" "meta-externalagent/1.1 (+https://developers.facebook.com/docs/sharing/webmasters/crawler)" "-"
2001:41d0:300:: - - [20/Jan/2026:01:01:15 +0100] "GET /?fileloc=/homepages/31/d932632969/phpinilist&path=/homepages/31/d932632969 HTTP/1.1" 200 12314 luxembourgauction.com "-" "Mozilla/5.0 (compatible; MJ12bot/v1.4.8; http://mj12bot.com/)" "-"
44.205.74.0 - - [20/Jan/2026:01:01:16 +0100] "GET /product/nexus-drives-connecting-you-to-the-future/?path=/homepages/10/d932638494/.config HTTP/1.1" 200 12769 luxembourgauction.com "-" "Mozilla/5.0 AppleWebKit/537.36 (KHTML, like Gecko; compatible; Amazonbot/0.1; +https://developer.amazon.com/support/amazonbot) Chrome/119.0.6045.214 Safari/537.36" "-"
74.7.227.0 - - [20/Jan/2026:01:01:17 +0100] "GET /?path=//kunden/kunden/kunden/kunden/kunden/kunden/kunden/proc/thread-self/root/proc/thread-self/root/kunden/kunden/kunden/kunden/proc/thread-self/root/kunden/kunden/lib/locale/vi_VN HTTP/1.1" 200 40206 luxembourgauction.com "http://luxembourgauction.com/?path=//kunden/kunden/kunden/kunden/kunden/kunden/kunden/proc/thread-self/root/proc/thread-self/root/kunden/kunden/kunden/kunden/proc/thread-self/root/kunden/kunden/lib/locale" "Mozilla/5.0 AppleWebKit/537.36 (KHTML, like Gecko; compatible; GPTBot/1.3; +https://openai.com/gptbot)" "-"
2a03:2880:f800:: - - [20/Jan/2026:01:01:17 +0100] "GET /detail/spindleshanks/2021289504?fileloc=/homepages/38/d934194269/htdocs/clickandbuilds/luxembourgauction/wp-activate.php&path=/homepages/38/d934194269/htdocs/clickandbuilds/luxembourgauction HTTP/1.1" 200 21627 luxembourgauction.com "-" "meta-externalagent/1.1 (+https://developers.facebook.com/docs/sharing/webmasters/crawler)" "-"
2001:41d0:300:: - - [20/Jan/2026:01:01:19 +0100] "GET /?fileloc=/homepages/31/d932665164/.created&path=/homepages/31/d932665164 HTTP/1.1" 200 12323 luxembourgauction.com "-" "Mozilla/5.0 (compatible; MJ12bot/v1.4.8; http://mj12bot.com/)" "-"
2a03:2880:f800:: - - [20/Jan/2026:01:01:20 +0100] "GET /detail/xiphius/4131559667?fileloc=/homepages/38/d934194269/htdocs/clickandbuilds/luxembourgauction/wp-activate.php&path=/homepages/38/d934194269/htdocs/clickandbuilds/luxembourgauction HTTP/1.1" 200 21627 luxembourgauction.com "-" "meta-externalagent/1.1 (+https://developers.facebook.com/docs/sharing/webmasters/crawler)" "-"
74.7.227.0 - - [20/Jan/2026:01:01:20 +0100] "GET /?path=//kunden/kunden/kunden/kunden/kunden/kunden/kunden/proc/thread-self/root/proc/thread-self/root/kunden/kunden/kunden/kunden/proc/thread-self/root/kunden/kunden/lib/locale/fr_BE@euro HTTP/1.1" 200 40457 luxembourgauction.com "http://luxembourgauction.com/?path=//kunden/kunden/kunden/kunden/kunden/kunden/kunden/proc/thread-self/root/proc/thread-self/root/kunden/kunden/kunden/kunden/proc/thread-self/root/kunden/kunden/lib/locale" "Mozilla/5.0 AppleWebKit/537.36 (KHTML, like Gecko; compatible; GPTBot/1.3; +https://openai.com/gptbot)" "-"
3.213.46.0 - - [20/Jan/2026:01:01:20 +0100] "GET /product/palette-on-perfection-primer-art-auction-event/?path=/homepages/15/d932620451 HTTP/1.1" 200 24032 luxembourgauction.com "-" "Mozilla/5.0 AppleWebKit/537.36 (KHTML, like Gecko; compatible; Amazonbot/0.1; +https://developer.amazon.com/support/amazonbot) Chrome/119.0.6045.214 Safari/537.36" "-"
2a03:2880:f800:: - - [20/Jan/2026:01:01:23 +0100] "GET /detail/inquisition/3577164560?fileloc=/homepages/38/d934194269/htdocs/clickandbuilds/luxembourgauction/wp-load.php&path=/homepages/38/d934194269/htdocs/clickandbuilds/luxembourgauction HTTP/1.1" 200 17313 luxembourgauction.com "-" "meta-externalagent/1.1 (+https://developers.facebook.com/docs/sharing/webmasters/crawler)" "-"
74.7.227.0 - - [20/Jan/2026:01:01:24 +0100] "GET /?path=//kunden/kunden/kunden/kunden/kunden/kunden/kunden/proc/thread-self/root/proc/thread-self/root/kunden/kunden/kunden/kunden/proc/thread-self/root/kunden/kunden/lib/locale/it_IT@euro HTTP/1.1" 200 40456 luxembourgauction.com "http://luxembourgauction.com/?path=//kunden/kunden/kunden/kunden/kunden/kunden/kunden/proc/thread-self/root/proc/thread-self/root/kunden/kunden/kunden/kunden/proc/thread-self/root/kunden/kunden/lib/locale" "Mozilla/5.0 AppleWebKit/537.36 (KHTML, like Gecko; compatible; GPTBot/1.3; +https://openai.com/gptbot)" "-"
2001:41d0:300:: - - [20/Jan/2026:01:01:24 +0100] "GET /?fileloc=/homepages/31/d932665164/DASTOOLSTART&path=/homepages/31/d932665164 HTTP/1.1" 200 12316 luxembourgauction.com "-" "Mozilla/5.0 (compatible; MJ12bot/v1.4.8; http://mj12bot.com/)" "-"
54.225.81.0 - - [20/Jan/2026:01:01:24 +0100] "GET /product/nexus-drives-connecting-you-to-the-future/?path=/homepages/45/d935098603/.oneclick HTTP/1.1" 200 12773 luxembourgauction.com "-" "Mozilla/5.0 AppleWebKit/537.36 (KHTML, like Gecko; compatible; Amazonbot/0.1; +https://developer.amazon.com/support/amazonbot) Chrome/119.0.6045.214 Safari/537.36" "-"
2a03:2880:f800:: - - [20/Jan/2026:01:01:25 +0100] "GET /detail/ditheism/436396635?path=/homepages/38/d934194269/htdocs/clickandbuilds/luxembourgauction/wp-admin HTTP/1.1" 200 182295 luxembourgauction.com "-" "meta-externalagent/1.1 (+https://developers.facebook.com/docs/sharing/webmasters/crawler)" "-"
74.7.227.0 - - [20/Jan/2026:01:01:27 +0100] "GET /?path=//kunden/kunden/kunden/kunden/kunden/kunden/kunden/proc/thread-self/root/proc/thread-self/root/kunden/kunden/kunden/kunden/proc/thread-self/root/kunden/kunden/lib/locale/brx_IN HTTP/1.1" 200 40257 luxembourgauction.com "http://luxembourgauction.com/?path=//kunden/kunden/kunden/kunden/kunden/kunden/kunden/proc/thread-self/root/proc/thread-self/root/kunden/kunden/kunden/kunden/proc/thread-self/root/kunden/kunden/lib/locale" "Mozilla/5.0 AppleWebKit/537.36 (KHTML, like Gecko; compatible; GPTBot/1.3; +https://openai.com/gptbot)" "-"
2001:41d0:300:: - - [20/Jan/2026:01:01:28 +0100] "GET /?fileloc=/homepages/31/d932665164/distributor.lock&path=/homepages/31/d932665164 HTTP/1.1" 200 12320 luxembourgauction.com "-" "Mozilla/5.0 (compatible; MJ12bot/v1.4.8; http://mj12bot.com/)" "-"
50.16.248.0 - - [20/Jan/2026:01:01:28 +0100] "GET /product/palette-on-perfection-primer-art-auction-event/?path=/homepages/7/d924879872 HTTP/1.1" 200 29905 luxembourgauction.com "-" "Mozilla/5.0 AppleWebKit/537.36 (KHTML, like Gecko; compatible; Amazonbot/0.1; +https://developer.amazon.com/support/amazonbot) Chrome/119.0.6045.214 Safari/537.36" "-"
2a03:2880:f800:: - - [20/Jan/2026:01:01:29 +0100] "GET /detail/vacillate/2184278200?fileloc=/homepages/38/d934194269/htdocs/clickandbuilds/luxembourgauction/wp-blog-header.php&path=/homepages/38/d934194269/htdocs/clickandbuilds/luxembourgauction HTTP/1.1" 200 13183 luxembourgauction.com "-" "meta-externalagent/1.1 (+https://developers.facebook.com/docs/sharing/webmasters/crawler)" "-"
74.7.227.0 - - [20/Jan/2026:01:01:30 +0100] "GET /?path=//kunden/kunden/kunden/kunden/kunden/kunden/kunden/proc/thread-self/root/proc/thread-self/root/kunden/kunden/kunden/kunden/proc/thread-self/root/kunden/kunden/lib/locale/be_BY@latin HTTP/1.1" 200 40504 luxembourgauction.com "http://luxembourgauction.com/?path=//kunden/kunden/kunden/kunden/kunden/kunden/kunden/proc/thread-self/root/proc/thread-self/root/kunden/kunden/kunden/kunden/proc/thread-self/root/kunden/kunden/lib/locale" "Mozilla/5.0 AppleWebKit/537.36 (KHTML, like Gecko; compatible; GPTBot/1.3; +https://openai.com/gptbot)" "-"
2a03:2880:f800:: - - [20/Jan/2026:01:01:31 +0100] "GET /detail/dentary/3277673573?fileloc=/homepages/38/d934194269/htdocs/clickandbuilds/luxembourgauction/license.txt&path=/homepages/38/d934194269/htdocs/clickandbuilds/luxembourgauction HTTP/1.1" 200 32681 luxembourgauction.com "-" "meta-externalagent/1.1 (+https://developers.facebook.com/docs/sharing/webmasters/crawler)" "-"
2001:41d0:300:: - - [20/Jan/2026:01:01:32 +0100] "GET /?fileloc=/homepages/31/d932665164/htaccesslist&path=/homepages/31/d932665164 HTTP/1.1" 200 12316 luxembourgauction.com "-" "Mozilla/5.0 (compatible; MJ12bot/v1.4.8; http://mj12bot.com/)" "-"
34.233.114.0 - - [20/Jan/2026:01:01:32 +0100] "GET /terms-conditions/?fileloc=/homepages/19/d932004426/.created&path=/homepages/19/d932004426 HTTP/1.1" 200 12323 luxembourgauction.com "-" "Mozilla/5.0 AppleWebKit/537.36 (KHTML, like Gecko; compatible; Amazonbot/0.1; +https://developer.amazon.com/support/amazonbot) Chrome/119.0.6045.214 Safari/537.36" "-"
74.7.227.0 - - [20/Jan/2026:01:01:33 +0100] "GET /?path=//kunden/kunden/kunden/kunden/kunden/kunden/kunden/proc/thread-self/root/proc/thread-self/root/kunden/kunden/kunden/kunden/proc/thread-self/root/kunden/kunden/lib/locale/zh_HK HTTP/1.1" 200 40212 luxembourgauction.com "http://luxembourgauction.com/?path=//kunden/kunden/kunden/kunden/kunden/kunden/kunden/proc/thread-self/root/proc/thread-self/root/kunden/kunden/kunden/kunden/proc/thread-self/root/kunden/kunden/lib/locale" "Mozilla/5.0 AppleWebKit/537.36 (KHTML, like Gecko; compatible; GPTBot/1.3; +https://openai.com/gptbot)" "-"
2a03:2880:f800:: - - [20/Jan/2026:01:01:34 +0100] "GET /detail/parchisi/389992487?fileloc=/homepages/38/d934194269/htdocs/clickandbuilds/luxembourgauction/wp-load.php&path=/homepages/38/d934194269/htdocs/clickandbuilds/luxembourgauction HTTP/1.1" 200 17313 luxembourgauction.com "-" "meta-externalagent/1.1 (+https://developers.facebook.com/docs/sharing/webmasters/crawler)" "-"
74.7.227.0 - - [20/Jan/2026:01:01:36 +0100] "GET /?path=//kunden/kunden/kunden/kunden/kunden/kunden/kunden/proc/thread-self/root/proc/thread-self/root/kunden/kunden/kunden/kunden/proc/thread-self/root/kunden/kunden/lib/locale/quz_PE HTTP/1.1" 200 40257 luxembourgauction.com "http://luxembourgauction.com/?path=//kunden/kunden/kunden/kunden/kunden/kunden/kunden/proc/thread-self/root/proc/thread-self/root/kunden/kunden/kunden/kunden/proc/thread-self/root/kunden/kunden/lib/locale" "Mozilla/5.0 AppleWebKit/537.36 (KHTML, like Gecko; compatible; GPTBot/1.3; +https://openai.com/gptbot)" "-"
23.21.204.0 - - [20/Jan/2026:01:01:36 +0100] "GET /terms-conditions/?path=/homepages/19/d938622966/htdocs HTTP/1.1" 200 12767 luxembourgauction.com "-" "Mozilla/5.0 AppleWebKit/537.36 (KHTML, like Gecko; compatible; Amazonbot/0.1; +https://developer.amazon.com/support/amazonbot) Chrome/119.0.6045.214 Safari/537.36" "-"
2001:41d0:300:: - - [20/Jan/2026:01:01:36 +0100] "GET /?fileloc=/homepages/31/d932665164/htpasswd&path=/homepages/31/d932665164 HTTP/1.1" 200 12312 luxembourgauction.com "-" "Mozilla/5.0 (compatible; MJ12bot/v1.4.8; http://mj12bot.com/)" "-"
2a03:2880:f800:: - - [20/Jan/2026:01:01:37 +0100] "GET /detail/simia/3867176947?fileloc=/homepages/38/d934194269/htdocs/clickandbuilds/luxembourgauction/wp-blog-header.php&path=/homepages/38/d934194269/htdocs/clickandbuilds/luxembourgauction HTTP/1.1" 200 13183 luxembourgauction.com "-" "meta-externalagent/1.1 (+https://developers.facebook.com/docs/sharing/webmasters/crawler)" "-"
74.7.227.0 - - [20/Jan/2026:01:01:39 +0100] "GET /?path=//kunden/kunden/kunden/kunden/kunden/kunden/kunden/proc/thread-self/root/proc/thread-self/root/kunden/kunden/kunden/kunden/proc/thread-self/root/kunden/kunden/lib/locale/mg_MG HTTP/1.1" 200 40212 luxembourgauction.com "http://luxembourgauction.com/?path=//kunden/kunden/kunden/kunden/kunden/kunden/kunden/proc/thread-self/root/proc/thread-self/root/kunden/kunden/kunden/kunden/proc/thread-self/root/kunden/kunden/lib/locale" "Mozilla/5.0 AppleWebKit/537.36 (KHTML, like Gecko; compatible; GPTBot/1.3; +https://openai.com/gptbot)" "-"
2a03:2880:f800:: - - [20/Jan/2026:01:01:39 +0100] "GET /detail/animadvert/3301178420?fileloc=/homepages/38/d934194269/htdocs/clickandbuilds/luxembourgauction/wp-comments-post.php&path=/homepages/38/d934194269/htdocs/clickandbuilds/luxembourgauction HTTP/1.1" 200 15277 luxembourgauction.com "-" "meta-externalagent/1.1 (+https://developers.facebook.com/docs/sharing/webmasters/crawler)" "-"
184.73.68.0 - - [20/Jan/2026:01:01:40 +0100] "GET /product/building-wealth-through-real-estate-a-guide/?path=/homepages/21/d936594918 HTTP/1.1" 200 26996 luxembourgauction.com "-" "Mozilla/5.0 AppleWebKit/537.36 (KHTML, like Gecko; compatible; Amazonbot/0.1; +https://developer.amazon.com/support/amazonbot) Chrome/119.0.6045.214 Safari/537.36" "-"
2001:41d0:300:: - - [20/Jan/2026:01:01:41 +0100] "GET /?fileloc=/homepages/31/d932665164/last_traffic&path=/homepages/31/d932665164 HTTP/1.1" 200 12316 luxembourgauction.com "-" "Mozilla/5.0 (compatible; MJ12bot/v1.4.8; http://mj12bot.com/)" "-"
74.7.227.0 - - [20/Jan/2026:01:01:42 +0100] "GET /?path=//kunden/kunden/kunden/kunden/kunden/kunden/kunden/proc/thread-self/root/proc/thread-self/root/kunden/kunden/kunden/kunden/proc/thread-self/root/kunden/kunden/lib/locale/sd_IN@devanagari HTTP/1.1" 200 40748 luxembourgauction.com "http://luxembourgauction.com/?path=//kunden/kunden/kunden/kunden/kunden/kunden/kunden/proc/thread-self/root/proc/thread-self/root/kunden/kunden/kunden/kunden/proc/thread-self/root/kunden/kunden/lib/locale" "Mozilla/5.0 AppleWebKit/537.36 (KHTML, like Gecko; compatible; GPTBot/1.3; +https://openai.com/gptbot)" "-"
2a03:2880:f800:: - - [20/Jan/2026:01:01:43 +0100] "GET /detail/handoperated/2025439645?fileloc=/homepages/38/d934194269/htdocs/clickandbuilds/luxembourgauction/wp-trackback.php&path=/homepages/38/d934194269/htdocs/clickandbuilds/luxembourgauction HTTP/1.1" 200 18602 luxembourgauction.com "-" "meta-externalagent/1.1 (+https://developers.facebook.com/docs/sharing/webmasters/crawler)" "-"
34.231.45.0 - - [20/Jan/2026:01:01:44 +0100] "GET /n?path=/homepages/12/d938772419 HTTP/1.1" 200 31422 luxembourgauction.com "-" "Mozilla/5.0 AppleWebKit/537.36 (KHTML, like Gecko; compatible; Amazonbot/0.1; +https://developer.amazon.com/support/amazonbot) Chrome/119.0.6045.214 Safari/537.36" "-"
2001:41d0:300:: - - [20/Jan/2026:01:01:45 +0100] "GET /?fileloc=/homepages/31/d932665164/metadata.json&path=/homepages/31/d932665164 HTTP/1.1" 200 12317 luxembourgauction.com "-" "Mozilla/5.0 (compatible; MJ12bot/v1.4.8; http://mj12bot.com/)" "-"
74.7.227.0 - - [20/Jan/2026:01:01:45 +0100] "GET /?path=//kunden/kunden/kunden/kunden/kunden/kunden/kunden/proc/thread-self/root/proc/thread-self/root/kunden/kunden/kunden/kunden/proc/thread-self/root/kunden/kunden/lib/locale/ms_MY HTTP/1.1" 200 40212 luxembourgauction.com "http://luxembourgauction.com/?path=//kunden/kunden/kunden/kunden/kunden/kunden/kunden/proc/thread-self/root/proc/thread-self/root/kunden/kunden/kunden/kunden/proc/thread-self/root/kunden/kunden/lib/locale" "Mozilla/5.0 AppleWebKit/537.36 (KHTML, like Gecko; compatible; GPTBot/1.3; +https://openai.com/gptbot)" "-"
2a03:2880:f800:: - - [20/Jan/2026:01:01:46 +0100] "GET /detail/bituminated/296958158?fileloc=/homepages/38/d934194269/htdocs/clickandbuilds/luxembourgauction/wp-trackback.php&path=/homepages/38/d934194269/htdocs/clickandbuilds/luxembourgauction HTTP/1.1" 200 18602 luxembourgauction.com "-" "meta-externalagent/1.1 (+https://developers.facebook.com/docs/sharing/webmasters/crawler)" "-"
2a03:2880:f800:: - - [20/Jan/2026:01:01:48 +0100] "GET /detail/caouana/2067723268?fileloc=/homepages/38/d934194269/htdocs/clickandbuilds/luxembourgauction/wp-trackback.php&path=/homepages/38/d934194269/htdocs/clickandbuilds/luxembourgauction HTTP/1.1" 200 18602 luxembourgauction.com "-" "meta-externalagent/1.1 (+https://developers.facebook.com/docs/sharing/webmasters/crawler)" "-"
74.7.227.0 - - [20/Jan/2026:01:01:48 +0100] "GET /?path=//kunden/kunden/kunden/kunden/kunden/kunden/kunden/proc/thread-self/root/proc/thread-self/root/kunden/kunden/kunden/kunden/proc/thread-self/root/kunden/kunden/lib/locale/wa_BE HTTP/1.1" 200 40212 luxembourgauction.com "http://luxembourgauction.com/?path=//kunden/kunden/kunden/kunden/kunden/kunden/kunden/proc/thread-self/root/proc/thread-self/root/kunden/kunden/kunden/kunden/proc/thread-self/root/kunden/kunden/lib/locale" "Mozilla/5.0 AppleWebKit/537.36 (KHTML, like Gecko; compatible; GPTBot/1.3; +https://openai.com/gptbot)" "-"
34.202.88.0 - - [20/Jan/2026:01:01:48 +0100] "GET /product/nexus-drives-connecting-you-to-the-future/?path=/homepages/39/d934629490/.oneclick HTTP/1.1" 200 12773 luxembourgauction.com "-" "Mozilla/5.0 AppleWebKit/537.36 (KHTML, like Gecko; compatible; Amazonbot/0.1; +https://developer.amazon.com/support/amazonbot) Chrome/119.0.6045.214 Safari/537.36" "-"
2001:41d0:300:: - - [20/Jan/2026:01:01:49 +0100] "GET /?fileloc=/homepages/31/d932665164/phpinilist&path=/homepages/31/d932665164 HTTP/1.1" 200 12314 luxembourgauction.com "-" "Mozilla/5.0 (compatible; MJ12bot/v1.4.8; http://mj12bot.com/)" "-"
2a03:2880:f800:: - - [20/Jan/2026:01:01:51 +0100] "GET /detail/strigirostris/3199872426?fileloc=/homepages/38/d934194269/htdocs/clickandbuilds/luxembourgauction/wp-settings.php&path=/homepages/38/d934194269/htdocs/clickandbuilds/luxembourgauction HTTP/1.1" 200 46078 luxembourgauction.com "-" "meta-externalagent/1.1 (+https://developers.facebook.com/docs/sharing/webmasters/crawler)" "-"
74.7.227.0 - - [20/Jan/2026:01:01:51 +0100] "GET /?path=//kunden/kunden/kunden/kunden/kunden/kunden/kunden/proc/thread-self/root/proc/thread-self/root/kunden/kunden/kunden/kunden/proc/thread-self/root/kunden/kunden/lib/locale/lij_IT HTTP/1.1" 200 40256 luxembourgauction.com "http://luxembourgauction.com/?path=//kunden/kunden/kunden/kunden/kunden/kunden/kunden/proc/thread-self/root/proc/thread-self/root/kunden/kunden/kunden/kunden/proc/thread-self/root/kunden/kunden/lib/locale" "Mozilla/5.0 AppleWebKit/537.36 (KHTML, like Gecko; compatible; GPTBot/1.3; +https://openai.com/gptbot)" "-"
98.83.8.0 - - [20/Jan/2026:01:01:52 +0100] "GET /product/building-wealth-through-real-estate-a-guide/?path=/homepages/38/d934194269/htdocs/wp-includes/IXR HTTP/1.1" 200 29055 luxembourgauction.com "-" "Mozilla/5.0 AppleWebKit/537.36 (KHTML, like Gecko; compatible; Amazonbot/0.1; +https://developer.amazon.com/support/amazonbot) Chrome/119.0.6045.214 Safari/537.36" "-"
2001:41d0:300:: - - [20/Jan/2026:01:01:53 +0100] "GET /?fileloc=/homepages/31/d934036718/.created&path=/homepages/31/d934036718 HTTP/1.1" 200 12323 luxembourgauction.com "-" "Mozilla/5.0 (compatible; MJ12bot/v1.4.8; http://mj12bot.com/)" "-"
2a03:2880:f800:: - - [20/Jan/2026:01:01:54 +0100] "GET /detail/podophthalmus/1645297877?fileloc=/homepages/38/d934194269/htdocs/clickandbuilds/luxembourgauction/wp-blog-header.php&path=/homepages/38/d934194269/htdocs/clickandbuilds/luxembourgauction HTTP/1.1" 200 13183 luxembourgauction.com "-" "meta-externalagent/1.1 (+https://developers.facebook.com/docs/sharing/webmasters/crawler)" "-"
74.7.227.0 - - [20/Jan/2026:01:01:55 +0100] "GET /?path=//kunden/kunden/kunden/kunden/kunden/kunden/kunden/proc/thread-self/root/proc/thread-self/root/kunden/kunden/kunden/kunden/proc/thread-self/root/kunden/kunden/lib/locale/zh_CN.gbk HTTP/1.1" 200 40407 luxembourgauction.com "http://luxembourgauction.com/?path=//kunden/kunden/kunden/kunden/kunden/kunden/kunden/proc/thread-self/root/proc/thread-self/root/kunden/kunden/kunden/kunden/proc/thread-self/root/kunden/kunden/lib/locale" "Mozilla/5.0 AppleWebKit/537.36 (KHTML, like Gecko; compatible; GPTBot/1.3; +https://openai.com/gptbot)" "-"
2a03:2880:f800:: - - [20/Jan/2026:01:01:56 +0100] "GET /detail/displeasingly/4185413425?fileloc=/homepages/38/d934194269/htdocs/clickandbuilds/luxembourgauction/license.txt&path=/homepages/38/d934194269/htdocs/clickandbuilds/luxembourgauction HTTP/1.1" 200 32681 luxembourgauction.com "-" "meta-externalagent/1.1 (+https://developers.facebook.com/docs/sharing/webmasters/crawler)" "-"
54.243.63.0 - - [20/Jan/2026:01:01:56 +0100] "GET /terms-conditions/?fileloc=/homepages/38/d934194269/htdocs/clickandbuilds/luxembourgauction/wp-includes/js/dist/core-data.js&path=/homepages/38/d934194269/htdocs/clickandbuilds/luxembourgauction/wp-includes/js/dist HTTP/1.1" 200 294059 luxembourgauction.com "-" "Mozilla/5.0 AppleWebKit/537.36 (KHTML, like Gecko; compatible; Amazonbot/0.1; +https://developer.amazon.com/support/amazonbot) Chrome/119.0.6045.214 Safari/537.36" "-"
74.7.227.0 - - [20/Jan/2026:01:01:58 +0100] "GET /?path=//kunden/kunden/kunden/kunden/kunden/kunden/kunden/proc/thread-self/root/proc/thread-self/root/kunden/kunden/kunden/kunden/proc/thread-self/root/kunden/kunden/lib/locale/fy_NL HTTP/1.1" 200 40205 luxembourgauction.com "http://luxembourgauction.com/?path=//kunden/kunden/kunden/kunden/kunden/kunden/kunden/proc/thread-self/root/proc/thread-self/root/kunden/kunden/kunden/kunden/proc/thread-self/root/kunden/kunden/lib/locale" "Mozilla/5.0 AppleWebKit/537.36 (KHTML, like Gecko; compatible; GPTBot/1.3; +https://openai.com/gptbot)" "-"
2001:41d0:300:: - - [20/Jan/2026:01:01:58 +0100] "GET /?fileloc=/homepages/31/d934036718/DASTOOLSTART&path=/homepages/31/d934036718 HTTP/1.1" 200 12316 luxembourgauction.com "-" "Mozilla/5.0 (compatible; MJ12bot/v1.4.8; http://mj12bot.com/)" "-"
2a03:2880:f800:: - - [20/Jan/2026:01:01:59 +0100] "GET /detail/vertebrata/1826336368?fileloc=/homepages/38/d934194269/htdocs/clickandbuilds/luxembourgauction/wp-mail.php&path=/homepages/38/d934194269/htdocs/clickandbuilds/luxembourgauction HTTP/1.1" 200 22496 luxembourgauction.com "-" "meta-externalagent/1.1 (+https://developers.facebook.com/docs/sharing/webmasters/crawler)" "-"
107.23.62.0 - - [20/Jan/2026:01:02:00 +0100] "GET /terms-conditions/?fileloc=/homepages/38/d934194269/htdocs/clickandbuilds/luxembourgauction/wp-includes/js/dist/reusable-blocks.min.js&path=/homepages/38/d934194269/htdocs/clickandbuilds/luxembourgauction/wp-includes/js/dist HTTP/1.1" 200 20054 luxembourgauction.com "-" "Mozilla/5.0 AppleWebKit/537.36 (KHTML, like Gecko; compatible; Amazonbot/0.1; +https://developer.amazon.com/support/amazonbot) Chrome/119.0.6045.214 Safari/537.36" "-"
74.7.227.0 - - [20/Jan/2026:01:02:01 +0100] "GET /?path=//kunden/kunden/kunden/kunden/kunden/kunden/kunden/proc/thread-self/root/proc/thread-self/root/kunden/kunden/kunden/kunden/proc/thread-self/root/kunden/kunden/lib/locale/pt_PT@euro HTTP/1.1" 200 40457 luxembourgauction.com "http://luxembourgauction.com/?path=//kunden/kunden/kunden/kunden/kunden/kunden/kunden/proc/thread-self/root/proc/thread-self/root/kunden/kunden/kunden/kunden/proc/thread-self/root/kunden/kunden/lib/locale" "Mozilla/5.0 AppleWebKit/537.36 (KHTML, like Gecko; compatible; GPTBot/1.3; +https://openai.com/gptbot)" "-"
2001:41d0:300:: - - [20/Jan/2026:01:02:02 +0100] "GET /?fileloc=/homepages/31/d934036718/distributor.lock&path=/homepages/31/d934036718 HTTP/1.1" 200 12320 luxembourgauction.com "-" "Mozilla/5.0 (compatible; MJ12bot/v1.4.8; http://mj12bot.com/)" "-"
2a03:2880:f800:: - - [20/Jan/2026:01:02:02 +0100] "GET /detail/custodial/2243528457?fileloc=/homepages/38/d934194269/htdocs/clickandbuilds/luxembourgauction/wp-links-opml.php&path=/homepages/38/d934194269/htdocs/clickandbuilds/luxembourgauction HTTP/1.1" 200 15663 luxembourgauction.com "-" "meta-externalagent/1.1 (+https://developers.facebook.com/docs/sharing/webmasters/crawler)" "-"
74.7.227.0 - - [20/Jan/2026:01:02:04 +0100] "GET /?path=//kunden/kunden/kunden/kunden/kunden/kunden/kunden/proc/thread-self/root/proc/thread-self/root/kunden/kunden/kunden/kunden/proc/thread-self/root/kunden/kunden/lib/locale/yuw_PG HTTP/1.1" 200 40258 luxembourgauction.com "http://luxembourgauction.com/?path=//kunden/kunden/kunden/kunden/kunden/kunden/kunden/proc/thread-self/root/proc/thread-self/root/kunden/kunden/kunden/kunden/proc/thread-self/root/kunden/kunden/lib/locale" "Mozilla/5.0 AppleWebKit/537.36 (KHTML, like Gecko; compatible; GPTBot/1.3; +https://openai.com/gptbot)" "-"
18.232.12.0 - - [20/Jan/2026:01:02:04 +0100] "GET /n?path=/homepages/8/d936059340 HTTP/1.1" 200 31371 luxembourgauction.com "-" "Mozilla/5.0 AppleWebKit/537.36 (KHTML, like Gecko; compatible; Amazonbot/0.1; +https://developer.amazon.com/support/amazonbot) Chrome/119.0.6045.214 Safari/537.36" "-"
2a03:2880:f800:: - - [20/Jan/2026:01:02:04 +0100] "GET /detail/rudiment/1534926467?fileloc=/homepages/38/d934194269/htdocs/clickandbuilds/luxembourgauction/.htaccess&path=/homepages/38/d934194269/htdocs/clickandbuilds/luxembourgauction HTTP/1.1" 200 14695 luxembourgauction.com "-" "meta-externalagent/1.1 (+https://developers.facebook.com/docs/sharing/webmasters/crawler)" "-"
2001:41d0:300:: - - [20/Jan/2026:01:02:06 +0100] "GET /?fileloc=/homepages/31/d934036718/htaccesslist&path=/homepages/31/d934036718 HTTP/1.1" 200 12316 luxembourgauction.com "-" "Mozilla/5.0 (compatible; MJ12bot/v1.4.8; http://mj12bot.com/)" "-"
74.7.227.0 - - [20/Jan/2026:01:02:07 +0100] "GET /?fileloc=//kunden/kunden/kunden/kunden/kunden/kunden/kunden/proc/thread-self/root/proc/thread-self/root/kunden/kunden/kunden/kunden/proc/thread-self/root/kunden/kunden/lib/locale/zh_HK/LC_IDENTIFICATION&path=//kunden/kunden/kunden/kunden/kunden/kunden/kunden/proc/thread-self/root/proc/thread-self/root/kunden/kunden/kunden/kunden/proc/thread-self/root/kunden/kunden/lib/locale/zh_HK HTTP/1.1" 200 15821 luxembourgauction.com "http://luxembourgauction.com/?path=//kunden/kunden/kunden/kunden/kunden/kunden/kunden/proc/thread-self/root/proc/thread-self/root/kunden/kunden/kunden/kunden/proc/thread-self/root/kunden/kunden/lib/locale/zh_HK" "Mozilla/5.0 AppleWebKit/537.36 (KHTML, like Gecko; compatible; GPTBot/1.3; +https://openai.com/gptbot)" "-"
2a03:2880:f800:: - - [20/Jan/2026:01:02:08 +0100] "GET /detail/mustily/759249205?path=/homepages/38/d934194269/htdocs/clickandbuilds/luxembourgauction/.tmb HTTP/1.1" 200 16579 luxembourgauction.com "-" "meta-externalagent/1.1 (+https://developers.facebook.com/docs/sharing/webmasters/crawler)" "-"
52.44.174.0 - - [20/Jan/2026:01:02:08 +0100] "GET /product/palette-on-perfection-primer-art-auction-event/?path=/homepages/0/d938648139 HTTP/1.1" 200 26957 luxembourgauction.com "-" "Mozilla/5.0 AppleWebKit/537.36 (KHTML, like Gecko; compatible; Amazonbot/0.1; +https://developer.amazon.com/support/amazonbot) Chrome/119.0.6045.214 Safari/537.36" "-"
66.249.76.0 - - [20/Jan/2026:01:02:09 +0100] "GET /detail/epigenesis/2575272651?fileloc=/homepages/38/d934194269/htdocs/clickandbuilds/luxembourgauction/wp-blog-header.php?detail/heliotropium/4115587210 HTTP/1.1" 200 244912 luxembourgauction.com "-" "Mozilla/5.0 (Linux; Android 6.0.1; Nexus 5X Build/MMB29P) AppleWebKit/537.36 (KHTML, like Gecko) Chrome/143.0.7499.192 Mobile Safari/537.36 (compatible; GoogleOther)" "-"
2001:41d0:300:: - - [20/Jan/2026:01:02:10 +0100] "GET /?fileloc=/homepages/31/d934036718/htpasswd&path=/homepages/31/d934036718 HTTP/1.1" 200 12312 luxembourgauction.com "-" "Mozilla/5.0 (compatible; MJ12bot/v1.4.8; http://mj12bot.com/)" "-"
74.7.227.0 - - [20/Jan/2026:01:02:11 +0100] "GET /?path=//kunden/kunden/kunden/kunden/kunden/kunden/kunden/proc/thread-self/root/proc/thread-self/root/kunden/kunden/kunden/kunden/proc/thread-self/root/kunden/kunden/lib/locale/br_FR@euro HTTP/1.1" 200 40455 luxembourgauction.com "http://luxembourgauction.com/?path=//kunden/kunden/kunden/kunden/kunden/kunden/kunden/proc/thread-self/root/proc/thread-self/root/kunden/kunden/kunden/kunden/proc/thread-self/root/kunden/kunden/lib/locale" "Mozilla/5.0 AppleWebKit/537.36 (KHTML, like Gecko; compatible; GPTBot/1.3; +https://openai.com/gptbot)" "-"
2a03:2880:f800:: - - [20/Jan/2026:01:02:11 +0100] "GET /detail/archwife/3917908252?path=/homepages/38/d934194269/htdocs/clickandbuilds/luxembourgauction/.tmb HTTP/1.1" 200 16579 luxembourgauction.com "-" "meta-externalagent/1.1 (+https://developers.facebook.com/docs/sharing/webmasters/crawler)" "-"
184.73.195.0 - - [20/Jan/2026:01:02:12 +0100] "GET /product/palette-on-perfection-primer-art-auction-event/?path=/homepages/24/d929858646/htdocs HTTP/1.1" 200 12767 luxembourgauction.com "-" "Mozilla/5.0 AppleWebKit/537.36 (KHTML, like Gecko; compatible; Amazonbot/0.1; +https://developer.amazon.com/support/amazonbot) Chrome/119.0.6045.214 Safari/537.36" "-"
2a03:2880:f800:: - - [20/Jan/2026:01:02:13 +0100] "GET /detail/dowelled/862293430 HTTP/1.1" 200 59651 luxembourgauction.com "-" "meta-externalagent/1.1 (+https://developers.facebook.com/docs/sharing/webmasters/crawler)" "-"
74.7.227.0 - - [20/Jan/2026:01:02:14 +0100] "GET /?path=//kunden/kunden/kunden/kunden/kunden/kunden/kunden/proc/thread-self/root/proc/thread-self/root/kunden/kunden/kunden/kunden/proc/thread-self/root/kunden/kunden/lib/locale/aa_ER@saaho HTTP/1.1" 200 40504 luxembourgauction.com "http://luxembourgauction.com/?path=//kunden/kunden/kunden/kunden/kunden/kunden/kunden/proc/thread-self/root/proc/thread-self/root/kunden/kunden/kunden/kunden/proc/thread-self/root/kunden/kunden/lib/locale" "Mozilla/5.0 AppleWebKit/537.36 (KHTML, like Gecko; compatible; GPTBot/1.3; +https://openai.com/gptbot)" "-"
2001:41d0:300:: - - [20/Jan/2026:01:02:15 +0100] "GET /?fileloc=/homepages/31/d934036718/last_traffic&path=/homepages/31/d934036718 HTTP/1.1" 200 12316 luxembourgauction.com "-" "Mozilla/5.0 (compatible; MJ12bot/v1.4.8; http://mj12bot.com/)" "-"
52.202.233.0 - - [20/Jan/2026:01:02:16 +0100] "GET /terms-conditions/?fileloc=/homepages/38/d934194269/htdocs/clickandbuilds/luxembourgauction/wp-includes/blocks/spacer/style.css&path=/homepages/38/d934194269/htdocs/clickandbuilds/luxembourgauction/wp-includes/blocks/spacer HTTP/1.1" 200 12994 luxembourgauction.com "-" "Mozilla/5.0 AppleWebKit/537.36 (KHTML, like Gecko; compatible; Amazonbot/0.1; +https://developer.amazon.com/support/amazonbot) Chrome/119.0.6045.214 Safari/537.36" "-"
2a03:2880:f800:: - - [20/Jan/2026:01:02:16 +0100] "GET /detail/morwe/797571493?fileloc=/homepages/38/d934194269/htdocs/clickandbuilds/luxembourgauction/wp-links-opml.php&path=/homepages/38/d934194269/htdocs/clickandbuilds/luxembourgauction HTTP/1.1" 200 15663 luxembourgauction.com "-" "meta-externalagent/1.1 (+https://developers.facebook.com/docs/sharing/webmasters/crawler)" "-"
74.7.227.0 - - [20/Jan/2026:01:02:17 +0100] "GET /?path=//kunden/kunden/kunden/kunden/kunden/kunden/kunden/proc/thread-self/root/proc/thread-self/root/kunden/kunden/kunden/kunden/proc/thread-self/root/kunden/kunden/lib/locale/sd_IN@devanagari/LC_MESSAGES HTTP/1.1" 200 18036 luxembourgauction.com "http://luxembourgauction.com/?path=//kunden/kunden/kunden/kunden/kunden/kunden/kunden/proc/thread-self/root/proc/thread-self/root/kunden/kunden/kunden/kunden/proc/thread-self/root/kunden/kunden/lib/locale/sd_IN@devanagari" "Mozilla/5.0 AppleWebKit/537.36 (KHTML, like Gecko; compatible; GPTBot/1.3; +https://openai.com/gptbot)" "-"
2a03:2880:f800:: - - [20/Jan/2026:01:02:18 +0100] "GET /detail/bedward/416397377?fileloc=/homepages/38/d934194269/htdocs/clickandbuilds/luxembourgauction/gheym.php&path=/homepages/38/d934194269/htdocs/clickandbuilds/luxembourgauction HTTP/1.1" 200 45079 luxembourgauction.com "-" "meta-externalagent/1.1 (+https://developers.facebook.com/docs/sharing/webmasters/crawler)" "-"
2001:41d0:300:: - - [20/Jan/2026:01:02:19 +0100] "GET /?fileloc=/homepages/31/d934050630/.created&path=/homepages/31/d934050630 HTTP/1.1" 200 12323 luxembourgauction.com "-" "Mozilla/5.0 (compatible; MJ12bot/v1.4.8; http://mj12bot.com/)" "-"
74.7.227.0 - - [20/Jan/2026:01:02:20 +0100] "GET /?path=//kunden/kunden/kunden/kunden/kunden/kunden/kunden/proc/thread-self/root/proc/thread-self/root/kunden/kunden/kunden/kunden/proc/thread-self/root/kunden/kunden/lib/locale/mai_IN HTTP/1.1" 200 40259 luxembourgauction.com "http://luxembourgauction.com/?path=//kunden/kunden/kunden/kunden/kunden/kunden/kunden/proc/thread-self/root/proc/thread-self/root/kunden/kunden/kunden/kunden/proc/thread-self/root/kunden/kunden/lib/locale" "Mozilla/5.0 AppleWebKit/537.36 (KHTML, like Gecko; compatible; GPTBot/1.3; +https://openai.com/gptbot)" "-"
44.210.204.0 - - [20/Jan/2026:01:02:20 +0100] "GET /terms-conditions/?path=/homepages/17/d935268433/htdocs HTTP/1.1" 200 12767 luxembourgauction.com "-" "Mozilla/5.0 AppleWebKit/537.36 (KHTML, like Gecko; compatible; Amazonbot/0.1; +https://developer.amazon.com/support/amazonbot) Chrome/119.0.6045.214 Safari/537.36" "-"
2a03:2880:f800:: - - [20/Jan/2026:01:02:22 +0100] "GET /detail/remord/888815318?fileloc=/homepages/38/d934194269/htdocs/clickandbuilds/luxembourgauction/wp-load.php&path=/homepages/38/d934194269/htdocs/clickandbuilds/luxembourgauction HTTP/1.1" 200 17313 luxembourgauction.com "-" "meta-externalagent/1.1 (+https://developers.facebook.com/docs/sharing/webmasters/crawler)" "-"
2001:41d0:300:: - - [20/Jan/2026:01:02:23 +0100] "GET /?fileloc=/homepages/31/d934050630/DASTOOLSTART&path=/homepages/31/d934050630 HTTP/1.1" 200 12316 luxembourgauction.com "-" "Mozilla/5.0 (compatible; MJ12bot/v1.4.8; http://mj12bot.com/)" "-"
74.7.227.0 - - [20/Jan/2026:01:02:23 +0100] "GET /?path=//kunden/kunden/kunden/kunden/kunden/kunden/kunden/proc/thread-self/root/proc/thread-self/root/kunden/kunden/kunden/kunden/proc/thread-self/root/kunden/kunden/lib/locale/miq_NI HTTP/1.1" 200 40258 luxembourgauction.com "http://luxembourgauction.com/?path=//kunden/kunden/kunden/kunden/kunden/kunden/kunden/proc/thread-self/root/proc/thread-self/root/kunden/kunden/kunden/kunden/proc/thread-self/root/kunden/kunden/lib/locale" "Mozilla/5.0 AppleWebKit/537.36 (KHTML, like Gecko; compatible; GPTBot/1.3; +https://openai.com/gptbot)" "-"
98.82.66.0 - - [20/Jan/2026:01:02:24 +0100] "GET /product/nexus-drives-connecting-you-to-the-future/?path=/homepages/41/d936584927/.oneclick HTTP/1.1" 200 12773 luxembourgauction.com "-" "Mozilla/5.0 AppleWebKit/537.36 (KHTML, like Gecko; compatible; Amazonbot/0.1; +https://developer.amazon.com/support/amazonbot) Chrome/119.0.6045.214 Safari/537.36" "-"
2a03:2880:f800:: - - [20/Jan/2026:01:02:24 +0100] "GET /detail/ineffably/3664160966 HTTP/1.1" 200 59651 luxembourgauction.com "-" "meta-externalagent/1.1 (+https://developers.facebook.com/docs/sharing/webmasters/crawler)" "-"
74.7.227.0 - - [20/Jan/2026:01:02:26 +0100] "GET /?path=//kunden/kunden/kunden/kunden/kunden/kunden/kunden/proc/thread-self/root/proc/thread-self/root/kunden/kunden/kunden/kunden/proc/thread-self/root/kunden/kunden/lib/locale/agr_PE HTTP/1.1" 200 40257 luxembourgauction.com "http://luxembourgauction.com/?path=//kunden/kunden/kunden/kunden/kunden/kunden/kunden/proc/thread-self/root/proc/thread-self/root/kunden/kunden/kunden/kunden/proc/thread-self/root/kunden/kunden/lib/locale" "Mozilla/5.0 AppleWebKit/537.36 (KHTML, like Gecko; compatible; GPTBot/1.3; +https://openai.com/gptbot)" "-"
2a03:2880:f800:: - - [20/Jan/2026:01:02:27 +0100] "GET /detail/sulphostannic/976147449?fileloc=/homepages/38/d934194269/htdocs/clickandbuilds/luxembourgauction/wp-login.php&path=/homepages/38/d934194269/htdocs/clickandbuilds/luxembourgauction HTTP/1.1" 200 75113 luxembourgauction.com "-" "meta-externalagent/1.1 (+https://developers.facebook.com/docs/sharing/webmasters/crawler)" "-"
2001:41d0:300:: - - [20/Jan/2026:01:02:28 +0100] "GET /?fileloc=/homepages/31/d934050630/htaccesslist&path=/homepages/31/d934050630 HTTP/1.1" 200 12316 luxembourgauction.com "-" "Mozilla/5.0 (compatible; MJ12bot/v1.4.8; http://mj12bot.com/)" "-"
54.163.136.0 - - [20/Jan/2026:01:02:28 +0100] "GET /product/palette-on-perfection-primer-art-auction-event/?fileloc=/homepages/config/smtp/msmtprc.u109543890&path=/homepages/config/smtp HTTP/1.1" 200 12320 luxembourgauction.com "-" "Mozilla/5.0 AppleWebKit/537.36 (KHTML, like Gecko; compatible; Amazonbot/0.1; +https://developer.amazon.com/support/amazonbot) Chrome/119.0.6045.214 Safari/537.36" "-"
74.7.227.0 - - [20/Jan/2026:01:02:29 +0100] "GET /?path=//kunden/kunden/kunden/kunden/kunden/kunden/kunden/proc/thread-self/root/proc/thread-self/root/kunden/kunden/kunden/kunden/proc/thread-self/root/kunden/kunden/lib/locale/sv_SE HTTP/1.1" 200 40212 luxembourgauction.com "http://luxembourgauction.com/?path=//kunden/kunden/kunden/kunden/kunden/kunden/kunden/proc/thread-self/root/proc/thread-self/root/kunden/kunden/kunden/kunden/proc/thread-self/root/kunden/kunden/lib/locale" "Mozilla/5.0 AppleWebKit/537.36 (KHTML, like Gecko; compatible; GPTBot/1.3; +https://openai.com/gptbot)" "-"
2a03:2880:f800:: - - [20/Jan/2026:01:02:30 +0100] "GET /detail/subsultus/1855238078?fileloc=/homepages/38/d934194269/htdocs/clickandbuilds/luxembourgauction/xmlrpc.php&path=/homepages/38/d934194269/htdocs/clickandbuilds/luxembourgauction HTTP/1.1" 200 16471 luxembourgauction.com "-" "meta-externalagent/1.1 (+https://developers.facebook.com/docs/sharing/webmasters/crawler)" "-"
2001:41d0:300:: - - [20/Jan/2026:01:02:32 +0100] "GET /?fileloc=/homepages/31/d934050630/htpasswd&path=/homepages/31/d934050630 HTTP/1.1" 200 12312 luxembourgauction.com "-" "Mozilla/5.0 (compatible; MJ12bot/v1.4.8; http://mj12bot.com/)" "-"
2a03:2880:f800:: - - [20/Jan/2026:01:02:32 +0100] "GET /detail/rhizocephala/1166545399?fileloc=/homepages/38/d934194269/htdocs/clickandbuilds/luxembourgauction/txets.php&path=/homepages/38/d934194269/htdocs/clickandbuilds/luxembourgauction HTTP/1.1" 200 18203 luxembourgauction.com "-" "meta-externalagent/1.1 (+https://developers.facebook.com/docs/sharing/webmasters/crawler)" "-"
98.84.200.0 - - [20/Jan/2026:01:02:32 +0100] "GET /product/palette-on-perfection-primer-art-auction-event/?path=/homepages/4/d929905861 HTTP/1.1" 200 24001 luxembourgauction.com "-" "Mozilla/5.0 AppleWebKit/537.36 (KHTML, like Gecko; compatible; Amazonbot/0.1; +https://developer.amazon.com/support/amazonbot) Chrome/119.0.6045.214 Safari/537.36" "-"
74.7.227.0 - - [20/Jan/2026:01:02:33 +0100] "GET /?fileloc=//kunden/kunden/kunden/kunden/kunden/kunden/kunden/proc/thread-self/root/proc/thread-self/root/kunden/kunden/kunden/kunden/proc/thread-self/root/kunden/kunden/lib/locale/fy_NL/LC_ADDRESS&path=//kunden/kunden/kunden/kunden/kunden/kunden/kunden/proc/thread-self/root/proc/thread-self/root/kunden/kunden/kunden/kunden/proc/thread-self/root/kunden/kunden/lib/locale/fy_NL HTTP/1.1" 200 15530 luxembourgauction.com "http://luxembourgauction.com/?path=//kunden/kunden/kunden/kunden/kunden/kunden/kunden/proc/thread-self/root/proc/thread-self/root/kunden/kunden/kunden/kunden/proc/thread-self/root/kunden/kunden/lib/locale/fy_NL" "Mozilla/5.0 AppleWebKit/537.36 (KHTML, like Gecko; compatible; GPTBot/1.3; +https://openai.com/gptbot)" "-"
2a03:2880:f800:: - - [20/Jan/2026:01:02:34 +0100] "GET /detail/fermentativeness/1255975828 HTTP/1.1" 200 59651 luxembourgauction.com "-" "meta-externalagent/1.1 (+https://developers.facebook.com/docs/sharing/webmasters/crawler)" "-"
74.7.227.0 - - [20/Jan/2026:01:02:36 +0100] "GET /?path=//kunden/kunden/kunden/kunden/kunden/kunden/kunden/proc/thread-self/root/proc/thread-self/root/kunden/kunden/kunden/kunden/proc/thread-self/root/kunden/kunden/lib/locale/gv_GB HTTP/1.1" 200 40212 luxembourgauction.com "http://luxembourgauction.com/?path=//kunden/kunden/kunden/kunden/kunden/kunden/kunden/proc/thread-self/root/proc/thread-self/root/kunden/kunden/kunden/kunden/proc/thread-self/root/kunden/kunden/lib/locale" "Mozilla/5.0 AppleWebKit/537.36 (KHTML, like Gecko; compatible; GPTBot/1.3; +https://openai.com/gptbot)" "-"
2001:41d0:300:: - - [20/Jan/2026:01:02:36 +0100] "GET /?fileloc=/homepages/31/d934050630/phpinilist&path=/homepages/31/d934050630 HTTP/1.1" 200 12314 luxembourgauction.com "-" "Mozilla/5.0 (compatible; MJ12bot/v1.4.8; http://mj12bot.com/)" "-"
34.225.243.0 - - [20/Jan/2026:01:02:36 +0100] "GET /terms-conditions/?path=/homepages/2/d935015934/.oneclick HTTP/1.1" 200 12769 luxembourgauction.com "-" "Mozilla/5.0 AppleWebKit/537.36 (KHTML, like Gecko; compatible; Amazonbot/0.1; +https://developer.amazon.com/support/amazonbot) Chrome/119.0.6045.214 Safari/537.36" "-"
2a03:2880:f800:: - - [20/Jan/2026:01:02:37 +0100] "GET /detail/stipend/1684546112?path=/homepages/38/d934194269/htdocs/clickandbuilds/luxembourgauction/.tmb HTTP/1.1" 200 16579 luxembourgauction.com "-" "meta-externalagent/1.1 (+https://developers.facebook.com/docs/sharing/webmasters/crawler)" "-"
66.249.66.0 - - [20/Jan/2026:01:02:37 +0100] "GET /detail/epigenesis/2575272651?fileloc=/homepages/38/d934194269/htdocs/clickandbuilds/luxembourgauction/wp-blog-header.php?detail/pardoned/453110774 HTTP/1.1" 200 234973 luxembourgauction.com "-" "Mozilla/5.0 (Linux; Android 6.0.1; Nexus 5X Build/MMB29P) AppleWebKit/537.36 (KHTML, like Gecko) Chrome/143.0.7499.192 Mobile Safari/537.36 (compatible; GoogleOther)" "-"
74.7.227.0 - - [20/Jan/2026:01:02:39 +0100] "GET /?path=//kunden/kunden/kunden/kunden/kunden/kunden/kunden/proc/thread-self/root/proc/thread-self/root/kunden/kunden/kunden/kunden/proc/thread-self/root/kunden/kunden/lib/locale/szl_PL HTTP/1.1" 200 40257 luxembourgauction.com "http://luxembourgauction.com/?path=//kunden/kunden/kunden/kunden/kunden/kunden/kunden/proc/thread-self/root/proc/thread-self/root/kunden/kunden/kunden/kunden/proc/thread-self/root/kunden/kunden/lib/locale" "Mozilla/5.0 AppleWebKit/537.36 (KHTML, like Gecko; compatible; GPTBot/1.3; +https://openai.com/gptbot)" "-"
2001:41d0:300:: - - [20/Jan/2026:01:02:40 +0100] "GET /?fileloc=/homepages/31/d934050630/wusage_running&path=/homepages/31/d934050630 HTTP/1.1" 200 12318 luxembourgauction.com "-" "Mozilla/5.0 (compatible; MJ12bot/v1.4.8; http://mj12bot.com/)" "-"
2a03:2880:f800:: - - [20/Jan/2026:01:02:40 +0100] "GET /detail/pickle/4108644198?fileloc=/homepages/38/d934194269/htdocs/clickandbuilds/luxembourgauction/wp-comments-post.php&path=/homepages/38/d934194269/htdocs/clickandbuilds/luxembourgauction HTTP/1.1" 200 15277 luxembourgauction.com "-" "meta-externalagent/1.1 (+https://developers.facebook.com/docs/sharing/webmasters/crawler)" "-"
18.215.112.0 - - [20/Jan/2026:01:02:41 +0100] "GET /terms-conditions/?path=/homepages/45/d936048802 HTTP/1.1" 200 29952 luxembourgauction.com "-" "Mozilla/5.0 AppleWebKit/537.36 (KHTML, like Gecko; compatible; Amazonbot/0.1; +https://developer.amazon.com/support/amazonbot) Chrome/119.0.6045.214 Safari/537.36" "-"
74.7.227.0 - - [20/Jan/2026:01:02:42 +0100] "GET /?path=//kunden/kunden/kunden/kunden/kunden/kunden/kunden/proc/thread-self/root/proc/thread-self/root/kunden/kunden/kunden/kunden/proc/thread-self/root/kunden/kunden/lib/locale/ks_IN@devanagari HTTP/1.1" 200 40748 luxembourgauction.com "http://luxembourgauction.com/?path=//kunden/kunden/kunden/kunden/kunden/kunden/kunden/proc/thread-self/root/proc/thread-self/root/kunden/kunden/kunden/kunden/proc/thread-self/root/kunden/kunden/lib/locale" "Mozilla/5.0 AppleWebKit/537.36 (KHTML, like Gecko; compatible; GPTBot/1.3; +https://openai.com/gptbot)" "-"
2a03:2880:f800:: - - [20/Jan/2026:01:02:43 +0100] "GET /detail/reforesting/1584327542?fileloc=/homepages/38/d934194269/htdocs/clickandbuilds/luxembourgauction/xmlrpc.php&path=/homepages/38/d934194269/htdocs/clickandbuilds/luxembourgauction HTTP/1.1" 200 16471 luxembourgauction.com "-" "meta-externalagent/1.1 (+https://developers.facebook.com/docs/sharing/webmasters/crawler)" "-"
34.227.156.0 - - [20/Jan/2026:01:02:44 +0100] "GET /n?path=/homepages/32/d936017675/htdocs HTTP/1.1" 200 12767 luxembourgauction.com "-" "Mozilla/5.0 AppleWebKit/537.36 (KHTML, like Gecko; compatible; Amazonbot/0.1; +https://developer.amazon.com/support/amazonbot) Chrome/119.0.6045.214 Safari/537.36" "-"
2001:41d0:300:: - - [20/Jan/2026:01:02:45 +0100] "GET /?fileloc=/homepages/31/d934648705/.created&path=/homepages/31/d934648705 HTTP/1.1" 200 12323 luxembourgauction.com "-" "Mozilla/5.0 (compatible; MJ12bot/v1.4.8; http://mj12bot.com/)" "-"
2a03:2880:f800:: - - [20/Jan/2026:01:02:45 +0100] "GET /detail/graphitoid/289078593?fileloc=/homepages/38/d934194269/htdocs/clickandbuilds/luxembourgauction/license.txt&path=/homepages/38/d934194269/htdocs/clickandbuilds/luxembourgauction HTTP/1.1" 200 32681 luxembourgauction.com "-" "meta-externalagent/1.1 (+https://developers.facebook.com/docs/sharing/webmasters/crawler)" "-"
74.7.227.0 - - [20/Jan/2026:01:02:45 +0100] "GET /?path=//kunden/kunden/kunden/kunden/kunden/kunden/kunden/proc/thread-self/root/proc/thread-self/root/kunden/kunden/kunden/kunden/proc/thread-self/root/kunden/kunden/lib/locale/lzh_TW HTTP/1.1" 200 40258 luxembourgauction.com "http://luxembourgauction.com/?path=//kunden/kunden/kunden/kunden/kunden/kunden/kunden/proc/thread-self/root/proc/thread-self/root/kunden/kunden/kunden/kunden/proc/thread-self/root/kunden/kunden/lib/locale" "Mozilla/5.0 AppleWebKit/537.36 (KHTML, like Gecko; compatible; GPTBot/1.3; +https://openai.com/gptbot)" "-"
2a03:2880:f800:: - - [20/Jan/2026:01:02:48 +0100] "GET /detail/faction/235422606?fileloc=/homepages/38/d934194269/htdocs/clickandbuilds/luxembourgauction/wp-comments-post.php&path=/homepages/38/d934194269/htdocs/clickandbuilds/luxembourgauction HTTP/1.1" 200 15277 luxembourgauction.com "-" "meta-externalagent/1.1 (+https://developers.facebook.com/docs/sharing/webmasters/crawler)" "-"
100.29.128.0 - - [20/Jan/2026:01:02:48 +0100] "GET /product/palette-on-perfection-primer-art-auction-event/?path=/homepages/25/d929941555 HTTP/1.1" 200 26988 luxembourgauction.com "-" "Mozilla/5.0 AppleWebKit/537.36 (KHTML, like Gecko; compatible; Amazonbot/0.1; +https://developer.amazon.com/support/amazonbot) Chrome/119.0.6045.214 Safari/537.36" "-"
74.7.227.0 - - [20/Jan/2026:01:02:48 +0100] "GET /?path=//kunden/kunden/kunden/kunden/kunden/kunden/kunden/proc/thread-self/root/proc/thread-self/root/kunden/kunden/kunden/kunden/proc/thread-self/root/kunden/kunden/lib/locale/yi_US HTTP/1.1" 200 40211 luxembourgauction.com "http://luxembourgauction.com/?path=//kunden/kunden/kunden/kunden/kunden/kunden/kunden/proc/thread-self/root/proc/thread-self/root/kunden/kunden/kunden/kunden/proc/thread-self/root/kunden/kunden/lib/locale" "Mozilla/5.0 AppleWebKit/537.36 (KHTML, like Gecko; compatible; GPTBot/1.3; +https://openai.com/gptbot)" "-"
2001:41d0:300:: - - [20/Jan/2026:01:02:49 +0100] "GET /?fileloc=/homepages/31/d934648705/DASTOOLSTART&path=/homepages/31/d934648705 HTTP/1.1" 200 12316 luxembourgauction.com "-" "Mozilla/5.0 (compatible; MJ12bot/v1.4.8; http://mj12bot.com/)" "-"
2a03:2880:f800:: - - [20/Jan/2026:01:02:51 +0100] "GET /detail/birdcage/3578441669?fileloc=/homepages/38/d934194269/htdocs/clickandbuilds/luxembourgauction/readme.html&path=/homepages/38/d934194269/htdocs/clickandbuilds/luxembourgauction HTTP/1.1" 200 21934 luxembourgauction.com "-" "meta-externalagent/1.1 (+https://developers.facebook.com/docs/sharing/webmasters/crawler)" "-"
